000
CXUS51 KBUF 011541
CF6ART
PRELIMINARY LOCAL CLIMATOLOGICAL DATA (WS FORM: F-6)
STATION: WATERTOWN NY
MONTH: JANUARY
YEAR: 2022
LATITUDE: 43 59 N
LONGITUDE: 76 2 W
TEMPERATURE IN F: :PCPN: SNOW: WIND :SUNSHINE: SKY :PK WND
================================================================================
1 2 3 4 5 6A 6B 7 8 9 10 11 12 13 14 15 16 17 18
12Z AVG MX 2MIN
DY MAX MIN AVG DEP HDD CDD WTR SNW DPTH SPD SPD DIR MIN PSBL S-S WX SPD DR
================================================================================
1 51 29 40 18 25 0 0.05 M M 6.9 21 20 M M 8 16 25 10
2 29 -1 14 -8 51 0 0.01 M M 9.1 18 30 M M 8 18 26 30
3 13 -8 3 -19 62 0 T M M 4.4 12 70 M M 0 18 14 70
4 33 -3 15 -7 50 0 T M M 7.2 15 200 M M 7 18 22 160
5 42 32 37 15 28 0 T M M 13.8 30 250 M M 5 43 230
6 34 21 28 7 37 0 0.23 M M 12.2 29 260 M M 10 128 41 260
7 22 1 12 -9 53 0 0.28 M M 9.1 22 270 M M 9 128 28 260
8 30 -26 2 -19 63 0 0.00 M M 4.3 18 180 M M 1 27 190
9 39 25 32 11 33 0 0.07 M M 18.4 31 270 M M 10 16 42 260
10 25 5 15 -5 50 0 T M M 14.3 28 290 M M 9 36 270
11 14 -13 1 -19 64 0 T M M 7.0 22 360 M M 4 8 26 360
12 35 14 25 5 40 0 0.02 M M 9.0 20 160 M M 9 168 30 170
13 32 28 30 10 35 0 0.02 M M 4.9 9 10 M M 10 16 11 10
14 28 -4 12 -8 53 0 T M M 13.6 23 30 M M 7 1 28 20
15 1 -15 -7 -27 72 0 T M M 6.9 16 20 M M 1 8 20 20
16 27 -15 6 -14 59 0 0.01 M M 4.5 8 20 M M 1 12 150
17 25 17 21 2 44 0 0.43 M M 13.6 29 40 M M 10 34 40
18 19 -9 5 -14 60 0 0.04 M M 7.9 15 320 M M 5 20 300
19 41 3 22 3 43 0 0.01 M M 13.7 26 260 M M 10 18 36 260
20 28 -10 9 -10 56 0 T M M 7.8 22 270 M M 3 8 26 270
21 9 -22 -6 -25 71 0 0.00 M M 3.3 8 20 M M 0 18 9 10
22 25 -21 2 -17 63 0 T M M 6.9 18 230 M M 2 8 24 210
23 27 -16 6 -13 59 0 0.06 M M 7.8 22 280 M M 8 128 32 270
24 19 -24 -2 -21 67 0 T M M 4.7 12 160 M M 5 1 14 160
25 25 -7 9 -10 56 0 0.01 M M 8.4 24 260 M M 6 18 29 260
26 8 -23 -7 -26 72 0 T M M 2.7 9 70 M M 2 10 70
27 29 -16 7 -12 58 0 0.03 M M 10.7 22 220 M M 5 18 29 220
28 29 -16 7 -12 58 0 0.06 M M 10.6 21 20 M M 5 18 25 10
29 9 -23 -7 -26 72 0 0.00 M M 8.9 22 360 M M 0 29 20
30 17 -26 -4 -23 69 0 T M M 2.9 9 280 M M 4 18 13 190
31 28 -2 13 -6 52 0 0.01 M M 5.2 13 220 M M 7 128 18 210
================================================================================
SM 793 -125 1675 0 1.34 M 260.7 M 171
================================================================================
AV 25.6 -4.0 8.4 FASTST M M 6 MAX(MPH)
MISC ----> 31 270 43 230
================================================================================
NOTES:
# LAST OF SEVERAL OCCURRENCES
COLUMN 17 PEAK WIND IN M.P.H.
PRELIMINARY LOCAL CLIMATOLOGICAL DATA (WS FORM: F-6) , PAGE 2
STATION: WATERTOWN NY
MONTH: JANUARY
YEAR: 2022
LATITUDE: 43 59 N
LONGITUDE: 76 2 W
[TEMPERATURE DATA] [PRECIPITATION DATA] SYMBOLS USED IN COLUMN 16
AVERAGE MONTHLY: 10.8 TOTAL FOR MONTH: 1.34 1 = FOG OR MIST
DPTR FM NORMAL: -9.1 DPTR FM NORMAL: -1.52 2 = FOG REDUCING VISIBILITY
HIGHEST: 51 ON 1 GRTST 24HR 2.48 ON 16-17 TO 1/4 MILE OR LESS
LOWEST: -26 ON 30, 8 3 = THUNDER
SNOW, ICE PELLETS, HAIL 4 = ICE PELLETS
TOTAL MONTH: M 5 = HAIL
GRTST 24HR M ON M 6 = FREEZING RAIN OR DRIZZLE
GRTST DEPTH: M ON M 7 = DUSTSTORM OR SANDSTORM:
VSBY 1/2 MILE OR LESS
8 = SMOKE OR HAZE
[NO. OF DAYS WITH] [WEATHER - DAYS WITH] 9 = BLOWING SNOW
X = TORNADO
MAX 32 OR BELOW: 24 0.01 INCH OR MORE: 16
MAX 90 OR ABOVE: 0 0.10 INCH OR MORE: 3
MIN 32 OR BELOW: 31 0.50 INCH OR MORE: 0
MIN 0 OR BELOW: 21 1.00 INCH OR MORE: 0
[HDD (BASE 65) ]
TOTAL THIS MO. 1675 CLEAR (SCALE 0-3) 8
DPTR FM NORMAL 277 PTCLDY (SCALE 4-7) 14
TOTAL FM JUL 1 3867 CLOUDY (SCALE 8-10) 9
DPTR FM NORMAL -265
[CDD (BASE 65) ]
TOTAL THIS MO. 0
DPTR FM NORMAL 0 [PRESSURE DATA]
TOTAL FM JAN 1 0 HIGHEST SLP 30.75 ON 21
DPTR FM NORMAL 0 LOWEST SLP 29.04 ON 17
[REMARKS]
#FINAL-01-22#