000
CXUS51 KBGM 031844 CCA
CLSAVP

CLIMATE REPORT...CORRECTED
NATIONAL WEATHER SERVICE BINGHAMTON NY
145 AM EST MON DEC 3 2012

...................................

...THE AVOCA PA CLIMATE SUMMARY FOR THE SEASON, FROM
9/1/2012 TO 11/30/2012...

CLIMATE NORMAL PERIOD 1981 TO 2010
CLIMATE RECORD PERIOD 1901 TO 2012

WEATHER         OBSERVED          NORMAL  DEPART  LAST YEAR`S
                 VALUE   DATE(S)  VALUE   FROM    VALUE  DATE(S)
                                          NORMAL
................................................................
TEMPERATURE (F)
RECORD
 HIGH              95   09/10/1983
                        09/02/1980
                        09/09/1959
 LOW                9   11/24/2000
                        11/30/1995
                        11/30/1976
HIGHEST            88   09/01        61      27       84  09/03
LOWEST             22   11/28        43     -21       24  11/05
AVG. MAXIMUM     60.8              60.8     0.0     63.1
AVG. MINIMUM     43.4              42.2     1.2     45.5
MEAN             52.1              51.5     0.6     54.3
DAYS MAX >= 90      0               0.5    -0.5        0
DAYS MAX <= 32      0               1.0    -1.0        0
DAYS MIN <= 32     25              18.4     6.6       14
DAYS MIN <= 0       0               0.0     0.0        0

PRECIPITATION (INCHES)
RECORD
 MAXIMUM        18.19   2011
 MINIMUM         3.81   1964
TOTALS          11.85             10.55    1.30    18.19
DAILY AVG.       0.13              0.12    0.01     0.20
DAYS >= .01        33              32.1     0.9       38
DAYS >= .10        18              17.5     0.5       26
DAYS >= .50         8               6.3     1.7       13
DAYS >= 1.00        3               2.9     0.1        5
GREATEST
 24 HR. TOTAL    2.17   10/29 TO 10/30

SNOWFALL (INCHES)
RECORDS
 TOTAL           22.5   1971
 24 HR TOTAL     18.5   11/25/1971 TO 11/25/1971
TOTALS            2.0               3.0    -1.0      9.1
SINCE 7/1         2.0               3.0    -1.0      9.1
DAYS >= TRACE       9               2.2     6.8        4
DAYS >= 1.0         1               0.9     0.1        1
GREATEST
 24 HR TOTAL      2.0   11/27

DEGREE_DAYS
HEATING TOTAL    1225              1287     -62     1040
 SINCE 7/1       1227              1313     -86     1048
COOLING TOTAL      73                56      17       87
 SINCE 1/1        864               580     284      776

FREEZE DATES
RECORD
 EARLIEST     09/21/1956
 LATEST       05/25/1956
EARLIEST                        10/15
LATEST                          04/26
..........................................................

WIND (MPH)
AVERAGE WIND SPEED              4.9
RESULTANT WIND SPEED/DIRECTION   1/291
HIGHEST WIND SPEED/DIRECTION    30/310    DATE  09/06
HIGHEST GUST SPEED/DIRECTION    45/310    DATE  09/06

SKY COVER
POSSIBLE SUNSHINE (PERCENT)   MM
AVERAGE SKY COVER           0.50
NUMBER OF DAYS FAIR           39
NUMBER OF DAYS PC             22
NUMBER OF DAYS CLOUDY         30

AVERAGE RH (PERCENT)     69

WEATHER CONDITIONS. NUMBER OF DAYS WITH
THUNDERSTORM              0     MIXED PRECIP               0
HEAVY RAIN               10     RAIN                      19
LIGHT RAIN               36     FREEZING RAIN              0
LT FREEZING RAIN          0     HAIL                       0
HEAVY SNOW                0     SNOW                       1
LIGHT SNOW                9     SLEET                      0
FOG                      45     FOG W/VIS <= 1/4 MILE      7
HAZE                     10

-  INDICATES NEGATIVE NUMBERS.
R  INDICATES RECORD WAS SET OR TIED.
MM INDICATES DATA IS MISSING.
T  INDICATES TRACE AMOUNT.

&&
CORRECTED TO ADD DATES
$$

TAC
