000
CXUS51 KBGM 011015
CLSAVP


CLIMATE REPORT
NATIONAL WEATHER SERVICE BINGHAMTON NY
604 AM EDT WED SEP 1 2010

...................................

...THE AVOCA PA CLIMATE SUMMARY FOR THE SEASON, FROM
6/1/2010 TO 8/31/2010...

CLIMATE NORMAL PERIOD 1971 TO 2000
CLIMATE RECORD PERIOD 1901 TO 2010

WEATHER         OBSERVED          NORMAL  DEPART  LAST YEAR`S
                 VALUE   DATE(S)  VALUE   FROM    VALUE  DATE(S)
                                          NORMAL
................................................................
TEMPERATURE (F)
RECORD
 HIGH             101   07/16/1988
                        07/03/1966
 LOW               34   06/11/1972
HIGHEST            96   07/08        80      16       89  08/17
                        07/05
                        07/06
LOWEST             45   06/08        59     -14       36  06/01
AVG. MAXIMUM     83.0              78.0     5.0     77.9
AVG. MINIMUM     61.2              59.0     2.2     58.8
MEAN             72.1              69.6     2.5     68.3
DAYS MAX >= 90     16               6.0    10.0        0
DAYS MAX <= 32      0               0.0     0.0        0
DAYS MIN <= 32      0               0.0     0.0        0
DAYS MIN <= 0       0               0.0     0.0        0

PRECIPITATION (INCHES)
RECORD
 MAXIMUM        17.96   1986
 MINIMUM         5.56   1995
TOTALS           7.34             11.09   -3.75    14.18
DAILY AVG.       0.08              0.12   -0.04     0.15
DAYS >= .01        27              34.0    -7.0       48
DAYS >= .10        17              21.0    -4.0       28
DAYS >= .50         4               6.0    -2.0       12
DAYS >= 1.00        0               2.0    -2.0        1
GREATEST
 24 HR. TOTAL    0.97   06/13 TO 06/13

SNOWFALL (INCHES)
RECORDS
 TOTAL            0.0   MM
 24 HR TOTAL      0.0   MM
TOTALS            0.0               0.0     0.0      0.0
SINCE 7/1         0.0               0.0     0.0      0.0
DAYS >= TRACE       0               0.0     0.0        0
DAYS >= 1.0         0               0.0     0.0        0
GREATEST
 24 HR TOTAL      0.0   MM

DEGREE_DAYS
HEATING TOTAL      42                80     -38       59
 SINCE 7/1         10                27     -17       16
COOLING TOTAL     720               508     212      385
 SINCE 1/1        812               550     262      437

FREEZE DATES
RECORD
 EARLIEST     09/21/1956
 LATEST       05/25/1956
EARLIEST                        10/15
LATEST                          04/26
.................................................................

WIND (MPH)
AVERAGE WIND SPEED              5.0
RESULTANT WIND SPEED/DIRECTION   1/268
HIGHEST WIND SPEED/DIRECTION    24/330    DATE  06/01
HIGHEST GUST SPEED/DIRECTION    33/160    DATE  08/22

SKY COVER
POSSIBLE SUNSHINE (PERCENT)   MM

NUMBER OF DAYS FAIR           55
NUMBER OF DAYS PC             25
NUMBER OF DAYS CLOUDY         12

AVERAGE RH (PERCENT)     68

WEATHER CONDITIONS. NUMBER OF DAYS WITH
THUNDERSTORM              6     MIXED PRECIP               0
HEAVY RAIN               12     RAIN                      17
LIGHT RAIN               33     FREEZING RAIN              0
LT FREEZING RAIN          0     HAIL                       0
HEAVY SNOW                0     SNOW                       0
LIGHT SNOW                0     SLEET                      0
FOG                      53     FOG W/VIS <= 1/4 MILE      4
HAZE                     35

-  INDICATES NEGATIVE NUMBERS.
R  INDICATES RECORD WAS SET OR TIED.
MM INDICATES DATA IS MISSING.
T  INDICATES TRACE AMOUNT.

&&
JUNE TO AUGUST AVERAGE TEMPERATURE TIED 7TH WARMEST  (RECORD 74.5 IN 2005)
JUNE TO AUGUST COOLING DEGREE DAYS TIED 9TH MOST  (RECORD 913 IN 2005)
JUNE TO AUGUST PRECIPITATION 10TH LOWEST  (RECORD 5.42" IN 1953)
$$

TAC
