000
CXUS53 KMPX 021454
CF6EAU
PRELIMINARY LOCAL CLIMATOLOGICAL DATA (WS FORM: F-6)
STATION: EAU CLAIRE WI
MONTH: MAY
YEAR: 2021
LATITUDE: 44 52 N
LONGITUDE: 91 29 W
TEMPERATURE IN F: :PCPN: SNOW: WIND :SUNSHINE: SKY :PK WND
================================================================================
1 2 3 4 5 6A 6B 7 8 9 10 11 12 13 14 15 16 17 18
12Z AVG MX 2MIN
DY MAX MIN AVG DEP HDD CDD WTR SNW DPTH SPD SPD DIR MIN PSBL S-S WX SPD DR
================================================================================
1 88 51 70 18 0 5 0.00 0.0 0 10.3 20 220 M M 1 29 260
2 72 54 63 11 2 0 0.00 0.0 0 6.8 18 70 M M 4 26 40
3 72 49 61 9 4 0 T 0.0 0 10.4 22 340 M M 8 36 330
4 60 37 49 -4 16 0 0.00 0.0 0 9.6 22 330 M M 7 31 340
5 60 32 46 -7 19 0 0.00 0.0 0 6.1 16 300 M M 4 22 240
6 62 35 49 -5 16 0 0.02 0.0 0 7.9 21 330 M M 6 1 34 290
7 58 31 45 -9 20 0 0.00 0.0 0 7.0 21 320 M M 3 1 30 340
8 61 27 44 -10 21 0 0.00 0.0 0 2.5 12 90 M M 0 12 17 240
9 65 33 49 -6 16 0 0.00 0.0 0 6.6 16 350 M M 2 23 40
10 56 32 44 -11 21 0 0.00 0.0 0 7.5 15 350 M M 6 27 70
11 62 25 44 -12 21 0 0.00 0.0 0 3.5 13 340 M M 1 20 340
12 69 29 49 -7 16 0 0.00 0.0 0 2.6 12 280 M M 0 17 260
13 71 34 53 -3 12 0 0.00 0.0 0 4.9 15 260 M M 3 1 21 220
14 71 37 54 -3 11 0 T 0.0 0 6.9 24 210 M M 4 35 220
15 70 47 59 2 6 0 0.01 0.0 0 6.1 12 100 M M 6 19 150
16 74 39 57 -1 8 0 0.00 0.0 0 3.6 13 220 M M 5 12 19 200
17 81 42 62 4 3 0 0.00 0.0 0 5.8 17 150 M M 0 12 24 160
18 78 46 62 4 3 0 0.09 0.0 0 10.4 26 170 M M 5 18 34 170
19 73 62 68 10 0 3 0.14 0.0 0 10.9 17 160 M M 10 1 24 150
20 71 66 69 10 0 4 0.95 0.0 0 10.3 20 170 M M 9 18 25 170
21 76 66 71 12 0 6 0.38 0.0 0 9.2 21 200 M M 9 1 26 200
22 83 66 75 15 0 10 0.00 0.0 0 9.0 20 200 M M 7 26 210
23 75 59 67 7 0 2 T 0.0 0 6.5 16 110 M M 7 1 22 80
24 85 57 71 11 0 6 0.08 0.0 0 9.2 33 180 M M 7 138 47 180
25 86 67 77 16 0 12 0.47 0.0 0 11.9 25 220 M M 5 123 38 200
26 67 52 60 -1 5 0 0.00 0.0 0 10.0 21 330 M M 2 31 290
27 52 41 47 -14 18 0 0.80 0.0 0 12.3 23 100 M M 9 1 31 60
28 62 37 50 -12 15 0 0.00 0.0 0 6.9 17 60 M M 3 25 80
29 66 32 49 -13 16 0 0.00 0.0 0 3.7 12 180 M M 0 1 17 170
30 56 44 50 -12 15 0 0.29 0.0 0 5.0 15 190 M M 7 1 20 190
31 76 45 61 -2 4 0 0.13 0.0 0 6.8 22 220 M M 4 13 25 230
================================================================================
SM 2158 1374 288 48 3.36 0.0 230.2 M 144
================================================================================
AV 69.6 44.3 7.4 FASTST M M 5 MAX(MPH)
MISC ----> 33 180 47 180
================================================================================
NOTES:
# LAST OF SEVERAL OCCURRENCES
COLUMN 17 PEAK WIND IN M.P.H.
PRELIMINARY LOCAL CLIMATOLOGICAL DATA (WS FORM: F-6) , PAGE 2
STATION: EAU CLAIRE WI
MONTH: MAY
YEAR: 2021
LATITUDE: 44 52 N
LONGITUDE: 91 29 W
[TEMPERATURE DATA] [PRECIPITATION DATA] SYMBOLS USED IN COLUMN 16
AVERAGE MONTHLY: 57.0 TOTAL FOR MONTH: 3.36 1 = FOG OR MIST
DPTR FM NORMAL: -0.4 DPTR FM NORMAL: -0.55 2 = FOG REDUCING VISIBILITY
HIGHEST: 88 ON 1 GRTST 24HR 1.12 ON 20-21 TO 1/4 MILE OR LESS
LOWEST: 25 ON 11 3 = THUNDER
SNOW, ICE PELLETS, HAIL 4 = ICE PELLETS
TOTAL MONTH: 0.0 INCH 5 = HAIL
GRTST 24HR 0.0 6 = FREEZING RAIN OR DRIZZLE
GRTST DEPTH: 0 7 = DUSTSTORM OR SANDSTORM:
VSBY 1/2 MILE OR LESS
8 = SMOKE OR HAZE
[NO. OF DAYS WITH] [WEATHER - DAYS WITH] 9 = BLOWING SNOW
X = TORNADO
MAX 32 OR BELOW: 0 0.01 INCH OR MORE: 11
MAX 90 OR ABOVE: 0 0.10 INCH OR MORE: 7
MIN 32 OR BELOW: 7 0.50 INCH OR MORE: 2
MIN 0 OR BELOW: 0 1.00 INCH OR MORE: 0
[HDD (BASE 65) ]
TOTAL THIS MO. 288 CLEAR (SCALE 0-3) 9
DPTR FM NORMAL 22 PTCLDY (SCALE 4-7) 18
TOTAL FM JUL 1 7544 CLOUDY (SCALE 8-10) 4
DPTR FM NORMAL -325
[CDD (BASE 65) ]
TOTAL THIS MO. 48
DPTR FM NORMAL 20 [PRESSURE DATA]
TOTAL FM JAN 1 49 HIGHEST SLP 30.47 ON 12
DPTR FM NORMAL 19 LOWEST SLP 29.42 ON 2
[REMARKS]
#FINAL-05-21#