000
CXUS51 KBGM 010751
CLSSYR


CLIMATE REPORT
NATIONAL WEATHER SERVICE BINGHAMTON NY
350 AM EDT MON SEP 1 2014

...................................

...THE SYRACUSE NY CLIMATE SUMMARY FOR THE SEASON, FROM
6/1/2014 TO 8/31/2014...

CLIMATE NORMAL PERIOD 1981 TO 2010
CLIMATE RECORD PERIOD 1902 TO 2014

WEATHER         OBSERVED          NORMAL  DEPART  LAST YEAR`S
                 VALUE   DATE(S)  VALUE   FROM    VALUE  DATE(S)
                                          NORMAL
................................................................
TEMPERATURE (F)
RECORD
 HIGH             101   07/17/2012
                        08/14/2002
                        07/21/2011
 LOW               35   06/01/1966
HIGHEST            94   07/01        79      15       95  07/19
LOWEST             48   06/01        58     -10       46  06/20
AVG. MAXIMUM     80.0              79.7     0.3     80.0
AVG. MINIMUM     59.6              58.9     0.7     60.8
MEAN             69.8              69.3     0.5     70.4
DAYS MAX >= 90      5               6.1    -1.1       10
DAYS MAX <= 32      0               0.0     0.0        0
DAYS MIN <= 32      0               0.0     0.0        0
DAYS MIN <= 0       0               0.0     0.0        0

PRECIPITATION (INCHES)
RECORD
 MAXIMUM        19.51   1972
 MINIMUM         5.33   1965
TOTALS          11.66             10.66    1.00    12.64
DAILY AVG.       0.13              0.12    0.01     0.14
DAYS >= .01        37              34.2     2.8       44
DAYS >= .10        23              21.2     1.8       26
DAYS >= .50         8               7.0     1.0        7
DAYS >= 1.00        1               1.8    -0.8        2
GREATEST
 24 HR. TOTAL    2.16   MM                       08/31 TO 08/31
                                                          08/31 TO 08/31
                                                          08/31 TO 08/31
 STORM TOTAL       MM                                 MM
 (MM/DD(HH))            MM                    08/31(00) TO 08/31(00)
                                                 08/31(00) TO 08/31(00)1
                                                 08/31(00) TO 08/31(00)1

SNOWFALL (INCHES)
RECORDS
 TOTAL              T   2008
                        2005
 24 HR TOTAL        T   08/07/2008 TO 08/07/2008
                        06/16/2008 TO 06/16/2008
 SNOW DEPTH         0   MM
TOTALS            0.0               0.0     0.0      0.0
SINCE 7/1         0.0               0.0     0.0      0.0
SNOWDEPTH AVG.      0                MM      MM        0
DAYS >= TRACE       0               0.0     0.0        0
DAYS >= 1.0         0               0.0     0.0        0
GREATEST
 SNOW DEPTH         0   MM                             0  MM
 24 HR TOTAL      0.0   MM                       08/31 TO 08/31
                                                          08/31 TO 08/31
                                                          08/31 TO 08/31
 STORM TOTAL       MM                                 MM
 (MM/DD(HH))            MM                    08/31(00) TO 08/31(00)
                                                 08/31(00) TO 08/31(00)1
                                                 08/31(00) TO 08/31(00)1

DEGREE_DAYS
HEATING TOTAL      34                87     -53       67
 SINCE 7/1         11                26     -15        6
COOLING TOTAL     503               483      20      591
 SINCE 1/1        559               513      46      643

FREEZE DATES
RECORD
 EARLIEST     09/23/1963
 LATEST       05/24/1963
EARLIEST                        10/14
LATEST                          04/29
..................................................

WIND (MPH)
AVERAGE WIND SPEED              6.2
RESULTANT WIND SPEED/DIRECTION   2/244
HIGHEST WIND SPEED/DIRECTION    32/170    DATE  07/08
HIGHEST GUST SPEED/DIRECTION    41/190    DATE  07/08

SKY COVER
POSSIBLE SUNSHINE (PERCENT)   MM
AVERAGE SKY COVER           0.70

AVERAGE RH (PERCENT)     69


-  INDICATES NEGATIVE NUMBERS.
R  INDICATES RECORD WAS SET OR TIED.
MM INDICATES DATA IS MISSING.
T  INDICATES TRACE AMOUNT.

$$
