000
CXUS56 KFGZ 010910
CF6FLG
PRELIMINARY LOCAL CLIMATOLOGICAL DATA (WS FORM: F-6)
STATION: FLAGSTAFF AZ AIRPORT
MONTH: NOVEMBER
YEAR: 2023
LATITUDE: 35 7 N
LONGITUDE: 111 40 W
TEMPERATURE IN F: :PCPN: SNOW: WIND :SUNSHINE: SKY :PK WND
================================================================================
1 2 3 4 5 6A 6B 7 8 9 10 11 12 13 14 15 16 17 18
12Z AVG MX 2MIN
DY MAX MIN AVG DEP HDD CDD WTR SNW DPTH SPD SPD DIR MIN PSBL S-S WX SPD DR
================================================================================
1 63 18 41 -1 24 0 0.00 0.0 0 1.9 13 30 M M 0 8 18 20
2 68 21 45 3 20 0 0.00 0.0 0 2.6 15 210 M M 0 8 21 220
3 70 25 48 6 17 0 0.00 0.0 0 2.3 15 200 M M 0 8 19 210
4 72 26 49 8 16 0 0.00 0.0 0 1.4 14 210 M M 0 17 220
5 70 26 48 7 17 0 T 0.0 0 8.8 28 220 M M 0 8 39 240
6 67 36 52 11 13 0 0.00 0.0 0 10.8 29 210 M M 0 8 40 210
7 64 36 50 10 15 0 0.00 0.0 0 17.0 36 220 M M 0 47 220
8 54 29 42 2 23 0 0.00 0.0 0 9.0 22 60 M M 0 30 80
9 47 31 39 -1 26 0 0.00 0.0 0 15.1 24 60 M M 0 35 70
10 52 21 37 -3 28 0 0.00 0.0 0 4.0 15 60 M M 0 20 70
11 53 17 35 -4 30 0 0.00 0.0 0 3.7 16 70 M M 0 22 80
12 56 21 39 0 26 0 0.00 0.0 0 5.8 16 50 M M 0 30 100
13 60 22 41 3 24 0 0.00 0.0 0 3.1 15 210 M M 0 19 210
14 61 26 44 6 21 0 0.00 0.0 0 3.2 18 200 M M 0 24 220
15 62 31 47 9 18 0 0.00 0.0 0 3.9 15 230 M M 1 21 230
16 59 35 47 10 18 0 0.00 0.0 0 7.5 22 240 M M 5 30 220
17 58 28 43 6 22 0 0.00 0.0 0 3.7 18 210 M M 2 128 25 230
18 53 35 44 7 21 0 0.17 0.0 0 6.5 21 220 M M 5 1 27 220
19 48 35 42 6 23 0 0.10 T 0 10.2 25 230 M M 7 14 35 220
20 48 27 38 2 27 0 0.00 0.0 0 13.8 33 40 M M 0 47 50
21 52 24 38 2 27 0 0.00 0.0 0 9.1 20 60 M M 0 30 10
22 57 19 38 3 27 0 0.00 0.0 0 2.4 12 60 M M 0 16 70
23 48 21 35 0 30 0 0.00 0.0 0 7.3 22 220 M M 0 29 220
24 39 25 32 -3 33 0 0.30 0.9 0 8.9 26 210 M M 7 18 37 200
25 40 19 30 -4 35 0 0.00 0.0 T 5.1 12 60 M M 0 18 90
26 39 22 31 -3 34 0 0.00 0.0 0 7.8 18 70 M M 0 26 60
27 40 26 33 -1 32 0 0.00 0.0 0 9.2 17 70 M M 0 24 60
28 47 20 34 1 31 0 0.00 0.0 0 4.2 12 90 M M 2 21 120
29 49 25 37 4 28 0 0.09 0.5 T 2.8 16 190 M M 7 13 25 190
30 37 30 34 1 31 0 0.20 2.7 2 9.0 17 210 M M 10 1 25 220
================================================================================
SM 1633 777 737 0 0.86 4.1 200.1 M 46
================================================================================
AV 54.4 25.9 6.7 FASTST M M 2 MAX(MPH)
MISC ----> 36 220 # 47 220
================================================================================
NOTES:
# LAST OF SEVERAL OCCURRENCES
COLUMN 17 PEAK WIND IN M.P.H.
PRELIMINARY LOCAL CLIMATOLOGICAL DATA (WS FORM: F-6) , PAGE 2
STATION: FLAGSTAFF AZ AIRPORT
MONTH: NOVEMBER
YEAR: 2023
LATITUDE: 35 7 N
LONGITUDE: 111 40 W
[TEMPERATURE DATA] [PRECIPITATION DATA] SYMBOLS USED IN COLUMN 16
AVERAGE MONTHLY: 40.2 TOTAL FOR MONTH: 0.86 1 = FOG OR MIST
DPTR FM NORMAL: 2.7 DPTR FM NORMAL: -0.69 2 = FOG REDUCING VISIBILITY
HIGHEST: 72 ON 4 GRTST 24HR 0.30 ON 24-24 TO 1/4 MILE OR LESS
LOWEST: 17 ON 11 3 = THUNDER
SNOW, ICE PELLETS, HAIL 4 = ICE PELLETS
TOTAL MONTH: 4.1 INCHES 5 = HAIL
GRTST 24HR 2.7 ON 30-30 6 = FREEZING RAIN OR DRIZZLE
GRTST DEPTH: 2 ON 30 7 = DUSTSTORM OR SANDSTORM:
VSBY 1/2 MILE OR LESS
8 = SMOKE OR HAZE
[NO. OF DAYS WITH] [WEATHER - DAYS WITH] 9 = BLOWING SNOW
X = TORNADO
MAX 32 OR BELOW: 0 0.01 INCH OR MORE: 5
MAX 90 OR ABOVE: 0 0.10 INCH OR MORE: 4
MIN 32 OR BELOW: 25 0.50 INCH OR MORE: 0
MIN 0 OR BELOW: 0 1.00 INCH OR MORE: 0
[HDD (BASE 65) ]
TOTAL THIS MO. 737 CLEAR (SCALE 0-3) 24
DPTR FM NORMAL -87 PTCLDY (SCALE 4-7) 5
TOTAL FM JUL 1 1369 CLOUDY (SCALE 8-10) 1
DPTR FM NORMAL -267
[CDD (BASE 65) ]
TOTAL THIS MO. 0
DPTR FM NORMAL 0 [PRESSURE DATA]
TOTAL FM JAN 1 276 HIGHEST SLP M ON M
DPTR FM NORMAL 130 LOWEST SLP 29.70 ON 30
[REMARKS]
#FINAL-11-23#