000
CXUS53 KARX 260930
CF6RST
PRELIMINARY LOCAL CLIMATOLOGICAL DATA (WS FORM: F-6)

                                          STATION:   ROCHESTER MN
                                          MONTH:     AUGUST
                                          YEAR:      2016
                                          LATITUDE:   43 55 N
                                          LONGITUDE:  92 30 W

  TEMPERATURE IN F:       :PCPN:    SNOW:  WIND      :SUNSHINE: SKY     :PK WND
================================================================================
1   2   3   4   5  6A  6B    7    8   9   10  11  12  13   14  15   16   17  18
                                     12Z  AVG MX 2MIN
DY MAX MIN AVG DEP HDD CDD  WTR  SNW DPTH SPD SPD DIR MIN PSBL S-S WX    SPD DR
================================================================================

 1  83  63  73   3   0   8 0.13  0.0    0  8.6 20 130   M    M   4 18     24 130
 2  84  67  76   6   0  11 0.00  0.0    0  5.9 12 190   M    M   5 12     14 170
 3  86  67  77   7   0  12 0.00  0.0    0  5.2 12 210   M    M   2 12     16 180
 4  84  64  74   4   0   9 1.09  0.0    0  9.2 25 320   M    M   3 13     36 290
 5  76  60  68  -2   0   3 0.00  0.0    0  9.1 16 330   M    M   2        21 340
 6  79  56  68  -2   0   3 0.00  0.0    0  6.5 14  10   M    M   0        23  10
 7  79  59  69  -1   0   4 0.00  0.0    0  2.9  8 140   M    M   1        12 220
 8  79  56  68  -2   0   3 0.00  0.0    0  7.2 15 140   M    M   2 1      19 160
 9  83  63  73   3   0   8    T  0.0    0  7.6 14 190   M    M   5 1      20 190
10  86  66  76   6   0  11 0.00  0.0    0  8.1 17 180   M    M   3 123    23 150
11  84  68  76   6   0  11 0.88  0.0    0  7.7 23 300   M    M   3 13     37 280
12  79  67  73   3   0   8 0.56  0.0    0  5.4 14 360   M    M   9 1      17 350
13  79  64  72   2   0   7 0.00  0.0    0  9.1 16 330   M    M   4        22 310
14  79  60  70   0   0   5 0.00  0.0    0  4.9 10 350   M    M   0        15 330
15  78  56  67  -3   0   2 0.00  0.0    0  4.6 10 120   M    M   1        12 120
16  82  62  72   3   0   7 0.07  0.0    0  6.1 17 360   M    M   4 13     24 340
17  84  61  73   4   0   8    T  0.0    0  3.3  9  80   M    M   2 1      10  80
18  84  62  73   4   0   8 1.61  0.0    0  7.3 25 300   M    M   3 13     34 320
19  76  65  71   2   0   6 0.38  0.0    0  4.9 21 270   M    M   5 13     32 260
20  69  56  63  -6   2   0 0.15  0.0    0 10.2 21 310   M    M   8 1      29 310
21  72  53  63  -6   2   0 0.00  0.0    0  7.4 15 270   M    M   1        20 280
22  79  53  66  -3   0   1 0.00  0.0    0 13.9 25 180   M    M   1        34 180
23  80  62  71   3   0   6 0.87  0.0    0 12.6 23 170   M    M   2 13     30 170
24  80  63  72   4   0   7    T  0.0    0  7.7 14 310   M    M   5 13     20 310
25  77  57  67  -1   0   2 0.00  0.0    0  7.5 15 260   M    M   0        19 260
================================================================================
SM 2001 1530         4 150  5.74     0.0 182.9          M       75
================================================================================
AV 80.0 61.2                               7.3 FASTST   M    M   3    MAX(MPH)
                                 MISC ---->  # 25 320               # 37  280
================================================================================
NOTES:
# LAST OF SEVERAL OCCURRENCES

COLUMN 17 PEAK WIND IN M.P.H.

PRELIMINARY LOCAL CLIMATOLOGICAL DATA (WS FORM: F-6) , PAGE 2

                                          STATION:  ROCHESTER MN
                                          MONTH:    AUGUST
                                          YEAR:     2016
                                          LATITUDE:   43 55 N
                                          LONGITUDE:  92 30 W

[TEMPERATURE DATA]      [PRECIPITATION DATA]       SYMBOLS USED IN COLUMN 16

AVERAGE MONTHLY: 70.6   TOTAL FOR MONTH:   5.74    1 = FOG OR MIST
DPTR FM NORMAL:   1.1   DPTR FM NORMAL:    2.06    2 = FOG REDUCING VISIBILITY
HIGHEST:    86 ON 10, 3 GRTST 24HR  1.88 ON 18-19      TO 1/4 MILE OR LESS
LOWEST:     53 ON 22,21                            3 = THUNDER
                        SNOW, ICE PELLETS, HAIL    4 = ICE PELLETS
                        TOTAL MONTH:   0.0 INCH    5 = HAIL
                        GRTST 24HR     0.0         6 = FREEZING RAIN OR DRIZZLE
                        GRTST DEPTH:   0           7 = DUSTSTORM OR SANDSTORM:
                                                       VSBY 1/2 MILE OR LESS
                                                   8 = SMOKE OR HAZE
[NO. OF DAYS WITH]      [WEATHER - DAYS WITH]      9 = BLOWING SNOW
                                                   X = TORNADO
MAX 32 OR BELOW:   0    0.01 INCH OR MORE:   9
MAX 90 OR ABOVE:   0    0.10 INCH OR MORE:   8
MIN 32 OR BELOW:   0    0.50 INCH OR MORE:   5
MIN  0 OR BELOW:   0    1.00 INCH OR MORE:   2

[HDD (BASE 65) ]
TOTAL THIS MO.     4    CLEAR  (SCALE 0-3)  15
DPTR FM NORMAL   -18    PTCLDY (SCALE 4-7)   9
TOTAL FM JUL 1     8    CLOUDY (SCALE 8-10)  1
DPTR FM NORMAL   -25

[CDD (BASE 65) ]
TOTAL THIS MO.   150
DPTR FM NORMAL    18    [PRESSURE DATA]
TOTAL FM JAN 1   550    HIGHEST SLP M ON M
DPTR FM NORMAL    47    LOWEST  SLP 29.63 ON 20

[REMARKS]
