000
CXUS52 KMHX 010600
CF6EWN
PRELIMINARY LOCAL CLIMATOLOGICAL DATA (WS FORM: F-6)
STATION: NEW BERN NC
MONTH: AUGUST
YEAR: 2022
LATITUDE: 35 4 N
LONGITUDE: 77 3 W
TEMPERATURE IN F: :PCPN: SNOW: WIND :SUNSHINE: SKY :PK WND
================================================================================
1 2 3 4 5 6A 6B 7 8 9 10 11 12 13 14 15 16 17 18
12Z AVG MX 2MIN
DY MAX MIN AVG DEP HDD CDD WTR SNW DPTH SPD SPD DIR MIN PSBL S-S WX SPD DR
================================================================================
1 94 75 85 5 0 20 0.29 0.0 0 8.8 23 270 M M 1 13 31 270
2 93 75 84 4 0 19 0.00 0.0 0 6.9 14 230 M M 0 20 230
3 96 75 86 6 0 21 0.00 0.0 0 4.6 13 190 M M 1 1 16 160
4 93 77 85 5 0 20 0.00 0.0 0 6.6 16 180 M M 2 21 180
5 91 74 83 3 0 18 0.00 0.0 0 4.4 15 170 M M 1 3 21 210
6 91 72 82 2 0 17 0.00 0.0 0 4.3 14 120 M M 0 1 21 100
7 90 73 82 2 0 17 0.05 0.0 0 5.4 17 170 M M 1 1 24 170
8 91 72 82 2 0 17 T 0.0 0 6.9 18 170 M M 2 21 170
9 93 73 83 3 0 18 0.00 0.0 0 8.3 17 210 M M 1 25 210
10 96 77 87 7 0 22 0.00 0.0 0 7.9 16 180 M M 1 3 22 240
11 92 74 83 3 0 18 0.05 0.0 0 8.1 20 260 M M 2 28 260
12 75 66 71 -8 0 6 1.75 0.0 0 3.4 16 30 M M 6 123 21 30
13 86 66 76 -3 0 11 0.00 0.0 0 6.6 15 20 M M 1 1 18 50
14 85 63 74 -5 0 9 0.00 0.0 0 5.4 13 30 M M 0 16 60
15 79 67 73 -6 0 8 0.06 0.0 0 4.0 12 50 M M 5 3 14 20
16 81 68 75 -4 0 10 1.13 0.0 0 6.4 24 50 M M 7 1 29 50
17 84 67 76 -3 0 11 T 0.0 0 7.8 15 40 M M 4 19 40
18 84 62 73 -6 0 8 0.00 0.0 0 3.0 10 80 M M 1 1 14 80
19 79 66 73 -6 0 8 0.12 0.0 0 2.8 9 120 M M 4 13 120
20 90 73 82 3 0 17 T 0.0 0 3.5 9 220 M M 5 3 13 230
21 88 71 80 1 0 15 0.56 0.0 0 2.8 21 180 M M 2 13 27 170
22 87 73 80 2 0 15 0.60 0.0 0 7.1 17 230 M M 5 1 25 240
23 86 72 79 1 0 14 T 0.0 0 3.4 12 220 M M 5 1 16 220
24 90 70 80 2 0 15 0.00 0.0 0 1.6 7 170 M M 1 12 12 160
25 88 71 80 2 0 15 0.22 0.0 0 2.9 12 200 M M 4 1 15 140
26 86 72 79 1 0 14 0.00 0.0 0 2.7 6 240 M M 6 8 160
27 89 70 80 2 0 15 0.00 0.0 0 2.5 12 120 M M 0 1 14 110
28 87 70 79 1 0 14 0.00 0.0 0 3.9 12 50 M M 2 12 16 60
29 83 72 78 0 0 13 0.00 0.0 0 2.7 9 210 M M 2 123 12 110
30 88 73 81 3 0 16 0.00 0.0 0 6.4 16 220 M M 4 21 220
31 91 69 80 3 0 15 0.00 0.0 0 4.3 12 280 M M 2 16 290
================================================================================
SM 2726 2198 0 456 4.83 0.0 155.4 M 78
================================================================================
AV 87.9 70.9 5.0 FASTST M M 3 MAX(MPH)
MISC ----> 24 50 31 270
================================================================================
NOTES:
# LAST OF SEVERAL OCCURRENCES
COLUMN 17 PEAK WIND IN M.P.H.
PRELIMINARY LOCAL CLIMATOLOGICAL DATA (WS FORM: F-6) , PAGE 2
STATION: NEW BERN NC
MONTH: AUGUST
YEAR: 2022
LATITUDE: 35 4 N
LONGITUDE: 77 3 W
[TEMPERATURE DATA] [PRECIPITATION DATA] SYMBOLS USED IN COLUMN 16
AVERAGE MONTHLY: 79.4 TOTAL FOR MONTH: 4.83 1 = FOG OR MIST
DPTR FM NORMAL: 0.5 DPTR FM NORMAL: -1.98 2 = FOG REDUCING VISIBILITY
HIGHEST: 96 ON 10, 3 GRTST 24HR 1.80 ON 11-12 TO 1/4 MILE OR LESS
LOWEST: 62 ON 18 3 = THUNDER
SNOW, ICE PELLETS, HAIL 4 = ICE PELLETS
TOTAL MONTH: 0.0 INCH 5 = HAIL
GRTST 24HR 0.0 6 = FREEZING RAIN OR DRIZZLE
GRTST DEPTH: 0 7 = DUSTSTORM OR SANDSTORM:
VSBY 1/2 MILE OR LESS
8 = SMOKE OR HAZE
[NO. OF DAYS WITH] [WEATHER - DAYS WITH] 9 = BLOWING SNOW
X = TORNADO
MAX 32 OR BELOW: 0 0.01 INCH OR MORE: 10
MAX 90 OR ABOVE: 14 0.10 INCH OR MORE: 7
MIN 32 OR BELOW: 0 0.50 INCH OR MORE: 4
MIN 0 OR BELOW: 0 1.00 INCH OR MORE: 2
[HDD (BASE 65) ]
TOTAL THIS MO. 0 CLEAR (SCALE 0-3) 20
DPTR FM NORMAL 0 PTCLDY (SCALE 4-7) 11
TOTAL FM JUL 1 0 CLOUDY (SCALE 8-10) 0
DPTR FM NORMAL 0
[CDD (BASE 65) ]
TOTAL THIS MO. 456
DPTR FM NORMAL 24 [PRESSURE DATA]
TOTAL FM JAN 1 1741 HIGHEST SLP M ON M
DPTR FM NORMAL 224 LOWEST SLP 29.87 ON 30
[REMARKS]
#FINAL-08-22#