890
CXUS55 KSEW 010930
CF6UIL
PRELIMINARY LOCAL CLIMATOLOGICAL DATA (WS FORM: F-6)
STATION: QUILLAYUTE WA AIRPORT
MONTH: AUGUST
YEAR: 2020
LATITUDE: 47 57 N
LONGITUDE: 124 33 W
TEMPERATURE IN F: :PCPN: SNOW: WIND :SUNSHINE: SKY :PK WND
================================================================================
1 2 3 4 5 6A 6B 7 8 9 10 11 12 13 14 15 16 17 18
12Z AVG MX 2MIN
DY MAX MIN AVG DEP HDD CDD WTR SNW DPTH SPD SPD DIR MIN PSBL S-S WX SPD DR
================================================================================
1 72 52 62 2 3 0 0.00 0.0 0 4.5 13 250 M M 6 1 16 250
2 69 48 59 -1 6 0 0.03 0.0 0 2.6 13 210 M M 5 1 18 220
3 71 57 64 4 1 0 0.05 0.0 0 3.9 13 260 M M 6 1 16 260
4 73 51 62 2 3 0 0.00 0.0 0 4.2 14 290 M M 4 12 17 350
5 71 51 61 1 4 0 0.06 0.0 0 4.1 15 270 M M 9 18 21 270
6 66 54 60 0 5 0 0.56 0.0 0 5.6 18 280 M M 9 1 22 280
7 69 49 59 -1 6 0 0.12 0.0 0 3.0 12 220 M M 9 12 16 230
8 66 52 59 -1 6 0 0.00 0.0 0 4.6 15 280 M M 6 1 21 330
9 72 52 62 2 3 0 0.00 0.0 0 5.7 15 260 M M 5 1 17 330
10 69 56 63 3 2 0 0.00 0.0 0 4.6 15 260 M M 7 1 20 260
11 64 50 57 -3 8 0 0.00 0.0 0 4.6 15 250 M M 6 1 19 290
12 64 47 56 -4 9 0 0.00 0.0 0 4.6 16 240 M M 4 19 240
13 68 45 57 -3 8 0 0.00 0.0 0 4.1 14 280 M M 2 17 280
14 73 47 60 0 5 0 0.00 0.0 0 6.3 16 340 M M 3 21 330
15 93 50 72 12 0 7 0.00 0.0 0 4.4 14 40 M M 0 16 260
16 81 56 69 9 0 4 0.00 0.0 0 4.7 16 210 M M 1 13 25 230
17 71 58 65 5 0 0 0.00 0.0 0 4.8 13 210 M M 9 1 18 220
18 73 53 63 3 2 0 0.01 0.0 0 3.7 14 250 M M 7 1 18 240
19 73 49 61 1 4 0 0.03 0.0 0 4.1 15 240 M M 5 12 18 240
20 63 60 62 2 3 0 2.00 0.0 0 8.2 16 170 M M 10 1 26 190
21 67 53 60 1 5 0 1.29 0.0 0 6.4 17 190 M M 9 12 31 150
22 69 50 60 1 5 0 0.00 0.0 0 4.6 14 320 M M 4 12 18 290
23 72 46 59 0 6 0 0.00 0.0 0 3.3 15 330 M M 1 8 20 330
24 67 48 58 -1 7 0 T 0.0 0 3.6 14 250 M M 4 8 17 280
25 66 46 56 -3 9 0 0.00 0.0 0 3.6 13 260 M M 5 8 15 280
26 67 54 61 2 4 0 0.00 0.0 0 4.7 18 330 M M 6 8 26 330
27 71 52 62 3 3 0 0.00 0.0 0 3.8 15 290 M M 5 18 290
28 69 49 59 0 6 0 0.00 0.0 0 3.6 15 290 M M 7 18 20 290
29 64 45 55 -4 10 0 0.00 0.0 0 4.4 16 310 M M 3 12 22 300
30 65 46 56 -3 9 0 0.05 0.0 0 4.6 13 250 M M 7 1 17 230
31 63 51 57 -2 8 0 0.00 0.0 0 3.9 12 280 M M 7 1 15 260
================================================================================
SM 2161 1577 150 11 4.20 0.0 138.8 M 171
================================================================================
AV 69.7 50.9 4.5 FASTST M M 6 MAX(MPH)
MISC ----> # 18 280 # 31 150
================================================================================
NOTES:
# LAST OF SEVERAL OCCURRENCES
COLUMN 17 PEAK WIND IN M.P.H.
PRELIMINARY LOCAL CLIMATOLOGICAL DATA (WS FORM: F-6) , PAGE 2
STATION: QUILLAYUTE WA AIRPORT
MONTH: AUGUST
YEAR: 2020
LATITUDE: 47 57 N
LONGITUDE: 124 33 W
[TEMPERATURE DATA] [PRECIPITATION DATA] SYMBOLS USED IN COLUMN 16
AVERAGE MONTHLY: 60.3 TOTAL FOR MONTH: 4.20 1 = FOG OR MIST
DPTR FM NORMAL: 0.7 DPTR FM NORMAL: 1.71 2 = FOG REDUCING VISIBILITY
HIGHEST: 93 ON 15 GRTST 24HR 2.00 ON 20-20 TO 1/4 MILE OR LESS
LOWEST: 45 ON 29,13 3 = THUNDER
SNOW, ICE PELLETS, HAIL 4 = ICE PELLETS
TOTAL MONTH: 0.0 INCH 5 = HAIL
GRTST 24HR 0.0 6 = FREEZING RAIN OR DRIZZLE
GRTST DEPTH: 0 7 = DUSTSTORM OR SANDSTORM:
VSBY 1/2 MILE OR LESS
8 = SMOKE OR HAZE
[NO. OF DAYS WITH] [WEATHER - DAYS WITH] 9 = BLOWING SNOW
X = TORNADO
MAX 32 OR BELOW: 0 0.01 INCH OR MORE: 10
MAX 90 OR ABOVE: 1 0.10 INCH OR MORE: 4
MIN 32 OR BELOW: 0 0.50 INCH OR MORE: 3
MIN 0 OR BELOW: 0 1.00 INCH OR MORE: 2
[HDD (BASE 65) ]
TOTAL THIS MO. 150 CLEAR (SCALE 0-3) 6
DPTR FM NORMAL -25 PTCLDY (SCALE 4-7) 19
TOTAL FM JUL 1 322 CLOUDY (SCALE 8-10) 6
DPTR FM NORMAL -47
[CDD (BASE 65) ]
TOTAL THIS MO. 11
DPTR FM NORMAL 5 [PRESSURE DATA]
TOTAL FM JAN 1 18 HIGHEST SLP M ON M
DPTR FM NORMAL 1 LOWEST SLP 29.70 ON 21
[REMARKS]
#FINAL-08-20#