000
CXUS53 KDMX 020057
CLMALO
CLIMATE REPORT
NATIONAL WEATHER SERVICE DES MOINES IA
757 PM CDT TUE AUG 01 2023
...................................
...THE WATERLOO IA CLIMATE SUMMARY FOR THE MONTH OF JULY 2023...
CLIMATE NORMAL PERIOD 1991 TO 2020
CLIMATE RECORD PERIOD 1895 TO 2023
WEATHER OBSERVED NORMAL DEPART LAST YEAR`S
VALUE DATE(S) VALUE FROM VALUE
NORMAL
..............................................................
TEMPERATURE (F)
RECORD
HIGH 112 07/14/1936
07/13/1936
LOW 42
HIGHEST 98 07/28 95 3
LOWEST 48 07/07 50 -2
MEAN 73.3 74.5 -1.2
DAYS MAX >= 90 6 5.9 0.1
DAYS MAX <= 32 0 0.0 0.0
DAYS MIN <= 32 0 0.0 0.0
DAYS MIN <= 0 0 0.0 0.0
PRECIPITATION (INCHES)
RECORD
MAXIMUM 12.97 1999
MINIMUM 0.35 1998
TOTALS 3.95 4.34 -0.39
DAILY AVG. 0.13 0.14 -0.01
DAYS >= .01 8
DAYS >= .10 5
DAYS >= .50 3
DAYS >= 1.00 1
SNOWFALL (INCHES)
TOTALS 0.0 0.0 0.0
SINCE 7/1 0.0 0.0 0.0
DEGREE DAYS
HEATING TOTAL 4 3 1
SINCE 7/1 4 0 4
COOLING TOTAL 266 297 -31
SINCE 1/1 601 581 20
..............................................................
WIND (MPH)
HIGHEST GUST SPEED/DIRECTION 48/310 DATE 07/13
WEATHER CONDITIONS. NUMBER OF DAYS WITH
THUNDERSTORM 10 HAIL 0
SLEET 0 FOG 17
FOG W/VIS <= 1/4 MILE 1 HAZE 6
- INDICATES NEGATIVE NUMBERS.
R INDICATES RECORD WAS SET OR TIED.
MM INDICATES DATA IS MISSING.
T INDICATES TRACE AMOUNT.
$$