000
CXUS53 KEAX 010736
CF6MKC
PRELIMINARY LOCAL CLIMATOLOGICAL DATA (WS FORM: F-6)
STATION: DOWNTOWN KANSAS CITY MO
MONTH: AUGUST
YEAR: 2021
LATITUDE: 39 7 N
LONGITUDE: 94 36 W
TEMPERATURE IN F: :PCPN: SNOW: WIND :SUNSHINE: SKY :PK WND
================================================================================
1 2 3 4 5 6A 6B 7 8 9 10 11 12 13 14 15 16 17 18
12Z AVG MX 2MIN
DY MAX MIN AVG DEP HDD CDD WTR SNW DPTH SPD SPD DIR MIN PSBL S-S WX SPD DR
================================================================================
1 84 68 76 -5 0 11 0.00 M M 7.7 15 10 M M 2 18 22 350
2 83 64 74 -7 0 9 0.00 M M 5.5 14 30 M M 1 18 21 10
3 83 62 73 -8 0 8 0.00 M M 4.8 12 70 M M 0 18 50
4 84 64 74 -7 0 9 0.00 M M 7.1 14 160 M M 0 20 170
5 84 72 78 -3 0 13 T M M 9.5 17 230 M M 4 24 220
6 91 69 80 -1 0 15 0.00 M M 9.5 17 220 M M 1 25 220
7 95 76 86 5 0 21 0.00 M M 13.9 22 260 M M 0 34 240
8 89 68 79 -2 0 14 0.01 M M 8.1 21 290 M M 4 38 30 290
9 96 78 87 6 0 22 0.00 M M 11.4 17 200 M M 0 26 170
10 92 72 82 2 0 17 0.17 M M 10.6 25 200 M M 2 3 35 270
11 97 81 89 9 0 24 0.00 M M 16.1 23 210 M M 0 34 210
12 98 71 85 5 0 20 0.44 M M 11.1 33 330 M M 3 13 48 340
13 83 69 76 -4 0 11 0.65 M M 6.8 28 170 M M 6 13 39 170
14 86 66 76 -4 0 11 0.00 M M 4.3 12 40 M M 0 16 40
15 86 67 77 -3 0 12 0.00 M M 6.1 14 110 M M 0 19 80
16 87 67 77 -3 0 12 0.00 M M 6.1 14 90 M M 2 20 90
17 90 72 81 2 0 16 T M M 3.5 15 330 M M 3 3 22 160
18 89 71 80 1 0 15 0.00 M M 6.3 14 140 M M 1 19 130
19 90 73 82 3 0 17 0.00 M M 6.7 13 110 M M 4 20 110
20 89 69 79 0 0 14 0.62 M M 9.7 31 320 M M 6 13 51 280
21 84 69 77 -2 0 12 0.13 M M 5.8 23 220 M M 2 13 28 210
22 89 67 78 0 0 13 0.00 M M 7.8 15 150 M M 0 22 150
23 96 79 88 10 0 23 0.00 M M 10.7 18 190 M M 1 26 150
24 96 78 87 9 0 22 0.00 M M 12.4 22 190 M M 0 29 170
25 94 78 86 8 0 21 0.00 M M 9.3 17 160 M M 0 25 110
26 97 79 88 11 0 23 0.00 M M 7.7 16 200 M M 3 21 160
27 94 78 86 9 0 21 0.00 M M 11.8 22 190 M M 0 32 210
28 93 77 85 8 0 20 0.00 M M 11.0 20 140 M M 1 29 140
29 91 75 83 6 0 18 0.00 M M 6.8 18 200 M M 1 23 180
30 94 73 84 8 0 19 0.00 M M 3.9 10 200 M M 1 16 140
31 81 66 74 -2 0 9 0.31 M M 7.4 26 20 M M 4 13 37 360
================================================================================
SM 2785 2218 0 492 2.33 M 259.4 M 52
================================================================================
AV 89.8 71.5 8.4 FASTST M M 2 MAX(MPH)
MISC ----> 33 330 51 280
================================================================================
NOTES:
# LAST OF SEVERAL OCCURRENCES
COLUMN 17 PEAK WIND IN M.P.H.
PRELIMINARY LOCAL CLIMATOLOGICAL DATA (WS FORM: F-6) , PAGE 2
STATION: DOWNTOWN KANSAS CITY MO
MONTH: AUGUST
YEAR: 2021
LATITUDE: 39 7 N
LONGITUDE: 94 36 W
[TEMPERATURE DATA] [PRECIPITATION DATA] SYMBOLS USED IN COLUMN 16
AVERAGE MONTHLY: 80.7 TOTAL FOR MONTH: 2.33 1 = FOG OR MIST
DPTR FM NORMAL: 1.5 DPTR FM NORMAL: -2.35 2 = FOG REDUCING VISIBILITY
HIGHEST: 98 ON 12 GRTST 24HR 1.09 ON 12-13 TO 1/4 MILE OR LESS
LOWEST: 62 ON 3 3 = THUNDER
SNOW, ICE PELLETS, HAIL 4 = ICE PELLETS
TOTAL MONTH: M 5 = HAIL
GRTST 24HR M ON M 6 = FREEZING RAIN OR DRIZZLE
GRTST DEPTH: M ON M 7 = DUSTSTORM OR SANDSTORM:
VSBY 1/2 MILE OR LESS
8 = SMOKE OR HAZE
[NO. OF DAYS WITH] [WEATHER - DAYS WITH] 9 = BLOWING SNOW
X = TORNADO
MAX 32 OR BELOW: 0 0.01 INCH OR MORE: 7
MAX 90 OR ABOVE: 16 0.10 INCH OR MORE: 6
MIN 32 OR BELOW: 0 0.50 INCH OR MORE: 2
MIN 0 OR BELOW: 0 1.00 INCH OR MORE: 0
[HDD (BASE 65) ]
TOTAL THIS MO. 0 CLEAR (SCALE 0-3) 24
DPTR FM NORMAL -1 PTCLDY (SCALE 4-7) 7
TOTAL FM JUL 1 0 CLOUDY (SCALE 8-10) 0
DPTR FM NORMAL 0
[CDD (BASE 65) ]
TOTAL THIS MO. 492
DPTR FM NORMAL 50 [PRESSURE DATA]
TOTAL FM JAN 1 1487 HIGHEST SLP M ON M
DPTR FM NORMAL 31 LOWEST SLP 29.67 ON 20
[REMARKS]
#FINAL-08-21#