000
CXUS56 KLOX 011155
CF6PRB
PRELIMINARY LOCAL CLIMATOLOGICAL DATA (WS FORM: F-6)
STATION: PASO ROBLES AIRPORT CA
MONTH: JUNE
YEAR: 2021
LATITUDE: 35 40 N
LONGITUDE: 120 38 W
TEMPERATURE IN F: :PCPN: SNOW: WIND :SUNSHINE: SKY :PK WND
================================================================================
1 2 3 4 5 6A 6B 7 8 9 10 11 12 13 14 15 16 17 18
12Z AVG MX 2MIN
DY MAX MIN AVG DEP HDD CDD WTR SNW DPTH SPD SPD DIR MIN PSBL S-S WX SPD DR
================================================================================
1 96 54 75 9 0 10 0.00 M M 5.9 16 200 M M 0 M M
2 102 51 77 10 0 12 0.00 M M 5.5 17 200 M M 0 M M
3 93 51 72 5 0 7 0.00 M M 7.2 18 210 M M 1 1 M M
4 96 51 74 7 0 9 0.00 M M 8.8 21 310 M M 0 26 320
5 87 51 69 2 0 4 0.00 M M 9.4 22 200 M M 2 30 200
6 69 49 59 -8 6 0 0.00 M M 11.9 20 210 M M 0 25 230
7 72 47 60 -8 5 0 0.00 M M 10.9 24 200 M M 1 30 200
8 76 46 61 -7 4 0 0.00 M M 9.5 21 210 M M 0 25 210
9 74 45 60 -8 5 0 0.00 M M 9.8 21 320 M M 0 26 320
10 81 43 62 -6 3 0 0.00 M M 8.9 20 330 M M 0 24 330
11 89 43 66 -2 0 1 0.00 M M 8.5 18 330 M M 0 24 310
12 95 49 72 4 0 7 0.00 M M 7.3 18 310 M M 0 M M
13 93 61 77 8 0 12 0.00 M M 9.7 17 210 M M 0 22 210
14 94 58 76 7 0 11 0.00 M M 9.6 20 320 M M 1 22 320
15 97 58 78 9 0 13 0.00 M M 10.4 18 300 M M 0 23 320
16 79 59 69 0 0 4 0.00 M M 4.5 9 330 M M 0 11 330
17 109 72 91 22 0 26 0.00 M M 7.2 21 200 M M 0 24 200
18 98 60 79 9 0 14 0.00 M M 8.5 23 210 M M 0 27 220
19 100 59 80 10 0 15 0.00 M M 8.1 23 200 M M 0 28 200
20 99 53 76 6 0 11 0.00 M M 8.4 25 200 M M 0 32 200
21 84 50 67 -3 0 2 0.00 M M 10.5 25 210 M M 0 30 210
22 83 55 69 -1 0 4 0.00 M M 8.8 20 220 M M 3 24 220
23 82 53 68 -3 0 3 0.00 M M 9.0 22 210 M M 2 27 230
24 82 53 68 -3 0 3 0.00 M M 8.2 21 210 M M 3 23 210
25 93 53 73 2 0 8 0.00 M M 8.4 22 300 M M 1 28 310
26 105 54 80 9 0 15 0.00 M M 6.6 21 310 M M 0 26 310
27 108 57 83 12 0 18 0.00 M M 10.1 28 300 M M 0 33 310
28 102 57 80 9 0 15 0.00 M M 11.7 25 300 M M 0 31 300
29 105 60 83 11 0 18 0.00 M M 9.5 21 200 M M 0 26 210
30 89 60 75 3 0 10 0.00 M M 8.7 24 210 M M 0 30 190
================================================================================
SM 2732 1612 23 252 0.00 M 261.6 M 14
================================================================================
AV 91.1 53.7 8.7 FASTST M M 0 MAX(MPH)
MISC ----> 28 300 33 310
================================================================================
NOTES:
# LAST OF SEVERAL OCCURRENCES
COLUMN 17 PEAK WIND IN M.P.H.
PRELIMINARY LOCAL CLIMATOLOGICAL DATA (WS FORM: F-6) , PAGE 2
STATION: PASO ROBLES AIRPORT CA
MONTH: JUNE
YEAR: 2021
LATITUDE: 35 40 N
LONGITUDE: 120 38 W
[TEMPERATURE DATA] [PRECIPITATION DATA] SYMBOLS USED IN COLUMN 16
AVERAGE MONTHLY: 72.4 TOTAL FOR MONTH: 0.00 1 = FOG OR MIST
DPTR FM NORMAL: 3.3 DPTR FM NORMAL: -0.04 2 = FOG REDUCING VISIBILITY
HIGHEST: 109 ON 17 GRTST 24HR 0.00 ON 1- 1 TO 1/4 MILE OR LESS
LOWEST: 43 ON 11,10 3 = THUNDER
SNOW, ICE PELLETS, HAIL 4 = ICE PELLETS
TOTAL MONTH: M 5 = HAIL
GRTST 24HR M ON M 6 = FREEZING RAIN OR DRIZZLE
GRTST DEPTH: M ON M 7 = DUSTSTORM OR SANDSTORM:
VSBY 1/2 MILE OR LESS
8 = SMOKE OR HAZE
[NO. OF DAYS WITH] [WEATHER - DAYS WITH] 9 = BLOWING SNOW
X = TORNADO
MAX 32 OR BELOW: 0 0.01 INCH OR MORE: 0
MAX 90 OR ABOVE: 17 0.10 INCH OR MORE: 0
MIN 32 OR BELOW: 0 0.50 INCH OR MORE: 0
MIN 0 OR BELOW: 0 1.00 INCH OR MORE: 0
[HDD (BASE 65) ]
TOTAL THIS MO. 23 CLEAR (SCALE 0-3) 30
DPTR FM NORMAL -3 PTCLDY (SCALE 4-7) 0
TOTAL FM JUL 1 2439 CLOUDY (SCALE 8-10) 0
DPTR FM NORMAL -323
[CDD (BASE 65) ]
TOTAL THIS MO. 252
DPTR FM NORMAL 102 [PRESSURE DATA]
TOTAL FM JAN 1 339 HIGHEST SLP 30.23 ON 10
DPTR FM NORMAL 126 LOWEST SLP 29.63 ON 28
[REMARKS]
#FINAL-06-21#