000
CXUS53 KMKX 010910
CF6RAC
PRELIMINARY LOCAL CLIMATOLOGICAL DATA (WS FORM: F-6)
STATION: RACINE WI
MONTH: JANUARY
YEAR: 2024
LATITUDE: 42 45 N
LONGITUDE: 87 49 W
TEMPERATURE IN F: :PCPN: SNOW: WIND :SUNSHINE: SKY :PK WND
================================================================================
1 2 3 4 5 6A 6B 7 8 9 10 11 12 13 14 15 16 17 18
12Z AVG MX 2MIN
DY MAX MIN AVG DEP HDD CDD WTR SNW DPTH SPD SPD DIR MIN PSBL S-S WX SPD DR
================================================================================
1 33 27 30 5 35 0 0.00 M M 9.2 18 350 M M 10 25 350
2 36 26 31 6 34 0 0.00 M M 11.7 20 240 M M 7 34 220
3 37 32 35 11 30 0 T M M 6.2 16 360 M M 10 21 10
4 34 26 30 6 35 0 0.00 M M 5.2 15 340 M M 7 20 330
5 39 24 32 8 33 0 0.00 M M 6.3 16 150 M M 2 24 140
6 36 34 35 11 30 0 0.17 M M 4.9 14 120 M M 10 1 19 120
7 35 33 34 10 31 0 0.00 M M 8.0 14 290 M M 10 18 20 320
8 37 30 34 10 31 0 T M M 9.1 20 110 M M 10 1 26 110
9 37 34 36 12 29 0 0.56 M M 18.7 29 10 M M 10 1 42 20
10 35 30 33 9 32 0 0.02 M M 9.0 21 330 M M 10 1 32 330
11 35 27 31 8 34 0 0.07 M M 6.4 17 310 M M 9 18 24 330
12 36 30 33 10 32 0 0.46 M M 18.2 32 90 M M 10 1 43 100
13 34 6 20 -3 45 0 0.04 M M 14.3 22 260 M M 9 18 35 300
14 5 -6 0 -23 65 0 T M M 15.2 24 260 M M 4 8 36 250
15 1 -9 -4 -27 69 0 0.00 M M 11.6 18 260 M M 3 8 27 270
16 3 -6 -1 -24 66 0 0.00 M M 14.0 22 260 M M 0 35 240
17 16 1 9 -14 56 0 0.00 M M 12.0 18 230 M M 2 29 250
18 18 13 16 -7 49 0 T M M 6.9 12 310 M M 5 8 17 330
19 15 9 12 -11 53 0 T M M 12.9 18 310 M M 10 8 27 300
20 19 6 13 -10 52 0 0.00 M M 9.9 17 310 M M 3 24 300
21 22 2 12 -11 53 0 0.00 M M 10.3 21 220 M M 2 27 210
22 34 22 28 5 37 0 T M M 10.0 20 200 M M 10 18 26 200
23 37 33 35 12 30 0 0.30 M M 5.1 8 20 M M 10 1 12 130
24 38 35 37 14 28 0 0.06 M M 4.5 8 360 M M 10 128 11 360
25 38 35 37 14 28 0 0.08 M M 6.7 16 20 M M 10 12 22 40
26 39 36 38 15 27 0 0.30 M M 8.1 16 10 M M 10 12 22 20
27 40 36 38 15 27 0 0.01 M M 6.5 21 10 M M 10 12 29 360
28 39 33 36 13 29 0 T M M 11.3 20 350 M M 10 18 29 10
29 41 31 36 13 29 0 T M M 9.6 18 220 M M 6 1 25 230
30 40 37 39 16 26 0 0.00 M M 6.7 15 10 M M 10 18 20 10
31 40 35 38 15 27 0 0.00 M M 10.0 20 230 M M 7 33 240
================================================================================
SM 949 702 1182 0 2.07 M 298.5 M 236
================================================================================
AV 30.6 22.6 9.6 FASTST M M 8 MAX(MPH)
MISC ----> 32 90 43 100
================================================================================
NOTES:
# LAST OF SEVERAL OCCURRENCES
COLUMN 17 PEAK WIND IN M.P.H.
PRELIMINARY LOCAL CLIMATOLOGICAL DATA (WS FORM: F-6) , PAGE 2
STATION: RACINE WI
MONTH: JANUARY
YEAR: 2024
LATITUDE: 42 45 N
LONGITUDE: 87 49 W
[TEMPERATURE DATA] [PRECIPITATION DATA] SYMBOLS USED IN COLUMN 16
AVERAGE MONTHLY: 26.6 TOTAL FOR MONTH: 2.07 1 = FOG OR MIST
DPTR FM NORMAL: 3.3 DPTR FM NORMAL: 0.82 2 = FOG REDUCING VISIBILITY
HIGHEST: 41 ON 29 GRTST 24HR 0.56 ON 9- 9 TO 1/4 MILE OR LESS
LOWEST: -9 ON 15 3 = THUNDER
SNOW, ICE PELLETS, HAIL 4 = ICE PELLETS
TOTAL MONTH: M 5 = HAIL
GRTST 24HR M ON M 6 = FREEZING RAIN OR DRIZZLE
GRTST DEPTH: M ON M 7 = DUSTSTORM OR SANDSTORM:
VSBY 1/2 MILE OR LESS
8 = SMOKE OR HAZE
[NO. OF DAYS WITH] [WEATHER - DAYS WITH] 9 = BLOWING SNOW
X = TORNADO
MAX 32 OR BELOW: 8 0.01 INCH OR MORE: 11
MAX 90 OR ABOVE: 0 0.10 INCH OR MORE: 5
MIN 32 OR BELOW: 20 0.50 INCH OR MORE: 1
MIN 0 OR BELOW: 3 1.00 INCH OR MORE: 0
[HDD (BASE 65) ]
TOTAL THIS MO. 1182 CLEAR (SCALE 0-3) 5
DPTR FM NORMAL -112 PTCLDY (SCALE 4-7) 7
TOTAL FM JUL 1 3069 CLOUDY (SCALE 8-10) 19
DPTR FM NORMAL -633
[CDD (BASE 65) ]
TOTAL THIS MO. 0
DPTR FM NORMAL 0 [PRESSURE DATA]
TOTAL FM JAN 1 0 HIGHEST SLP 30.64 ON 21
DPTR FM NORMAL 0 LOWEST SLP 29.02 ON 9
[REMARKS]
#FINAL-01-24#