000
CXUS53 KOAX 171911
CF6OFK
PRELIMINARY LOCAL CLIMATOLOGICAL DATA (WS FORM: F-6)
STATION: NORFOLK NE
MONTH: JANUARY
YEAR: 2022
LATITUDE: 41 58 N
LONGITUDE: 97 26 W
TEMPERATURE IN F: :PCPN: SNOW: WIND :SUNSHINE: SKY :PK WND
================================================================================
1 2 3 4 5 6A 6B 7 8 9 10 11 12 13 14 15 16 17 18
12Z AVG MX 2MIN
DY MAX MIN AVG DEP HDD CDD WTR SNW DPTH SPD SPD DIR MIN PSBL S-S WX SPD DR
================================================================================
1 4 -5 0 -22 65 0 0.02 0.5 T 15.5 26 350 M M 6 34 350
2 19 -12 4 -18 61 0 0.00 0.0 1 5.0 14 200 M M 0 18 190
3 51 7 29 7 36 0 0.00 0.0 1 9.6 25 220 M M 0 34 220
4 54 10 32 10 33 0 T T 0 19.7 40 320 M M 1 58 330
5 10 1 6 -16 59 0 0.00 0.0 0 21.7 33 310 M M 1 8 47 300
6 8 -6 1 -21 64 0 0.00 0.0 0 12.5 23 320 M M 1 29 320
7 25 3 14 -8 51 0 0.00 0.0 0 16.3 26 160 M M 3 39 180
8 46 14 30 8 35 0 0.00 0.0 0 16.4 32 340 M M 0 43 340
9 31 5 18 -4 47 0 0.00 0.0 0 10.5 28 340 M M 0 37 340
10 36 13 25 3 40 0 0.00 0.0 0 5.9 13 140 M M 0 17 140
11 58 19 39 17 26 0 0.00 0.0 0 9.0 22 310 M M 0 30 320
12 58 24 41 19 24 0 0.00 0.0 0 8.6 21 310 M M 2 31 330
13 52 31 42 20 23 0 0.00 0.0 0 8.9 17 340 M M 0 22 320
14 40 16 28 6 37 0 T T 0 16.8 35 350 M M 8 45 350
15 24 2 13 -9 52 0 T 0.2 T 10.2 29 360 M M 2 40 360
16 50 14 32 10 33 0 0.00 0.0 T 14.4 32 330 M M 2 44 330
17 54 18 36 14 29 0 0.00 0.0 0 4.6 20 200 M M 3 26 220
18 62 19 41 19 24 0 0.00 0.0 0 12.0 35 350 M M 1 45 360
19 21 -1 10 -12 55 0 0.00 0.0 0 18.3 32 350 M M 2 42 340
20 17 -7 5 -17 60 0 0.00 0.0 0 6.1 15 170 M M 0 21 170
21 29 5 17 -5 48 0 0.02 0.4 0 15.1 32 200 M M 3 8 43 190
22 50 17 34 12 31 0 T 0.0 T 11.5 26 230 M M 4 36 250
23 46 15 31 9 34 0 T 0.0 0 11.6 28 340 M M 8 39 340
24 46 4 25 3 40 0 0.00 0.0 0 13.8 26 340 M M 4 35 340
25 21 -4 9 -13 56 0 0.00 0.0 0 6.1 16 350 M M 4 22 320
26 41 -2 20 -2 45 0 0.00 0.0 0 16.6 31 210 M M 2 42 210
27 43 15 29 7 36 0 T T 0 13.3 28 320 M M 9 35 330
28 40 7 24 1 41 0 0.00 0.0 0 6.8 14 200 M M 4 24 230
29 58 14 36 13 29 0 0.00 0.0 0 8.4 23 300 M M 0 31 300
30 47 18 33 10 32 0 0.00 0.0 0 6.7 17 190 M M 1 21 180
31 61 23 42 19 23 0 0.00 0.0 0 7.9 21 210 M M 0 33 250
================================================================================
SM 1202 277 1269 0 0.04 1.1 359.8 M 71
================================================================================
AV 38.8 8.9 11.6 FASTST M M 2 MAX(MPH)
MISC ----> 40 320 58 330
================================================================================
NOTES:
# LAST OF SEVERAL OCCURRENCES
COLUMN 17 PEAK WIND IN M.P.H.
PRELIMINARY LOCAL CLIMATOLOGICAL DATA (WS FORM: F-6) , PAGE 2
STATION: NORFOLK NE
MONTH: JANUARY
YEAR: 2022
LATITUDE: 41 58 N
LONGITUDE: 97 26 W
[TEMPERATURE DATA] [PRECIPITATION DATA] SYMBOLS USED IN COLUMN 16
AVERAGE MONTHLY: 23.9 TOTAL FOR MONTH: 0.04 1 = FOG OR MIST
DPTR FM NORMAL: 1.6 DPTR FM NORMAL: -0.57 2 = FOG REDUCING VISIBILITY
HIGHEST: 62 ON 18 GRTST 24HR 0.12 ON 14-14 TO 1/4 MILE OR LESS
LOWEST: -12 ON 2 3 = THUNDER
SNOW, ICE PELLETS, HAIL 4 = ICE PELLETS
TOTAL MONTH: 1.1 INCHES 5 = HAIL
GRTST 24HR 0.5 ON 1- 1 6 = FREEZING RAIN OR DRIZZLE
GRTST DEPTH: 1 ON 3, 2 7 = DUSTSTORM OR SANDSTORM:
VSBY 1/2 MILE OR LESS
8 = SMOKE OR HAZE
[NO. OF DAYS WITH] [WEATHER - DAYS WITH] 9 = BLOWING SNOW
X = TORNADO
MAX 32 OR BELOW: 11 0.01 INCH OR MORE: 2
MAX 90 OR ABOVE: 0 0.10 INCH OR MORE: 0
MIN 32 OR BELOW: 31 0.50 INCH OR MORE: 0
MIN 0 OR BELOW: 7 1.00 INCH OR MORE: 0
[HDD (BASE 65) ]
TOTAL THIS MO. 1269 CLEAR (SCALE 0-3) 22
DPTR FM NORMAL -56 PTCLDY (SCALE 4-7) 7
TOTAL FM JUL 1 3262 CLOUDY (SCALE 8-10) 2
DPTR FM NORMAL -712
[CDD (BASE 65) ]
TOTAL THIS MO. 0
DPTR FM NORMAL 0 [PRESSURE DATA]
TOTAL FM JAN 1 0 HIGHEST SLP 30.80 ON 20
DPTR FM NORMAL 0 LOWEST SLP 29.41 ON 4
[REMARKS]
#FINAL-01-22#