000
CXUS53 KOAX 011533
CF6OFK
PRELIMINARY LOCAL CLIMATOLOGICAL DATA (WS FORM: F-6)
STATION: NORFOLK NE
MONTH: MARCH
YEAR: 2020
LATITUDE: 41 58 N
LONGITUDE: 97 26 W
TEMPERATURE IN F: :PCPN: SNOW: WIND :SUNSHINE: SKY :PK WND
================================================================================
1 2 3 4 5 6A 6B 7 8 9 10 11 12 13 14 15 16 17 18
12Z AVG MX 2MIN
DY MAX MIN AVG DEP HDD CDD WTR SNW DPTH SPD SPD DIR MIN PSBL S-S WX SPD DR
================================================================================
1 55 28 42 11 23 0 0.00 0.0 0 14.7 26 340 M M 1 36 340
2 49 25 37 5 28 0 0.00 0.0 0 11.2 22 210 M M 3 28 220
3 59 31 45 13 20 0 0.00 0.0 0 12.0 25 280 M M 2 35 290
4 64 30 47 14 18 0 0.00 0.0 0 14.6 31 330 M M 0 42 320
5 51 29 40 7 25 0 0.00 0.0 0 22.4 40 300 M M 2 8 57 300
6 55 16 36 3 29 0 0.00 0.0 0 11.0 25 160 M M 0 36 180
7 73 40 57 23 8 0 0.00 0.0 0 20.3 32 190 M M 0 47 190
8 73 38 56 22 9 0 0.00 0.0 0 18.1 28 210 M M 1 37 190
9 38 26 32 -3 33 0 0.36 T 0 15.1 25 10 M M 8 16 33 340
10 41 20 31 -4 34 0 0.06 0.0 0 7.0 20 190 M M 7 1 26 190
11 64 29 47 12 18 0 0.00 0.0 0 11.5 22 210 M M 5 12 30 180
12 54 29 42 6 23 0 0.00 0.0 0 18.5 33 340 M M 3 47 320
13 44 22 33 -3 32 0 0.08 T 0 3.8 17 160 M M 6 1 22 170
14 33 30 32 -5 33 0 0.20 2.2 2 10.7 18 80 M M 10 1 26 80
15 32 29 31 -6 34 0 0.00 0.0 0 10.3 17 140 M M 10 18 21 140
16 45 32 39 2 26 0 0.00 0.0 0 8.4 18 330 M M 10 1 22 340
17 43 23 33 -5 32 0 T 0.0 0 9.1 17 170 M M 6 1 23 160
18 54 41 48 10 17 0 0.00 0.0 0 6.1 15 160 M M 10 18 20 160
19 47 21 34 -5 31 0 1.09 3.0 3 17.6 40 340 M M 10 1 51 340
20 24 13 19 -20 46 0 T T 0 15.1 40 340 M M 2 9 52 340
21 43 20 32 -7 33 0 0.00 0.0 0 11.0 22 170 M M 5 30 190
22 45 31 38 -2 27 0 0.00 0.0 0 10.8 21 160 M M 5 28 150
23 49 41 45 5 20 0 0.00 0.0 0 6.5 15 140 M M 10 1 21 150
24 59 43 51 10 14 0 0.00 0.0 0 14.7 22 190 M M 7 1 30 180
25 55 38 47 6 18 0 0.00 0.0 0 9.3 22 340 M M 9 128 26 10
26 52 36 44 3 21 0 0.00 0.0 0 10.2 16 20 M M 9 1 21 80
27 46 42 44 2 21 0 0.01 0.0 0 7.8 14 20 M M 10 1 19 20
28 46 36 41 -1 24 0 1.21 0.0 0 19.8 43 330 M M 10 13 57 320
29 61 33 47 4 18 0 0.00 0.0 0 11.5 23 330 M M 0 30 310
30 67 29 48 5 17 0 0.00 0.0 0 8.0 20 140 M M 5 25 130
31 69 44 57 14 8 0 T 0.0 0 10.1 22 190 M M 6 29 190
================================================================================
SM 1590 945 740 0 3.01 5.2 377.2 M 172
================================================================================
AV 51.3 30.5 12.2 FASTST M M 6 MAX(MPH)
MISC ----> # 43 330 # 57 300
================================================================================
NOTES:
# LAST OF SEVERAL OCCURRENCES
COLUMN 17 PEAK WIND IN M.P.H.
PRELIMINARY LOCAL CLIMATOLOGICAL DATA (WS FORM: F-6) , PAGE 2
STATION: NORFOLK NE
MONTH: MARCH
YEAR: 2020
LATITUDE: 41 58 N
LONGITUDE: 97 26 W
[TEMPERATURE DATA] [PRECIPITATION DATA] SYMBOLS USED IN COLUMN 16
AVERAGE MONTHLY: 40.9 TOTAL FOR MONTH: 3.01 1 = FOG OR MIST
DPTR FM NORMAL: 3.5 DPTR FM NORMAL: 1.24 2 = FOG REDUCING VISIBILITY
HIGHEST: 73 ON 8, 7 GRTST 24HR 1.21 ON 28-28 TO 1/4 MILE OR LESS
LOWEST: 13 ON 20 3 = THUNDER
SNOW, ICE PELLETS, HAIL 4 = ICE PELLETS
TOTAL MONTH: 5.2 INCHES 5 = HAIL
GRTST 24HR 3.0 ON 19-19 6 = FREEZING RAIN OR DRIZZLE
GRTST DEPTH: 3 ON 19 7 = DUSTSTORM OR SANDSTORM:
VSBY 1/2 MILE OR LESS
8 = SMOKE OR HAZE
[NO. OF DAYS WITH] [WEATHER - DAYS WITH] 9 = BLOWING SNOW
X = TORNADO
MAX 32 OR BELOW: 2 0.01 INCH OR MORE: 7
MAX 90 OR ABOVE: 0 0.10 INCH OR MORE: 4
MIN 32 OR BELOW: 20 0.50 INCH OR MORE: 2
MIN 0 OR BELOW: 0 1.00 INCH OR MORE: 2
[HDD (BASE 65) ]
TOTAL THIS MO. 740 CLEAR (SCALE 0-3) 10
DPTR FM NORMAL -116 PTCLDY (SCALE 4-7) 10
TOTAL FM JUL 1 5659 CLOUDY (SCALE 8-10) 11
DPTR FM NORMAL -290
[CDD (BASE 65) ]
TOTAL THIS MO. 0
DPTR FM NORMAL 0 [PRESSURE DATA]
TOTAL FM JAN 1 0 HIGHEST SLP 30.71 ON 20
DPTR FM NORMAL 0 LOWEST SLP 29.40 ON 28
[REMARKS]
#FINAL-03-20#