000
CXUS53 KOAX 162248
CF6OFK
PRELIMINARY LOCAL CLIMATOLOGICAL DATA (WS FORM: F-6)
STATION: NORFOLK NE
MONTH: DECEMBER
YEAR: 2021
LATITUDE: 41 58 N
LONGITUDE: 97 26 W
TEMPERATURE IN F: :PCPN: SNOW: WIND :SUNSHINE: SKY :PK WND
================================================================================
1 2 3 4 5 6A 6B 7 8 9 10 11 12 13 14 15 16 17 18
12Z AVG MX 2MIN
DY MAX MIN AVG DEP HDD CDD WTR SNW DPTH SPD SPD DIR MIN PSBL S-S WX SPD DR
================================================================================
1 66 35 51 21 14 0 0.00 0.0 0 10.4 23 230 M M 0 30 260
2 66 40 53 23 12 0 0.00 0.0 0 7.4 16 270 M M 0 22 270
3 56 34 45 16 20 0 0.00 0.0 0 11.0 21 330 M M 1 26 330
4 45 34 40 11 25 0 0.00 0.0 0 11.7 21 130 M M 6 27 130
5 52 28 40 11 25 0 0.00 0.0 0 17.8 38 330 M M 2 51 320
6 30 11 21 -7 44 0 T T 0 12.7 31 330 M M 2 42 340
7 36 18 27 -1 38 0 0.00 0.0 0 10.3 22 230 M M 3 29 200
8 46 15 31 3 34 0 0.00 0.0 0 9.2 21 140 M M 1 29 140
9 54 34 44 17 21 0 0.00 0.0 0 11.2 25 340 M M 0 33 340
10 37 28 33 6 32 0 0.20 2.6 0 17.8 29 330 M M 10 168 39 330
11 34 22 28 1 37 0 0.00 0.0 3 13.5 21 210 M M 2 27 200
12 43 27 35 9 30 0 0.00 0.0 1 9.5 21 220 M M 0 27 220
13 48 23 36 10 29 0 0.00 0.0 1 3.7 10 130 M M 0 12 240
14 47 24 36 10 29 0 0.00 0.0 T 4.7 12 180 M M 0 18 14 180
15 67 26 47 21 18 0 0.30 T 0 19.3 44 300 M M 4 1238 62 290
16 41 23 32 7 33 0 0.00 0.0 0 10.9 30 300 M M 1 44 300
17 42 24 33 8 32 0 0.00 0.0 0 9.0 22 300 M M 3 8 29 300
18 28 11 20 -5 45 0 T T 0 12.7 29 320 M M 8 42 310
19 42 12 27 3 38 0 0.00 0.0 0 13.8 33 200 M M 0 47 210
20 31 12 22 -2 43 0 0.00 0.0 0 11.4 28 340 M M 0 36 360
21 44 13 29 5 36 0 0.00 0.0 0 12.2 28 330 M M 0 38 320
22 55 17 36 12 29 0 0.00 0.0 0 6.9 18 210 M M 0 24 200
23 46 25 36 12 29 0 0.00 0.0 0 7.6 17 190 M M 0 24 200
24 58 31 45 21 20 0 0.00 0.0 0 9.4 23 350 M M 1 30 350
25 50 19 35 12 30 0 0.00 0.0 0 5.4 16 240 M M 1 22 220
26 41 21 31 8 34 0 0.00 0.0 0 9.0 22 110 M M 3 31 100
27 38 19 29 6 36 0 0.00 0.0 0 11.2 28 310 M M 0 41 310
28 30 7 19 -4 46 0 0.00 0.0 0 11.8 29 330 M M 2 36 320
29 28 5 17 -6 48 0 0.00 0.0 0 5.1 15 130 M M 4 18 130
30 44 13 29 6 36 0 0.00 0.0 0 7.4 28 210 M M 1 35 220
31 22 2 12 -11 53 0 T T 0 15.5 29 360 M M 6 18 36 360
================================================================================
SM 1367 653 996 0 0.50 2.6 329.5 M 61
================================================================================
AV 44.1 21.1 10.6 FASTST M M 2 MAX(MPH)
MISC ----> 44 300 62 290
================================================================================
NOTES:
# LAST OF SEVERAL OCCURRENCES
COLUMN 17 PEAK WIND IN M.P.H.
PRELIMINARY LOCAL CLIMATOLOGICAL DATA (WS FORM: F-6) , PAGE 2
STATION: NORFOLK NE
MONTH: DECEMBER
YEAR: 2021
LATITUDE: 41 58 N
LONGITUDE: 97 26 W
[TEMPERATURE DATA] [PRECIPITATION DATA] SYMBOLS USED IN COLUMN 16
AVERAGE MONTHLY: 32.6 TOTAL FOR MONTH: 0.50 1 = FOG OR MIST
DPTR FM NORMAL: 6.9 DPTR FM NORMAL: -0.34 2 = FOG REDUCING VISIBILITY
HIGHEST: 67 ON 15 GRTST 24HR 0.30 ON 15-15 TO 1/4 MILE OR LESS
LOWEST: 2 ON 31 3 = THUNDER
SNOW, ICE PELLETS, HAIL 4 = ICE PELLETS
TOTAL MONTH: 2.6 INCHES 5 = HAIL
GRTST 24HR 2.6 ON 10-10 6 = FREEZING RAIN OR DRIZZLE
GRTST DEPTH: 3 ON 11 7 = DUSTSTORM OR SANDSTORM:
VSBY 1/2 MILE OR LESS
8 = SMOKE OR HAZE
[NO. OF DAYS WITH] [WEATHER - DAYS WITH] 9 = BLOWING SNOW
X = TORNADO
MAX 32 OR BELOW: 6 0.01 INCH OR MORE: 2
MAX 90 OR ABOVE: 0 0.10 INCH OR MORE: 2
MIN 32 OR BELOW: 26 0.50 INCH OR MORE: 0
MIN 0 OR BELOW: 0 1.00 INCH OR MORE: 0
[HDD (BASE 65) ]
TOTAL THIS MO. 996 CLEAR (SCALE 0-3) 24
DPTR FM NORMAL -224 PTCLDY (SCALE 4-7) 6
TOTAL FM JUL 1 1993 CLOUDY (SCALE 8-10) 1
DPTR FM NORMAL -654
[CDD (BASE 65) ]
TOTAL THIS MO. 0
DPTR FM NORMAL 0 [PRESSURE DATA]
TOTAL FM JAN 1 1211 HIGHEST SLP 30.46 ON 18
DPTR FM NORMAL 304 LOWEST SLP 29.06 ON 15
[REMARKS]
#FINAL-12-21#