000
CXUS53 KGLD 051829
CF6ITR
PRELIMINARY LOCAL CLIMATOLOGICAL DATA (WS FORM: F-6)
STATION: BURLINGTON CO
MONTH: APRIL
YEAR: 2020
LATITUDE: 39 15 N
LONGITUDE: 102 17 W
TEMPERATURE IN F: :PCPN: SNOW: WIND :SUNSHINE: SKY :PK WND
================================================================================
1 2 3 4 5 6A 6B 7 8 9 10 11 12 13 14 15 16 17 18
12Z AVG MX 2MIN
DY MAX MIN AVG DEP HDD CDD WTR SNW DPTH SPD SPD DIR MIN PSBL S-S WX SPD DR
================================================================================
1 76 30 53 9 12 0 0.00 M M 8.4 26 350 M M 0 38 340
2 43 21 32 -12 33 0 T M M 21.4 29 10 M M 9 16 39 20
3 46 18 32 -13 33 0 0.00 M M 12.3 22 350 M M 5 31 360
4 57 20 39 -6 26 0 0.00 M M 15.8 25 180 M M 1 33 180
5 74 29 52 7 13 0 0.00 M M 15.9 24 130 M M 1 18 33 130
6 84 36 60 15 5 0 0.00 M M 9.9 20 200 M M 0 8 26 200
7 80 41 61 15 4 0 0.00 M M 10.4 18 10 M M 0 24 190
8 76 37 57 11 8 0 0.00 M M 12.8 28 330 M M 0 39 320
9 60 27 44 -2 21 0 0.00 M M 5.8 18 110 M M 3 25 130
10 76 30 53 7 12 0 T M M 14.3 32 200 M M 1 3 40 200
11 76 43 60 14 5 0 0.00 M M 11.1 33 50 M M 2 45 30
12 43 22 33 -14 32 0 T M M 21.6 36 10 M M 9 168 51 360
13 32 20 26 -21 39 0 0.03 M M 4.5 14 40 M M 10 18 17 40
14 48 11 30 -17 35 0 0.00 M M 12.7 28 290 M M 2 1 37 320
15 58 18 38 -10 27 0 0.00 M M 9.3 22 300 M M 4 28 290
16 37 27 32 -16 33 0 T M M 16.8 24 50 M M 9 1268 30 20
17 60 17 39 -9 26 0 0.00 M M 9.6 23 300 M M 1 29 290
18 71 33 52 4 13 0 0.00 M M 10.1 22 210 M M 1 28 210
19 68 35 52 3 13 0 0.00 M M 8.9 23 220 M M 2 27 220
20 72 34 53 4 12 0 0.00 M M 9.0 23 320 M M 2 30 310
21 73 31 52 3 13 0 0.00 M M 14.2 32 180 M M 3 47 180
22 76 34 55 5 10 0 0.00 M M 11.1 30 40 M M 1 8 43 40
23 76 37 57 7 8 0 0.05 M M 14.6 31 320 M M 2 41 320
24 60 36 48 -2 17 0 0.03 M M 15.2 33 360 M M 5 1 46 360
25 67 35 51 0 14 0 0.00 M M 10.6 22 320 M M 4 26 310
26 82 40 61 10 4 0 0.00 M M 11.9 26 210 M M 1 34 210
27 83 40 62 10 3 0 0.00 M M 10.2 23 310 M M 0 32 320
28 77 36 57 5 8 0 0.00 M M 17.3 25 20 M M 0 46 360
29 74 36 55 3 10 0 0.00 M M 13.9 25 360 M M 0 34 310
30 87 34 61 8 4 0 0.00 M M 12.2 21 180 M M 0 30 360
================================================================================
SM 1992 908 493 0 0.11 M 371.8 M 78
================================================================================
AV 66.4 30.3 12.4 FASTST M M 3 MAX(MPH)
MISC ----> 36 10 51 360
================================================================================
NOTES:
# LAST OF SEVERAL OCCURRENCES
COLUMN 17 PEAK WIND IN M.P.H.
PRELIMINARY LOCAL CLIMATOLOGICAL DATA (WS FORM: F-6) , PAGE 2
STATION: BURLINGTON CO
MONTH: APRIL
YEAR: 2020
LATITUDE: 39 15 N
LONGITUDE: 102 17 W
[TEMPERATURE DATA] [PRECIPITATION DATA] SYMBOLS USED IN COLUMN 16
AVERAGE MONTHLY: 48.3 TOTAL FOR MONTH: 0.11 1 = FOG OR MIST
DPTR FM NORMAL: 0.4 DPTR FM NORMAL: -1.35 2 = FOG REDUCING VISIBILITY
HIGHEST: 87 ON 30 GRTST 24HR 0.08 ON 23-24 TO 1/4 MILE OR LESS
LOWEST: 11 ON 14 3 = THUNDER
SNOW, ICE PELLETS, HAIL 4 = ICE PELLETS
TOTAL MONTH: M 5 = HAIL
GRTST 24HR M ON M 6 = FREEZING RAIN OR DRIZZLE
GRTST DEPTH: M ON M 7 = DUSTSTORM OR SANDSTORM:
VSBY 1/2 MILE OR LESS
8 = SMOKE OR HAZE
[NO. OF DAYS WITH] [WEATHER - DAYS WITH] 9 = BLOWING SNOW
X = TORNADO
MAX 32 OR BELOW: 1 0.01 INCH OR MORE: 3
MAX 90 OR ABOVE: 0 0.10 INCH OR MORE: 0
MIN 32 OR BELOW: 14 0.50 INCH OR MORE: 0
MIN 0 OR BELOW: 0 1.00 INCH OR MORE: 0
[HDD (BASE 65) ]
TOTAL THIS MO. 493 CLEAR (SCALE 0-3) 21
DPTR FM NORMAL -20 PTCLDY (SCALE 4-7) 5
TOTAL FM JUL 1 5357 CLOUDY (SCALE 8-10) 4
DPTR FM NORMAL -488
[CDD (BASE 65) ]
TOTAL THIS MO. 0
DPTR FM NORMAL -1 [PRESSURE DATA]
TOTAL FM JAN 1 0 HIGHEST SLP 30.35 ON 14
DPTR FM NORMAL -1 LOWEST SLP 29.35 ON 11
[REMARKS]
#FINAL-04-20#