000
CXUS56 KBOI 011002
CF6BNO
PRELIMINARY LOCAL CLIMATOLOGICAL DATA (WS FORM: F-6)
STATION: BURNS OR
MONTH: JUNE
YEAR: 2023
LATITUDE: 43 34 N
LONGITUDE: 118 57 W
TEMPERATURE IN F: :PCPN: SNOW: WIND :SUNSHINE: SKY :PK WND
================================================================================
1 2 3 4 5 6A 6B 7 8 9 10 11 12 13 14 15 16 17 18
12Z AVG MX 2MIN
DY MAX MIN AVG DEP HDD CDD WTR SNW DPTH SPD SPD DIR MIN PSBL S-S WX SPD DR
================================================================================
1 72 44 58 2 7 0 0.17 M M 5.8 25 220 M M 5 13 34 210
2 73 49 61 4 4 0 T M M 5.2 14 210 M M 5 18 220
3 78 42 60 3 5 0 0.00 M M 5.4 13 290 M M 0 20 200
4 83 47 65 8 0 0 0.00 M M 6.0 14 60 M M 1 20 60
5 82 50 66 9 0 1 0.00 M M 6.8 18 330 M M 1 38 25 330
6 84 50 67 10 0 2 0.00 M M 5.7 12 100 M M 1 18 140
7 84 52 68 11 0 3 T M M 5.9 25 130 M M 2 3 35 160
8 70 54 62 4 3 0 0.10 M M 4.4 14 90 M M 7 1 18 100
9 66 52 59 1 6 0 0.61 M M 4.7 17 340 M M 9 13 20 340
10 74 50 62 4 3 0 0.00 M M 2.8 8 320 M M 5 12 13 250
11 78 50 64 6 1 0 T M M 5.1 18 30 M M 3 3 28 30
12 83 48 66 8 0 1 0.00 M M 6.8 22 10 M M 3 1 28 360
13 80 54 67 8 0 2 0.04 M M 7.8 18 330 M M 5 3 27 340
14 M 43 M M M M 0.00 M M 7.8 14 290 M M 0 19 290
15 73 M M M M M 0.00 M M 8.6 16 10 M M 0 22 20
16 80 38 59 0 6 0 0.00 M M 6.2 13 150 M M 1 20 280
17 78 56 67 7 0 2 0.00 M M 9.5 20 260 M M 6 27 250
18 65 44 55 -5 10 0 0.00 M M 11.7 22 280 M M 4 32 300
19 57 33 45 -15 20 0 T M M 9.4 30 280 M M 6 40 280
20 58 30 44 -17 21 0 0.02 M M 5.7 18 300 M M 3 25 300
21 67 25 46 -15 19 0 0.00 M M 5.0 13 210 M M 1 19 170
22 74 33 54 -7 11 0 0.00 M M 5.7 15 100 M M 0 22 70
23 79 45 62 0 3 0 T M M 7.7 22 220 M M 2 30 290
24 78 39 59 -3 6 0 T M M 6.4 32 210 M M 2 3 46 220
25 80 48 64 2 1 0 0.05 M M 5.5 22 340 M M 3 13 29 340
26 78 46 62 -1 3 0 0.01 M M 5.8 21 80 M M 2 13 28 80
27 72 42 57 -6 8 0 0.25 M M 4.0 21 240 M M 5 3 28 240
28 78 43 61 -2 4 0 T M M 5.4 21 310 M M 1 3 29 320
29 86 49 68 4 0 3 0.00 M M 4.9 12 170 M M 0 17 160
30 91 49 70 6 0 5 0.00 M M 3.5 14 310 M M 0 19 300
================================================================================
SM 2201 1305 141 19 1.25 M 185.2 M 83
================================================================================
AV 75.9 45.0 6.2 FASTST M M 3 MAX(MPH)
MISC ----> 32 210 46 220
================================================================================
NOTES:
# LAST OF SEVERAL OCCURRENCES
COLUMN 17 PEAK WIND IN M.P.H.
PRELIMINARY LOCAL CLIMATOLOGICAL DATA (WS FORM: F-6) , PAGE 2
STATION: BURNS OR
MONTH: JUNE
YEAR: 2023
LATITUDE: 43 34 N
LONGITUDE: 118 57 W
[TEMPERATURE DATA] [PRECIPITATION DATA] SYMBOLS USED IN COLUMN 16
AVERAGE MONTHLY: 60.4 TOTAL FOR MONTH: 1.25 1 = FOG OR MIST
DPTR FM NORMAL: 0.7 DPTR FM NORMAL: 0.52 2 = FOG REDUCING VISIBILITY
HIGHEST: 91 ON 30 GRTST 24HR 0.66 ON 8- 9 TO 1/4 MILE OR LESS
LOWEST: 25 ON 21 3 = THUNDER
SNOW, ICE PELLETS, HAIL 4 = ICE PELLETS
TOTAL MONTH: M 5 = HAIL
GRTST 24HR M ON M 6 = FREEZING RAIN OR DRIZZLE
GRTST DEPTH: M ON M 7 = DUSTSTORM OR SANDSTORM:
VSBY 1/2 MILE OR LESS
8 = SMOKE OR HAZE
[NO. OF DAYS WITH] [WEATHER - DAYS WITH] 9 = BLOWING SNOW
X = TORNADO
MAX 32 OR BELOW: 0 0.01 INCH OR MORE: 8
MAX 90 OR ABOVE: 1 0.10 INCH OR MORE: 4
MIN 32 OR BELOW: 2 0.50 INCH OR MORE: 1
MIN 0 OR BELOW: 0 1.00 INCH OR MORE: 0
[HDD (BASE 65) ]
TOTAL THIS MO. 141 CLEAR (SCALE 0-3) 17
DPTR FM NORMAL -49 PTCLDY (SCALE 4-7) 12
TOTAL FM JUL 1 8008 CLOUDY (SCALE 8-10) 1
DPTR FM NORMAL 794
[CDD (BASE 65) ]
TOTAL THIS MO. 19
DPTR FM NORMAL -11 [PRESSURE DATA]
TOTAL FM JAN 1 29 HIGHEST SLP 30.25 ON 21
DPTR FM NORMAL -5 LOWEST SLP 29.69 ON 18
[REMARKS]
#FINAL-06-23#