371
CXUS56 KBOI 011446
CF6BNO
PRELIMINARY LOCAL CLIMATOLOGICAL DATA (WS FORM: F-6)
STATION: BURNS OR
MONTH: DECEMBER
YEAR: 2020
LATITUDE: 43 34 N
LONGITUDE: 118 57 W
TEMPERATURE IN F: :PCPN: SNOW: WIND :SUNSHINE: SKY :PK WND
================================================================================
1 2 3 4 5 6A 6B 7 8 9 10 11 12 13 14 15 16 17 18
12Z AVG MX 2MIN
DY MAX MIN AVG DEP HDD CDD WTR SNW DPTH SPD SPD DIR MIN PSBL S-S WX SPD DR
================================================================================
1 40 9 25 -2 40 0 0.00 M M 3.1 9 80 M M 1 1 10 80
2 41 8 25 -2 40 0 0.00 M M 10.6 25 70 M M 0 34 70
3 44 10 27 1 38 0 0.00 M M 6.2 17 80 M M 0 21 70
4 44 7 26 0 39 0 0.00 M M 2.6 8 310 M M 0 11 120
5 43 7 25 -1 40 0 0.00 M M 5.6 15 90 M M 1 18 90
6 39 12 26 0 39 0 0.13 M M 2.6 9 290 M M 8 128 12 150
7 30 12 21 -4 44 0 0.00 M M 1.4 7 20 M M 10 128 9 30
8 44 9 27 2 38 0 0.00 M M 1.8 10 320 M M 3 128 11 310
9 47 12 30 5 35 0 0.00 M M 4.6 16 320 M M 2 1 20 320
10 34 6 20 -4 45 0 0.00 M M 4.6 12 50 M M 5 128 14 280
11 36 8 22 -2 43 0 0.00 M M 5.3 13 260 M M 4 17 270
12 36 9 23 -1 42 0 0.02 M M 4.6 10 180 M M 4 1 13 290
13 32 19 26 2 39 0 0.10 M M 5.3 10 80 M M 9 1 14 80
14 34 13 24 0 41 0 T M M 2.1 7 40 M M 9 1 9 290
15 34 14 24 0 41 0 0.09 M M 1.7 7 200 M M 10 12 7 50
16 38 17 28 4 37 0 0.08 M M 4.4 12 110 M M 9 128 14 110
17 41 28 35 12 30 0 0.01 M M 8.8 22 290 M M 6 28 300
18 38 19 29 6 36 0 0.00 M M 3.2 9 360 M M 3 11 360
19 40 17 29 6 36 0 0.00 M M 3.1 12 300 M M 5 14 270
20 51 36 44 21 21 0 0.00 M M 7.4 18 250 M M 10 25 240
21 53 31 42 19 23 0 T M M 4.6 30 290 M M 2 41 290
22 39 18 29 6 36 0 T M M 13.7 31 290 M M 3 44 290
23 34 9 22 -1 43 0 0.00 M M 2.7 8 300 M M 0 9 310
24 36 7 22 -1 43 0 0.00 M M 4.9 15 100 M M 0 20 90
25 36 10 23 0 42 0 0.14 M M 5.2 13 60 M M 7 12 19 70
26 41 11 26 3 39 0 T M M 4.6 17 310 M M 6 1 22 320
27 35 6 21 -2 44 0 0.00 M M 5.8 14 80 M M 0 18 80
28 35 3 19 -4 46 0 0.00 M M 5.2 17 80 M M 0 22 70
29 26 -2 12 -11 53 0 0.00 M M 0.5 6 310 M M 4 128 7 140
30 41 22 32 9 33 0 0.13 M M 4.8 14 290 M M 10 1 19 280
31 39 15 27 3 38 0 T M M 2.2 9 60 M M 8 128 10 240
================================================================================
SM 1201 402 1204 0 0.70 M 143.2 M 139
================================================================================
AV 38.7 13.0 4.6 FASTST M M 4 MAX(MPH)
MISC ----> 31 290 44 290
================================================================================
NOTES:
# LAST OF SEVERAL OCCURRENCES
COLUMN 17 PEAK WIND IN M.P.H.
PRELIMINARY LOCAL CLIMATOLOGICAL DATA (WS FORM: F-6) , PAGE 2
STATION: BURNS OR
MONTH: DECEMBER
YEAR: 2020
LATITUDE: 43 34 N
LONGITUDE: 118 57 W
[TEMPERATURE DATA] [PRECIPITATION DATA] SYMBOLS USED IN COLUMN 16
AVERAGE MONTHLY: 25.9 TOTAL FOR MONTH: 0.70 1 = FOG OR MIST
DPTR FM NORMAL: 1.7 DPTR FM NORMAL: -0.85 2 = FOG REDUCING VISIBILITY
HIGHEST: 53 ON 21 GRTST 24HR 0.14 ON 25-25 TO 1/4 MILE OR LESS
LOWEST: -2 ON 29 3 = THUNDER
SNOW, ICE PELLETS, HAIL 4 = ICE PELLETS
TOTAL MONTH: M 5 = HAIL
GRTST 24HR M ON M 6 = FREEZING RAIN OR DRIZZLE
GRTST DEPTH: M ON M 7 = DUSTSTORM OR SANDSTORM:
VSBY 1/2 MILE OR LESS
8 = SMOKE OR HAZE
[NO. OF DAYS WITH] [WEATHER - DAYS WITH] 9 = BLOWING SNOW
X = TORNADO
MAX 32 OR BELOW: 3 0.01 INCH OR MORE: 8
MAX 90 OR ABOVE: 0 0.10 INCH OR MORE: 4
MIN 32 OR BELOW: 30 0.50 INCH OR MORE: 0
MIN 0 OR BELOW: 1 1.00 INCH OR MORE: 0
[HDD (BASE 65) ]
TOTAL THIS MO. 1204 CLEAR (SCALE 0-3) 13
DPTR FM NORMAL -62 PTCLDY (SCALE 4-7) 10
TOTAL FM JUL 1 2909 CLOUDY (SCALE 8-10) 8
DPTR FM NORMAL -362
[CDD (BASE 65) ]
TOTAL THIS MO. 0
DPTR FM NORMAL 0 [PRESSURE DATA]
TOTAL FM JAN 1 369 HIGHEST SLP 30.69 ON 23
DPTR FM NORMAL 154 LOWEST SLP 29.76 ON 21
[REMARKS]
#FINAL-12-20#