000
CXUS53 KMPX 050531
CF6EAU
PRELIMINARY LOCAL CLIMATOLOGICAL DATA (WS FORM: F-6)
STATION: EAU CLAIRE WI
MONTH: JUNE
YEAR: 2022
LATITUDE: 44 52 N
LONGITUDE: 91 29 W
TEMPERATURE IN F: :PCPN: SNOW: WIND :SUNSHINE: SKY :PK WND
================================================================================
1 2 3 4 5 6A 6B 7 8 9 10 11 12 13 14 15 16 17 18
12Z AVG MX 2MIN
DY MAX MIN AVG DEP HDD CDD WTR SNW DPTH SPD SPD DIR MIN PSBL S-S WX SPD DR
================================================================================
1 70 49 60 -3 5 0 0.00 0.0 0 6.9 16 270 M M 0 23 310
2 77 46 62 -1 3 0 0.00 0.0 0 10.5 32 250 M M 1 55 250
3 70 41 56 -8 9 0 0.00 0.0 0 8.6 18 290 M M 0 27 280
4 68 40 54 -10 11 0 0.00 0.0 0 7.6 18 200 M M 0 26 220
5 65 48 57 -7 8 0 0.15 0.0 0 5.9 13 130 M M 8 18 15 130
6 76 58 67 3 0 2 0.45 0.0 0 6.4 14 70 M M 7 1 19 50
7 75 51 63 -2 2 0 0.00 0.0 0 3.5 9 70 M M 4 14 60
8 74 57 66 1 0 1 0.06 0.0 0 4.4 23 320 M M 7 31 330
9 79 46 63 -2 2 0 0.00 0.0 0 5.7 17 300 M M 1 8 24 290
10 81 47 64 -2 1 0 0.00 0.0 0 2.3 10 350 M M 1 12 16 340
11 75 59 67 1 0 2 0.19 0.0 0 5.1 13 50 M M 6 1 18 260
12 78 57 68 2 0 3 0.00 0.0 0 8.0 15 160 M M 6 19 120
13 73 58 66 -1 0 1 0.07 0.0 0 9.7 20 110 M M 5 3 30 110
14 95 68 82 15 0 17 0.00 0.0 0 12.1 25 160 M M 5 1 36 200
15 80 60 70 3 0 5 0.63 0.0 0 5.1 22 290 M M 5 13 33 280
16 80 59 70 2 0 5 0.00 0.0 0 13.3 29 260 M M 2 42 250
17 82 56 69 1 0 4 0.00 0.0 0 7.3 16 350 M M 0 23 330
18 79 54 67 -1 0 2 0.00 0.0 0 8.7 16 150 M M 0 25 100
19 87 59 73 5 0 8 0.00 0.0 0 11.5 18 170 M M 0 26 160
20 96 70 83 15 0 18 0.00 0.0 0 11.4 21 190 M M 0 29 180
21 89 68 79 10 0 14 0.01 0.0 0 10.5 23 330 M M 1 3 33 330
22 83 60 72 3 0 7 0.00 0.0 0 7.4 17 300 M M 0 26 270
23 92 55 74 5 0 9 0.00 0.0 0 8.4 21 200 M M 0 1 28 170
24 92 69 81 12 0 16 0.00 0.0 0 10.8 21 180 M M 2 27 180
25 82 65 74 4 0 9 0.88 0.0 0 5.9 21 320 M M 5 138 28 310
26 74 56 65 -5 0 0 0.00 0.0 0 12.7 28 310 M M 2 41 290
27 80 47 64 -6 1 0 0.00 0.0 0 4.5 10 270 M M 1 16 280
28 78 57 68 -2 0 3 0.05 0.0 0 6.2 16 220 M M 4 13 24 220
29 84 50 67 -3 0 2 0.00 0.0 0 9.3 21 170 M M 1 12 29 180
30 82 68 75 5 0 10 0.02 0.0 0 11.4 29 250 M M 2 3 39 250
================================================================================
SM 2396 1678 42 138 2.51 0.0 241.1 M 76
================================================================================
AV 79.9 55.9 8.0 FASTST M M 3 MAX(MPH)
MISC ----> 32 250 55 250
================================================================================
NOTES:
# LAST OF SEVERAL OCCURRENCES
COLUMN 17 PEAK WIND IN M.P.H.
PRELIMINARY LOCAL CLIMATOLOGICAL DATA (WS FORM: F-6) , PAGE 2
STATION: EAU CLAIRE WI
MONTH: JUNE
YEAR: 2022
LATITUDE: 44 52 N
LONGITUDE: 91 29 W
[TEMPERATURE DATA] [PRECIPITATION DATA] SYMBOLS USED IN COLUMN 16
AVERAGE MONTHLY: 67.9 TOTAL FOR MONTH: 2.51 1 = FOG OR MIST
DPTR FM NORMAL: 0.8 DPTR FM NORMAL: -2.32 2 = FOG REDUCING VISIBILITY
HIGHEST: 96 ON 20 GRTST 24HR 0.88 ON 25-25 TO 1/4 MILE OR LESS
LOWEST: 40 ON 4 3 = THUNDER
SNOW, ICE PELLETS, HAIL 4 = ICE PELLETS
TOTAL MONTH: 0.0 INCH 5 = HAIL
GRTST 24HR 0.0 6 = FREEZING RAIN OR DRIZZLE
GRTST DEPTH: 0 7 = DUSTSTORM OR SANDSTORM:
VSBY 1/2 MILE OR LESS
8 = SMOKE OR HAZE
[NO. OF DAYS WITH] [WEATHER - DAYS WITH] 9 = BLOWING SNOW
X = TORNADO
MAX 32 OR BELOW: 0 0.01 INCH OR MORE: 10
MAX 90 OR ABOVE: 4 0.10 INCH OR MORE: 5
MIN 32 OR BELOW: 0 0.50 INCH OR MORE: 2
MIN 0 OR BELOW: 0 1.00 INCH OR MORE: 0
[HDD (BASE 65) ]
TOTAL THIS MO. 42 CLEAR (SCALE 0-3) 19
DPTR FM NORMAL -15 PTCLDY (SCALE 4-7) 11
TOTAL FM JUL 1 7864 CLOUDY (SCALE 8-10) 0
DPTR FM NORMAL -62
[CDD (BASE 65) ]
TOTAL THIS MO. 138
DPTR FM NORMAL 18 [PRESSURE DATA]
TOTAL FM JAN 1 190 HIGHEST SLP 30.30 ON 18
DPTR FM NORMAL 40 LOWEST SLP 29.56 ON 14
[REMARKS]
#FINAL-06-22#