000
CXUS54 KBMX 011010
CF6MGM
PRELIMINARY LOCAL CLIMATOLOGICAL DATA (WS FORM: F-6)
STATION: MONTGOMERY
MONTH: JULY
YEAR: 2023
LATITUDE: 32 17 N
LONGITUDE: 86 24 W
TEMPERATURE IN F: :PCPN: SNOW: WIND :SUNSHINE: SKY :PK WND
================================================================================
1 2 3 4 5 6A 6B 7 8 9 10 11 12 13 14 15 16 17 18
12Z AVG MX 2MIN
DY MAX MIN AVG DEP HDD CDD WTR SNW DPTH SPD SPD DIR MIN PSBL S-S WX SPD DR
================================================================================
1 98 73 86 4 0 21 0.00 0.0 M 5.6 18 20 M M 1 3 29 10
2 98 73 86 4 0 21 0.87 0.0 0 5.5 41 150 M M 1 13 57 160
3 94 73 84 2 0 19 0.00 0.0 0 4.4 15 10 M M 1 1 21 20
4 92 75 84 2 0 19 0.02 0.0 0 4.1 14 310 M M 1 3 19 260
5 92 74 83 1 0 18 0.00 0.0 0 3.3 24 360 M M 4 13 35 360
6 94 75 85 3 0 20 0.00 0.0 0 5.7 15 320 M M 2 3 22 310
7 93 72 83 0 0 18 1.23 0.0 0 5.0 28 60 M M 5 13 33 60
8 91 72 82 -1 0 17 0.29 0.0 0 5.2 28 350 M M 2 38 36 350
9 89 73 81 -2 0 16 0.10 0.0 0 4.5 16 220 M M 6 13 22 210
10 90 75 83 0 0 18 0.41 0.0 0 5.2 14 300 M M 6 1 20 330
11 92 72 82 -1 0 17 0.00 0.0 0 2.7 9 250 M M 1 13 260
12 93 74 84 1 0 19 T 0.0 M 4.5 28 220 M M 3 13 36 220
13 89 72 81 -2 0 16 2.02 0.0 0 4.0 24 240 M M 6 138 33 240
14 92 76 84 1 0 19 0.00 0.0 0 3.0 15 280 M M 6 13 19 270
15 95 74 85 2 0 20 0.00 0.0 0 6.2 18 300 M M 1 25 310
16 94 74 84 1 0 19 0.91 0.0 0 4.4 23 340 M M 4 13 36 340
17 92 76 84 1 0 19 0.00 0.0 0 2.5 8 320 M M 0 18 13 330
18 95 73 84 1 0 19 0.03 0.0 0 2.6 17 350 M M 1 13 24 330
19 95 76 86 3 0 21 0.00 0.0 0 3.3 12 10 M M 1 3 15 10
20 97 77 87 4 0 22 0.00 0.0 M 5.2 13 230 M M 0 19 220
21 97 76 87 4 0 22 0.25 0.0 0 7.3 32 360 M M 2 138 48 360
22 92 73 83 0 0 18 0.07 0.0 0 5.5 20 200 M M 3 13 30 200
23 92 73 83 0 0 18 0.00 0.0 0 3.4 12 320 M M 3 3 15 310
24 94 70 82 -1 0 17 0.00 0.0 0 2.8 10 340 M M 1 14 340
25 95 69 82 -1 0 17 0.00 0.0 0 2.5 8 20 M M 0 14 10
26 96 72 84 1 0 19 0.00 0.0 0 2.5 10 330 M M 1 13 170
27 98 75 87 4 0 22 0.00 0.0 0 1.8 9 110 M M 1 12 100
28 97 77 87 4 0 22 0.00 0.0 0 3.3 21 70 M M 1 3 25 80
29 98 76 87 4 0 22 0.00 0.0 0 4.3 15 210 M M 1 3 21 190
30 97 73 85 2 0 20 0.48 0.0 0 5.4 24 330 M M 1 13 37 10
31 95 73 84 1 0 19 0.00 0.0 0 3.5 13 310 M M 4 12 18 300
================================================================================
SM 2916 2286 0 594 6.68 0.0 129.2 M 70
================================================================================
AV 94.1 73.7 4.2 FASTST M M 2 MAX(MPH)
MISC ----> 41 150 57 160
================================================================================
NOTES:
# LAST OF SEVERAL OCCURRENCES
COLUMN 17 PEAK WIND IN M.P.H.
PRELIMINARY LOCAL CLIMATOLOGICAL DATA (WS FORM: F-6) , PAGE 2
STATION: MONTGOMERY
MONTH: JULY
YEAR: 2023
LATITUDE: 32 17 N
LONGITUDE: 86 24 W
[TEMPERATURE DATA] [PRECIPITATION DATA] SYMBOLS USED IN COLUMN 16
AVERAGE MONTHLY: 83.9 TOTAL FOR MONTH: 6.68 1 = FOG OR MIST
DPTR FM NORMAL: 1.0 DPTR FM NORMAL: 1.62 2 = FOG REDUCING VISIBILITY
HIGHEST: 98 ON 29,27 GRTST 24HR 2.02 ON 12-13 TO 1/4 MILE OR LESS
LOWEST: 69 ON 25 3 = THUNDER
SNOW, ICE PELLETS, HAIL 4 = ICE PELLETS
TOTAL MONTH: 0.0 INCH 5 = HAIL
GRTST 24HR 0.0 6 = FREEZING RAIN OR DRIZZLE
GRTST DEPTH: 0 7 = DUSTSTORM OR SANDSTORM:
VSBY 1/2 MILE OR LESS
8 = SMOKE OR HAZE
[NO. OF DAYS WITH] [WEATHER - DAYS WITH] 9 = BLOWING SNOW
X = TORNADO
MAX 32 OR BELOW: 0 0.01 INCH OR MORE: 12
MAX 90 OR ABOVE: 29 0.10 INCH OR MORE: 9
MIN 32 OR BELOW: 0 0.50 INCH OR MORE: 4
MIN 0 OR BELOW: 0 1.00 INCH OR MORE: 2
[HDD (BASE 65) ]
TOTAL THIS MO. 0 CLEAR (SCALE 0-3) 23
DPTR FM NORMAL 0 PTCLDY (SCALE 4-7) 8
TOTAL FM JUL 1 0 CLOUDY (SCALE 8-10) 0
DPTR FM NORMAL 0
[CDD (BASE 65) ]
TOTAL THIS MO. 594
DPTR FM NORMAL 39 [PRESSURE DATA]
TOTAL FM JAN 1 1557 HIGHEST SLP 30.18 ON 25
DPTR FM NORMAL 120 LOWEST SLP 29.85 ON 10
[REMARKS]
#FINAL-07-23#