000
CXUS54 KFWD 010831
CF6CPT
PRELIMINARY LOCAL CLIMATOLOGICAL DATA (WS FORM: F-6)
STATION: CLEBURNE
MONTH: DECEMBER
YEAR: 2023
LATITUDE: 32 21 N
LONGITUDE: 97 24 W
TEMPERATURE IN F: :PCPN: SNOW: WIND :SUNSHINE: SKY :PK WND
================================================================================
1 2 3 4 5 6A 6B 7 8 9 10 11 12 13 14 15 16 17 18
12Z AVG MX 2MIN
DY MAX MIN AVG DEP HDD CDD WTR SNW DPTH SPD SPD DIR MIN PSBL S-S WX SPD DR
================================================================================
1 61 41 51 1 14 0 0.00 M M 9.0 15 320 M M 0 24 310
2 72 39 56 6 9 0 0.00 M M 6.0 14 300 M M 1 20 99
3 72 43 58 9 7 0 0.00 M M 9.0 16 230 M M 0 26 220
4 63 39 51 2 14 0 0.00 M M 5.7 20 360 M M 0 30 360
5 70 37 54 5 11 0 0.00 M M 4.0 9 20 M M 0 8 12 210
6 64 39 52 4 13 0 0.00 M M 6.8 13 200 M M 0 16 180
7 70 45 58 10 7 0 0.00 M M 13.0 21 180 M M 3 32 180
8 79 59 69 21 0 4 0.00 M M 12.4 15 180 M M 4 25 200
9 64 41 53 6 12 0 0.00 M M 13.2 20 330 M M 0 29 360
10 52 28 40 -7 25 0 0.00 M M 7.7 14 350 M M 0 20 320
11 64 34 49 2 16 0 0.00 M M 8.0 12 130 M M 0 15 140
12 63 39 51 4 14 0 0.00 M M 7.7 14 120 M M 2 21 120
13 57 48 53 7 12 0 0.00 M M 10.0 17 100 M M 8 18 100
14 64 45 55 9 10 0 0.00 M M 11.1 15 130 M M 7 21 130
15 59 43 51 5 14 0 0.46 M M 9.6 18 130 M M 8 1 23 280
16 59 37 48 2 17 0 0.00 M M 8.0 15 330 M M 0 22 330
17 72 34 53 7 12 0 0.00 M M 5.2 13 210 M M 0 12 220
18 63 41 52 6 13 0 0.00 M M 9.7 16 30 M M 0 17 360
19 61 39 50 5 15 0 0.00 M M 9.8 15 150 M M 0 23 160
20 66 46 56 11 9 0 0.00 M M 10.3 17 180 M M 5 23 180
21 59 57 58 13 7 0 0.80 M M 9.8 13 130 M M 10 1 20 140
22 70 57 64 19 1 0 0.28 M M 6.9 12 180 M M 8 12 17 160
23 64 61 63 18 2 0 0.88 M M 11.0 18 140 M M 9 12 29 140
24 68 45 57 12 8 0 1.41 M M 12.6 25 310 M M 7 13 41 310
25 50 36 43 -2 22 0 0.00 M M 12.0 21 330 M M 0 29 320
26 57 32 45 0 20 0 0.00 M M 7.5 18 170 M M 0 24 180
27 52 36 44 0 21 0 0.00 M M 10.3 22 330 M M 0 23 330
28 50 36 43 -1 22 0 M M M 7.9 16 20 M M 5 22 320
29 55 30 43 -1 22 0 0.00 M M 9.4 18 310 M M 0 24 280
30 66 34 50 6 15 0 0.00 M M 6.1 9 170 M M 0 16 210
31 66 39 53 9 12 0 0.00 M M 6.5 15 20 M M 0 23 20
================================================================================
SM 1952 1280 396 4 3.83 M 276.4 M 77
================================================================================
AV 63.0 41.3 8.9 FASTST M M 2 MAX(MPH)
MISC ----> 25 310 41 310
================================================================================
NOTES:
# LAST OF SEVERAL OCCURRENCES
COLUMN 17 PEAK WIND IN M.P.H.
PRELIMINARY LOCAL CLIMATOLOGICAL DATA (WS FORM: F-6) , PAGE 2
STATION: CLEBURNE
MONTH: DECEMBER
YEAR: 2023
LATITUDE: 32 21 N
LONGITUDE: 97 24 W
[TEMPERATURE DATA] [PRECIPITATION DATA] SYMBOLS USED IN COLUMN 16
AVERAGE MONTHLY: 52.1 TOTAL FOR MONTH: 3.83 1 = FOG OR MIST
DPTR FM NORMAL: 5.8 DPTR FM NORMAL: 1.25 2 = FOG REDUCING VISIBILITY
HIGHEST: 79 ON 8 GRTST 24HR 1.41 ON 24-24 TO 1/4 MILE OR LESS
LOWEST: 28 ON 10 3 = THUNDER
SNOW, ICE PELLETS, HAIL 4 = ICE PELLETS
TOTAL MONTH: M 5 = HAIL
GRTST 24HR M ON M 6 = FREEZING RAIN OR DRIZZLE
GRTST DEPTH: M ON M 7 = DUSTSTORM OR SANDSTORM:
VSBY 1/2 MILE OR LESS
8 = SMOKE OR HAZE
[NO. OF DAYS WITH] [WEATHER - DAYS WITH] 9 = BLOWING SNOW
X = TORNADO
MAX 32 OR BELOW: 0 0.01 INCH OR MORE: 5
MAX 90 OR ABOVE: 0 0.10 INCH OR MORE: 5
MIN 32 OR BELOW: 3 0.50 INCH OR MORE: 3
MIN 0 OR BELOW: 0 1.00 INCH OR MORE: 1
[HDD (BASE 65) ]
TOTAL THIS MO. 396 CLEAR (SCALE 0-3) 21
DPTR FM NORMAL -186 PTCLDY (SCALE 4-7) 7
TOTAL FM JUL 1 767 CLOUDY (SCALE 8-10) 3
DPTR FM NORMAL -200
[CDD (BASE 65) ]
TOTAL THIS MO. 4
DPTR FM NORMAL 2 [PRESSURE DATA]
TOTAL FM JAN 1 3258 HIGHEST SLP M ON M
DPTR FM NORMAL 761 LOWEST SLP M ON M
[REMARKS]
#FINAL-12-23#