128
CXUS51 KGYX 011054
CF6GYX
PRELIMINARY LOCAL CLIMATOLOGICAL DATA (WS FORM: F-6)
STATION: GRAY ME
MONTH: FEBRUARY
YEAR: 2020
LATITUDE: 43 53 N
LONGITUDE: 70 15 W
TEMPERATURE IN F: :PCPN: SNOW: WIND :SUNSHINE: SKY :PK WND
================================================================================
1 2 3 4 5 6A 6B 7 8 9 10 11 12 13 14 15 16 17 18
12Z AVG MX 2MIN
DY MAX MIN AVG DEP HDD CDD WTR SNW DPTH SPD SPD DIR MIN PSBL S-S WX SPD DR
================================================================================
1 37 28 33 12 32 0 0.00 0.0 6 M M M M M M M M
2 36 27 32 10 33 0 0.00 0.0 6 M M M M M M M M
3 43 21 32 10 33 0 0.00 0.0 6 M M M M M M M M
4 35 29 32 10 33 0 0.00 0.0 6 M M M M M M M M
5 34 22 28 6 37 0 0.00 0.0 5 M M M M M M M M
6 25 19 22 0 43 0 0.43 3.6 8 M M M M M M M M
7 29 18 24 1 41 0 0.43 0.5 8 M M M M M M 16 M M
8 24 5 15 -8 50 0 0.00 0.0 8 M M M M M M M M
9 23 -1 11 -12 54 0 0.02 0.6 8 M M M M M M M M
10 37 21 29 6 36 0 0.30 1.6 10 M M M M M M 16 M M
11 32 26 29 5 36 0 0.01 T 9 M M M M M M M M
12 40 27 34 10 31 0 0.00 0.0 9 M M M M M M M M
13 34 29 32 8 33 0 0.23 1.7 9 M M M M M M M M
14 31 -1 15 -9 50 0 0.00 0.0 10 M M M M M M M M
15 20 -6 7 -18 58 0 0.00 0.0 10 M M M M M M M M
16 39 18 29 4 36 0 0.00 0.0 10 M M M M M M M M
17 36 18 27 2 38 0 0.00 0.0 10 M M M M M M M M
18 31 12 22 -4 43 0 0.62 5.4 9 M M M M M M M M
19 38 17 28 2 37 0 0.00 0.0 15 M M M M M M M M
20 25 7 16 -10 49 0 0.00 0.0 15 M M M M M M M M
21 27 -1 13 -13 52 0 0.00 0.0 14 M M M M M M M M
22 42 13 28 1 37 0 0.00 0.0 14 M M M M M M M M
23 45 25 35 8 30 0 0.00 0.0 13 M M M M M M M M
24 52 24 38 11 27 0 0.00 0.0 12 M M M M M M M M
25 48 34 41 13 24 0 T 0.0 11 M M M M M M M M
26 45 36 41 13 24 0 T 0.0 10 M M M M M M M M
27 42 26 34 6 31 0 1.53 0.0 9 M M M M M M M M
28 33 23 28 0 37 0 0.00 0.0 7 M M M M M M M M
29 38 19 29 1 36 0 T T 7 M M M M M M M M
================================================================================
SM 1021 535 1101 0 3.57 13.4 M M M
================================================================================
AV 35.2 18.5 M FASTST M M 5 MAX(MPH)
MISC ----> M M M M
================================================================================
NOTES:
# LAST OF SEVERAL OCCURRENCES
COLUMN 17 PEAK WIND IN M.P.H.
PRELIMINARY LOCAL CLIMATOLOGICAL DATA (WS FORM: F-6) , PAGE 2
STATION: GRAY ME
MONTH: FEBRUARY
YEAR: 2020
LATITUDE: 43 53 N
LONGITUDE: 70 15 W
[TEMPERATURE DATA] [PRECIPITATION DATA] SYMBOLS USED IN COLUMN 16
AVERAGE MONTHLY: 26.8 TOTAL FOR MONTH: 3.57 1 = FOG OR MIST
DPTR FM NORMAL: 2.1 DPTR FM NORMAL: 0.26 2 = FOG REDUCING VISIBILITY
HIGHEST: 52 ON 24 GRTST 24HR 1.53 ON 27-27 TO 1/4 MILE OR LESS
LOWEST: -6 ON 15 3 = THUNDER
SNOW, ICE PELLETS, HAIL 4 = ICE PELLETS
TOTAL MONTH: 13.4 INCHES 5 = HAIL
GRTST 24HR 5.4 ON 18-18 6 = FREEZING RAIN OR DRIZZLE
GRTST DEPTH: 15 ON 20,19 7 = DUSTSTORM OR SANDSTORM:
VSBY 1/2 MILE OR LESS
8 = SMOKE OR HAZE
[NO. OF DAYS WITH] [WEATHER - DAYS WITH] 9 = BLOWING SNOW
X = TORNADO
MAX 32 OR BELOW: 10 0.01 INCH OR MORE: 8
MAX 90 OR ABOVE: 0 0.10 INCH OR MORE: 6
MIN 32 OR BELOW: 27 0.50 INCH OR MORE: 2
MIN 0 OR BELOW: 4 1.00 INCH OR MORE: 1
[HDD (BASE 65) ]
TOTAL THIS MO. 1101 CLEAR (SCALE 0-3) 0
DPTR FM NORMAL -27 PTCLDY (SCALE 4-7) 0
TOTAL FM JUL 1 4974 CLOUDY (SCALE 8-10) 0
DPTR FM NORMAL -220
[CDD (BASE 65) ]
TOTAL THIS MO. 0
DPTR FM NORMAL 0 [PRESSURE DATA]
TOTAL FM JAN 1 0 HIGHEST SLP M ON M
DPTR FM NORMAL 0 LOWEST SLP M ON M
[REMARKS]
#FINAL-02-20#