000
CXUS53 KTOP 261414
CF6TOP
PRELIMINARY LOCAL CLIMATOLOGICAL DATA (WS FORM: F-6)

                                          STATION:   Topeka KS
                                          MONTH:     JUNE
                                          YEAR:      2015
                                          LATITUDE:   39  4 N
                                          LONGITUDE:  95 38 W

  TEMPERATURE IN F:       :PCPN:    SNOW:  WIND      :SUNSHINE: SKY     :PK WND
================================================================================
1   2   3   4   5  6A  6B    7    8   9   10  11  12  13   14  15   16   17  18
                                     12Z  AVG MX 2MIN
DY MAX MIN AVG DEP HDD CDD  WTR  SNW DPTH SPD SPD DIR MIN PSBL S-S WX    SPD DR
================================================================================

 1  72  57  65  -5   0   0 0.00  0.0    0  7.6 15 130   M    M   5        21 120
 2  79  56  68  -2   0   3 0.00  0.0    0 11.1 18 110   M    M   3        24 120
 3  80  67  74   3   0   9 0.45  0.0    0 10.1 22 150   M    M   5 138    27 160
 4  85  62  74   3   0   9 2.31  0.0    0 11.5 32 290   M    M   5 123    42 320
 5  84  63  74   3   0   9 1.79  0.0    0  5.6 38 340   M    M   3 13     46 340
 6  87  68  78   6   0  13    T  0.0    0  7.9 18  40   M    M   3 3      27  20
 7  93  71  82  10   0  17 0.21  0.0    0  9.8 20 210   M    M   2 13     26 220
 8  89  65  77   5   0  12 0.00  0.0    0  5.8 17 310   M    M   1 3      22 320
 9  93  62  78   6   0  13 0.00  0.0    0  3.8 14 210   M    M   0 1      18 210
10  96  72  84  11   0  19 0.00  0.0    0  7.3 17 180   M    M   0        21 180
11  92  71  82   9   0  17 0.29  0.0    0 11.5 25 180   M    M   6 138    35 180
12  75  66  71  -2   0   6    T  0.0    0  5.3 15 310   M    M   9        20 310
13  83  67  75   1   0  10 0.03  0.0    0  5.0 14 140   M    M   8 1      18 140
14  82  70  76   2   0  11 0.05  0.0    0  5.7 18 150   M    M   5 13     24 140
15  83  70  77   3   0  12 0.03  0.0    0  8.5 18  10   M    M   6 1      24  10
16  79  67  73  -1   0   8    T  0.0    0  5.9 14  80   M    M   9        20  20
17  86  66  76   1   0  11 0.00  0.0    0  4.8 13 160   M    M   3 12     16 180
18  83  70  77   2   0  12 0.00  0.0    0  6.2 15  20   M    M   1 1      19  20
19  86  64  75   0   0  10 0.00  0.0    0  5.6 10  70   M    M   0        15  60
20  98  71  85   9   0  20 0.00  0.0    0 12.3 22 200   M    M   0        33 180
21  92  74  83   7   0  18    T  0.0    0  9.2 26 170   M    M   2        33 160
22  96  76  86  10   0  21 0.00  0.0    0 13.0 24 200   M    M   3        35 210
23  79  68  74  -2   0   9    T  0.0    0  8.6 23  10   M    M   4        27 360
24  96  68  82   6   0  17 0.00  0.0    0 10.3 21 180   M    M   0        28 180
25  97  76  87  10   0  22 0.00  0.0    0  9.6 24  10   M    M   1        33  20
================================================================================
SM 2165 1687         0 308  5.16     0.0 202.0          M       84
================================================================================
AV 86.6 67.5                               8.1 FASTST   M    M   3    MAX(MPH)
                                 MISC ---->  # 38 340               # 46  340
================================================================================
NOTES:
# LAST OF SEVERAL OCCURRENCES

COLUMN 17 PEAK WIND IN M.P.H.

PRELIMINARY LOCAL CLIMATOLOGICAL DATA (WS FORM: F-6) , PAGE 2

                                          STATION:  Topeka KS
                                          MONTH:    JUNE
                                          YEAR:     2015
                                          LATITUDE:   39  4 N
                                          LONGITUDE:  95 38 W

[TEMPERATURE DATA]      [PRECIPITATION DATA]       SYMBOLS USED IN COLUMN 16

AVERAGE MONTHLY: 77.0   TOTAL FOR MONTH:   5.16    1 = FOG OR MIST
DPTR FM NORMAL:   3.5   DPTR FM NORMAL:    0.60    2 = FOG REDUCING VISIBILITY
HIGHEST:    98 ON 20    GRTST 24HR  4.10 ON  4- 5      TO 1/4 MILE OR LESS
LOWEST:     56 ON  2                               3 = THUNDER
                        SNOW, ICE PELLETS, HAIL    4 = ICE PELLETS
                        TOTAL MONTH:   0.0 INCH    5 = HAIL
                        GRTST 24HR     0.0         6 = FREEZING RAIN OR DRIZZLE
                        GRTST DEPTH:   0           7 = DUSTSTORM OR SANDSTORM:
                                                       VSBY 1/2 MILE OR LESS
                                                   8 = SMOKE OR HAZE
[NO. OF DAYS WITH]      [WEATHER - DAYS WITH]      9 = BLOWING SNOW
                                                   X = TORNADO
MAX 32 OR BELOW:   0    0.01 INCH OR MORE:   8
MAX 90 OR ABOVE:   9    0.10 INCH OR MORE:   5
MIN 32 OR BELOW:   0    0.50 INCH OR MORE:   2
MIN  0 OR BELOW:   0    1.00 INCH OR MORE:   2

[HDD (BASE 65) ]
TOTAL THIS MO.     0    CLEAR  (SCALE 0-3)  12
DPTR FM NORMAL    -6    PTCLDY (SCALE 4-7)  11
TOTAL FM JUL 1  4874    CLOUDY (SCALE 8-10)  2
DPTR FM NORMAL  -145

[CDD (BASE 65) ]
TOTAL THIS MO.   308
DPTR FM NORMAL    86    [PRESSURE DATA]
TOTAL FM JAN 1   390    HIGHEST SLP M ON M
DPTR FM NORMAL    42    LOWEST  SLP 29.55 ON 11

[REMARKS]
