000
CXUS53 KTOP 230820
CF6TOP
PRELIMINARY LOCAL CLIMATOLOGICAL DATA (WS FORM: F-6)

                                          STATION:   Topeka KS
                                          MONTH:     OCTOBER
                                          YEAR:      2014
                                          LATITUDE:   39  4 N
                                          LONGITUDE:  95 38 W

  TEMPERATURE IN F:       :PCPN:    SNOW:  WIND      :SUNSHINE: SKY     :PK WND
================================================================================
1   2   3   4   5  6A  6B    7    8   9   10  11  12  13   14  15   16   17  18
                                     12Z  AVG MX 2MIN
DY MAX MIN AVG DEP HDD CDD  WTR  SNW DPTH SPD SPD DIR MIN PSBL S-S WX    SPD DR
================================================================================

 1  86  63  75  13   0  10 1.13  0.0    0  6.9 47 310   M    M   7 138    65 290
 2  70  55  63   2   2   0 0.33  0.0    0  8.5 28 310   M    M   7 13     34 310
 3  59  43  51 -10  14   0 0.04  0.0    0 11.9 28 310   M    M   3        37 310
 4  64  38  51 -10  14   0 0.00  0.0    0  5.6 18 300   M    M   0        25 310
 5  78  41  60   0   5   0 0.01  0.0    0  6.2 25 290   M    M   2 3      40 290
 6  77  51  64   4   1   0 0.01  0.0    0  5.9 15 250   M    M   1 13     22 280
 7  81  53  67   7   0   2 0.00  0.0    0  4.5 18 300   M    M   0 1      26 300
 8  77  47  62   3   3   0 0.00  0.0    0  5.6 14  90   M    M   2 12     20  90
 9  72  55  64   5   1   0 0.80  0.0    0 11.6 22 110   M    M  10 13     27 100
10  56  49  53  -5  12   0 0.18  0.0    0  9.5 20  50   M    M  10 1      25  40
11  65  39  52  -6  13   0 0.00  0.0    0  3.9 12  40   M    M   2 1      16  60
12  60  53  57  -1   8   0 0.00  0.0    0  6.4 14 140   M    M  10 1      19 150
13  58  54  56  -2   9   0 0.71  0.0    0 12.9 24 330   M    M  10 1      34 320
14  69  48  59   2   6   0 0.00  0.0    0 16.1 30 320   M    M   2        42 340
15  72  39  56  -1   9   0 0.00  0.0    0  3.7 13 290   M    M   0 18     17 320
16  80  42  61   4   4   0 0.00  0.0    0  5.1 14 150   M    M   0 1      18 150
17  70  45  58   2   7   0 0.00  0.0    0  7.9 20 320   M    M   0        24 310
18  64  39  52  -4  13   0 0.00  0.0    0  3.5 16  10   M    M   0 18     19  20
19  72  38  55  -1  10   0 0.00  0.0    0  5.6 16 210   M    M   0 12     21 210
20  76  44  60   5   5   0 0.00  0.0    0  2.8 12  10   M    M   0 12     14 350
21  78  38  58   3   7   0 0.00  0.0    0  3.0 12 120   M    M   1 12     17 120
22  80  52  66  11   0   1 0.04  0.0    0  8.8 18 170   M    M   3 1      24 160
================================================================================
SM 1564 1026       143  13  3.25     0.0 155.9          M       70
================================================================================
AV 71.1 46.6                               7.1 FASTST   M    M   3    MAX(MPH)
                                 MISC ---->  # 47 310               # 65  290
================================================================================
NOTES:
# LAST OF SEVERAL OCCURRENCES

COLUMN 17 PEAK WIND IN M.P.H.

PRELIMINARY LOCAL CLIMATOLOGICAL DATA (WS FORM: F-6) , PAGE 2

                                          STATION:  Topeka KS
                                          MONTH:    OCTOBER
                                          YEAR:     2014
                                          LATITUDE:   39  4 N
                                          LONGITUDE:  95 38 W

[TEMPERATURE DATA]      [PRECIPITATION DATA]       SYMBOLS USED IN COLUMN 16

AVERAGE MONTHLY: 58.9   TOTAL FOR MONTH:   3.25    1 = FOG OR MIST
DPTR FM NORMAL:   0.7   DPTR FM NORMAL:    0.99    2 = FOG REDUCING VISIBILITY
HIGHEST:    86 ON  1    GRTST 24HR  1.37 ON  1- 2      TO 1/4 MILE OR LESS
LOWEST:     38 ON 21,19                            3 = THUNDER
                        SNOW, ICE PELLETS, HAIL    4 = ICE PELLETS
                        TOTAL MONTH:   0.0 INCH    5 = HAIL
                        GRTST 24HR     0.0         6 = FREEZING RAIN OR DRIZZLE
                        GRTST DEPTH:   0           7 = DUSTSTORM OR SANDSTORM:
                                                       VSBY 1/2 MILE OR LESS
                                                   8 = SMOKE OR HAZE
[NO. OF DAYS WITH]      [WEATHER - DAYS WITH]      9 = BLOWING SNOW
                                                   X = TORNADO
MAX 32 OR BELOW:   0    0.01 INCH OR MORE:   9
MAX 90 OR ABOVE:   0    0.10 INCH OR MORE:   5
MIN 32 OR BELOW:   0    0.50 INCH OR MORE:   3
MIN  0 OR BELOW:   0    1.00 INCH OR MORE:   1

[HDD (BASE 65) ]
TOTAL THIS MO.   143    CLEAR  (SCALE 0-3)  15
DPTR FM NORMAL   -34    PTCLDY (SCALE 4-7)   3
TOTAL FM JUL 1   192    CLOUDY (SCALE 8-10)  4
DPTR FM NORMAL   -52

[CDD (BASE 65) ]
TOTAL THIS MO.    13
DPTR FM NORMAL   -12    [PRESSURE DATA]
TOTAL FM JAN 1  1596    HIGHEST SLP M ON M
DPTR FM NORMAL   178    LOWEST  SLP 29.57 ON 13

[REMARKS]
