000
CXUS53 KTOP 230800
CF6TOP
PRELIMINARY LOCAL CLIMATOLOGICAL DATA (WS FORM: F-6)

                                          STATION:   Topeka KS
                                          MONTH:     MARCH
                                          YEAR:      2017
                                          LATITUDE:   39  4 N
                                          LONGITUDE:  95 38 W

  TEMPERATURE IN F:       :PCPN:    SNOW:  WIND      :SUNSHINE: SKY     :PK WND
================================================================================
1   2   3   4   5  6A  6B    7    8   9   10  11  12  13   14  15   16   17  18
                                     12Z  AVG MX 2MIN
DY MAX MIN AVG DEP HDD CDD  WTR  SNW DPTH SPD SPD DIR MIN PSBL S-S WX    SPD DR
================================================================================

 1  53  28  41   2  24   0 0.00  0.0    0 11.3 26 310   M    M   2        36 280
 2  57  21  39  -1  26   0 0.00  0.0    0  6.5 23 320   M    M   1        30 320
 3  64  24  44   4  21   0 0.00  0.0    0 11.2 24 160   M    M   0        36 210
 4  72  46  59  19   6   0 0.00  0.0    0 14.2 26 190   M    M   2        37 210
 5  63  54  59  18   6   0    T  0.0    0 14.9 25 170   M    M  10 1      36 180
 6  80  45  63  22   2   0 0.15    T    0 22.8 37 270   M    M   7 35     53 270
 7  63  32  48   6  17   0 0.00  0.0    0 11.5 29 270   M    M   0        44 260
 8  70  28  49   7  16   0 0.00  0.0    0  4.6 20 230   M    M   0        26 240
 9  68  31  50   8  15   0 0.00  0.0    0  7.6 23  30   M    M   2        29  20
10  45  26  36  -7  29   0 0.00  0.0    0 12.1 22  10   M    M   4        27  10
11  37  29  33 -10  32   0 0.11  0.7    0  7.2 17  70   M    M  10 1      21  30
12  44  21  33 -11  32   0 0.00  0.0    0  7.7 21 150   M    M   7 12     25 180
13  42  26  34 -10  31   0 0.00  0.0    0 15.2 30 320   M    M   9        39 310
14  33  21  27 -17  38   0 0.08  0.6    0  5.5 14  10   M    M   8 18     16  20
15  40  21  31 -14  34   0 0.00  0.0    0  7.0 15 120   M    M   6        19 160
16  71  31  51   6  14   0 0.00  0.0    0 12.2 23 180   M    M   0        30 180
17  73  48  61  16   4   0 0.00  0.0    0  7.7 20 360   M    M   2 1      26 350
18  65  34  50   4  15   0 0.00  0.0    0  3.9 12  20   M    M   2        16  30
19  89  50  70  24   0   5 0.00  0.0    0 12.2 26 170   M    M   2        37 170
20  81  55  68  22   0   3 0.00  0.0    0  8.4 17 360   M    M   0        23 210
21  63  45  54   7  11   0 0.00  0.0    0 13.7 26  50   M    M   2        32  40
22  60  38  49   2  16   0 0.00  0.0    0 12.7 22 110   M    M   5        33  90
================================================================================
SM 1333  754       389   8  0.34     1.3 230.1          M       81
================================================================================
AV 60.6 34.3                              10.5 FASTST   M    M   4    MAX(MPH)
                                 MISC ---->  # 37 270               # 53  270
================================================================================
NOTES:
# LAST OF SEVERAL OCCURRENCES

COLUMN 17 PEAK WIND IN M.P.H.

PRELIMINARY LOCAL CLIMATOLOGICAL DATA (WS FORM: F-6) , PAGE 2

                                          STATION:  Topeka KS
                                          MONTH:    MARCH
                                          YEAR:     2017
                                          LATITUDE:   39  4 N
                                          LONGITUDE:  95 38 W

[TEMPERATURE DATA]      [PRECIPITATION DATA]       SYMBOLS USED IN COLUMN 16

AVERAGE MONTHLY: 47.4   TOTAL FOR MONTH:   0.34    1 = FOG OR MIST
DPTR FM NORMAL:   4.2   DPTR FM NORMAL:   -1.28    2 = FOG REDUCING VISIBILITY
HIGHEST:    89 ON 19    GRTST 24HR  0.15 ON  6- 6      TO 1/4 MILE OR LESS
LOWEST:     21 ON 15,14                            3 = THUNDER
                        SNOW, ICE PELLETS, HAIL    4 = ICE PELLETS
                        TOTAL MONTH:   1.3 INCHES  5 = HAIL
                        GRTST 24HR   0.7 ON   M    6 = FREEZING RAIN OR DRIZZLE
                        GRTST DEPTH:   0           7 = DUSTSTORM OR SANDSTORM:
                                                       VSBY 1/2 MILE OR LESS
                                                   8 = SMOKE OR HAZE
[NO. OF DAYS WITH]      [WEATHER - DAYS WITH]      9 = BLOWING SNOW
                                                   X = TORNADO
MAX 32 OR BELOW:   0    0.01 INCH OR MORE:   3
MAX 90 OR ABOVE:   0    0.10 INCH OR MORE:   2
MIN 32 OR BELOW:  13    0.50 INCH OR MORE:   0
MIN  0 OR BELOW:   0    1.00 INCH OR MORE:   0

[HDD (BASE 65) ]
TOTAL THIS MO.   389    CLEAR  (SCALE 0-3)  13
DPTR FM NORMAL   -89    PTCLDY (SCALE 4-7)   6
TOTAL FM JUL 1  3570    CLOUDY (SCALE 8-10)  3
DPTR FM NORMAL  -875

[CDD (BASE 65) ]
TOTAL THIS MO.     8
DPTR FM NORMAL     8    [PRESSURE DATA]
TOTAL FM JAN 1     8    HIGHEST SLP M ON M
DPTR FM NORMAL     8    LOWEST  SLP 29.33 ON  6

[REMARKS]
