000
CXUS56 KMTR 010900
CF6WVI
PRELIMINARY LOCAL CLIMATOLOGICAL DATA (WS FORM: F-6)
STATION: WATSONVILLE AIRPORT
MONTH: MAY
YEAR: 2021
LATITUDE: 36 55 N
LONGITUDE: 121 47 W
TEMPERATURE IN F: :PCPN: SNOW: WIND :SUNSHINE: SKY :PK WND
================================================================================
1 2 3 4 5 6A 6B 7 8 9 10 11 12 13 14 15 16 17 18
12Z AVG MX 2MIN
DY MAX MIN AVG DEP HDD CDD WTR SNW DPTH SPD SPD DIR MIN PSBL S-S WX SPD DR
================================================================================
1 71 50 61 4 4 0 0.00 M M 4.8 13 90 M M 5 1 16 90
2 74 50 62 5 3 0 0.00 M M 5.1 12 130 M M 4 1 14 100
3 76 46 61 4 4 0 0.00 M M 3.8 12 190 M M 2 18 14 190
4 78 46 62 5 3 0 0.00 M M 3.5 13 180 M M 0 15 180
5 73 46 60 3 5 0 0.00 M M 3.4 12 220 M M 4 12 15 230
6 68 49 59 2 6 0 0.00 M M 4.7 12 140 M M 4 12 15 180
7 68 48 58 0 7 0 0.00 M M 5.6 12 150 M M 4 16 170
8 78 43 61 3 4 0 0.00 M M 3.9 12 240 M M 0 14 250
9 75 45 60 2 5 0 0.00 M M 4.8 12 180 M M 0 15 190
10 64 47 56 -2 9 0 0.00 M M 3.9 13 220 M M 4 18 15 200
11 66 45 56 -2 9 0 0.00 M M 3.9 13 230 M M 6 12 17 250
12 66 49 58 0 7 0 0.00 M M 5.1 14 240 M M 8 1 17 230
13 62 49 56 -2 9 0 T M M 4.9 13 240 M M 9 1 16 260
14 61 49 55 -3 10 0 0.01 M M 4.4 10 180 M M 9 1 13 190
15 63 50 57 -1 8 0 T M M 6.9 15 220 M M 10 1 20 240
16 64 50 57 -1 8 0 0.01 M M 5.8 15 220 M M 8 1 19 240
17 63 50 57 -1 8 0 T M M 5.6 14 220 M M 8 1 21 270
18 73 50 62 4 3 0 0.00 M M 3.7 12 190 M M 4 1 15 220
19 71 45 58 -1 7 0 0.00 M M 4.8 17 260 M M 1 23 260
20 73 38 56 -3 9 0 0.00 M M 6.9 18 280 M M 0 25 300
21 68 43 56 -3 9 0 0.00 M M 6.6 18 270 M M 2 1 23 260
22 63 50 57 -2 8 0 0.00 M M 5.8 14 250 M M 8 1 19 230
23 65 49 57 -2 8 0 0.00 M M 5.3 14 250 M M 4 19 250
24 73 43 58 -1 7 0 0.00 M M 4.6 12 200 M M 0 1 16 190
25 75 45 60 1 5 0 0.00 M M 4.8 13 120 M M 0 15 120
26 70 47 59 0 6 0 0.00 M M 4.6 14 140 M M 6 12 17 160
27 73 50 62 3 3 0 0.00 M M 4.5 10 160 M M 5 1 14 130
28 63 52 58 -2 7 0 0.00 M M 5.7 14 190 M M 8 1 18 200
29 67 51 59 -1 6 0 T M M 4.3 13 120 M M 7 1 16 120
30 71 48 60 0 5 0 0.00 M M 4.7 12 210 M M 4 15 210
31 69 47 58 -2 7 0 0.00 M M 5.4 14 230 M M 4 12 16 270
================================================================================
SM 2144 1470 199 0 0.02 M 151.8 M 138
================================================================================
AV 69.2 47.4 4.9 FASTST M M 4 MAX(MPH)
MISC ----> # 18 280 25 300
================================================================================
NOTES:
# LAST OF SEVERAL OCCURRENCES
COLUMN 17 PEAK WIND IN M.P.H.
PRELIMINARY LOCAL CLIMATOLOGICAL DATA (WS FORM: F-6) , PAGE 2
STATION: WATSONVILLE AIRPORT
MONTH: MAY
YEAR: 2021
LATITUDE: 36 55 N
LONGITUDE: 121 47 W
[TEMPERATURE DATA] [PRECIPITATION DATA] SYMBOLS USED IN COLUMN 16
AVERAGE MONTHLY: 58.3 TOTAL FOR MONTH: 0.02 1 = FOG OR MIST
DPTR FM NORMAL: 0.0 DPTR FM NORMAL: -0.86 2 = FOG REDUCING VISIBILITY
HIGHEST: 78 ON 8, 4 GRTST 24HR 0.01 ON 13-14 TO 1/4 MILE OR LESS
LOWEST: 38 ON 20 3 = THUNDER
SNOW, ICE PELLETS, HAIL 4 = ICE PELLETS
TOTAL MONTH: M 5 = HAIL
GRTST 24HR M ON M 6 = FREEZING RAIN OR DRIZZLE
GRTST DEPTH: M ON M 7 = DUSTSTORM OR SANDSTORM:
VSBY 1/2 MILE OR LESS
8 = SMOKE OR HAZE
[NO. OF DAYS WITH] [WEATHER - DAYS WITH] 9 = BLOWING SNOW
X = TORNADO
MAX 32 OR BELOW: 0 0.01 INCH OR MORE: 2
MAX 90 OR ABOVE: 0 0.10 INCH OR MORE: 0
MIN 32 OR BELOW: 0 0.50 INCH OR MORE: 0
MIN 0 OR BELOW: 0 1.00 INCH OR MORE: 0
[HDD (BASE 65) ]
TOTAL THIS MO. 199 CLEAR (SCALE 0-3) 9
DPTR FM NORMAL -13 PTCLDY (SCALE 4-7) 16
TOTAL FM JUL 1 2621 CLOUDY (SCALE 8-10) 6
DPTR FM NORMAL -214
[CDD (BASE 65) ]
TOTAL THIS MO. 0
DPTR FM NORMAL -6 [PRESSURE DATA]
TOTAL FM JAN 1 0 HIGHEST SLP M ON M
DPTR FM NORMAL -11 LOWEST SLP 29.86 ON 9
[REMARKS]
#FINAL-05-21#