000
CXUS56 KMTR 011813
CF6WVI
PRELIMINARY LOCAL CLIMATOLOGICAL DATA (WS FORM: F-6)
STATION: WATSONVILLE AIRPORT
MONTH: JUNE
YEAR: 2020
LATITUDE: 36 55 N
LONGITUDE: 121 47 W
TEMPERATURE IN F: :PCPN: SNOW: WIND :SUNSHINE: SKY :PK WND
================================================================================
1 2 3 4 5 6A 6B 7 8 9 10 11 12 13 14 15 16 17 18
12Z AVG MX 2MIN
DY MAX MIN AVG DEP HDD CDD WTR SNW DPTH SPD SPD DIR MIN PSBL S-S WX SPD DR
================================================================================
1 68 55 62 2 3 0 0.00 M M 4.7 12 240 M M 3 18 220
2 90 51 71 11 0 6 0.00 M M 3.8 15 180 M M 0 17 190
3 90 55 73 12 0 8 0.00 M M 4.0 12 180 M M 0 15 240
4 78 58 68 7 0 3 0.00 M M 4.4 13 200 M M 2 1 17 230
5 66 53 60 -1 5 0 0.00 M M 5.3 16 270 M M 6 1 21 260
6 73 50 62 1 3 0 0.00 M M 7.2 18 280 M M 1 26 280
7 74 45 60 -1 5 0 0.00 M M 7.0 23 260 M M 0 27 250
8 80 46 63 2 2 0 0.00 M M 4.4 13 190 M M 0 18 170
9 87 48 68 7 0 3 0.00 M M 4.8 15 270 M M 0 19 270
10 82 51 67 6 0 2 0.00 M M 3.9 13 200 M M 0 15 200
11 82 49 66 4 0 1 0.00 M M 4.3 13 190 M M 0 12 16 200
12 74 53 64 2 1 0 0.00 M M 7.6 20 260 M M 3 27 280
13 72 48 60 -2 5 0 0.00 M M 5.3 14 250 M M 1 19 240
14 76 51 64 2 1 0 0.00 M M 4.5 12 160 M M 0 16 240
15 77 50 64 2 1 0 0.00 M M 4.2 12 140 M M 0 15 140
16 76 50 63 1 2 0 0.00 M M 5.0 14 130 M M 2 18 90
17 84 48 66 4 0 1 0.00 M M 4.6 12 270 M M 0 17 260
18 74 49 62 0 3 0 0.00 M M 4.4 15 250 M M 2 1 19 260
19 67 52 60 -2 5 0 0.00 M M 6.7 15 260 M M 9 1 19 260
20 66 54 60 -2 5 0 0.00 M M 4.5 12 260 M M 10 1 16 280
21 70 54 62 0 3 0 0.00 M M 4.6 12 130 M M 5 1 15 160
22 68 55 62 -1 3 0 T M M 5.3 14 210 M M 8 1 17 210
23 72 54 63 0 2 0 0.00 M M 4.7 15 230 M M 7 1 19 250
24 69 55 62 -1 3 0 0.00 M M 3.9 13 210 M M 8 1 15 210
25 68 55 62 -1 3 0 0.01 M M 5.1 13 240 M M 8 1 17 220
26 73 55 64 1 1 0 0.00 M M 4.5 12 250 M M 6 1 15 230
27 68 55 62 -1 3 0 T M M 4.8 15 260 M M 8 1 18 260
28 64 50 57 -6 8 0 T M M 7.0 17 260 M M 8 1 24 270
29 68 53 61 -2 4 0 0.00 M M 4.7 15 270 M M 3 21 250
30 73 49 61 -2 4 0 0.00 M M 5.7 13 220 M M 2 16 210
================================================================================
SM 2229 1551 75 24 0.01 M 150.9 M 102
================================================================================
AV 74.3 51.7 5.0 FASTST M M 3 MAX(MPH)
MISC ----> 23 260 # 27 250
================================================================================
NOTES:
# LAST OF SEVERAL OCCURRENCES
COLUMN 17 PEAK WIND IN M.P.H.
PRELIMINARY LOCAL CLIMATOLOGICAL DATA (WS FORM: F-6) , PAGE 2
STATION: WATSONVILLE AIRPORT
MONTH: JUNE
YEAR: 2020
LATITUDE: 36 55 N
LONGITUDE: 121 47 W
[TEMPERATURE DATA] [PRECIPITATION DATA] SYMBOLS USED IN COLUMN 16
AVERAGE MONTHLY: 63.0 TOTAL FOR MONTH: 0.01 1 = FOG OR MIST
DPTR FM NORMAL: 1.1 DPTR FM NORMAL: -0.11 2 = FOG REDUCING VISIBILITY
HIGHEST: 90 ON 3, 2 GRTST 24HR 0.01 ON 25-25 TO 1/4 MILE OR LESS
LOWEST: 45 ON 7 3 = THUNDER
SNOW, ICE PELLETS, HAIL 4 = ICE PELLETS
TOTAL MONTH: M 5 = HAIL
GRTST 24HR M ON M 6 = FREEZING RAIN OR DRIZZLE
GRTST DEPTH: M ON M 7 = DUSTSTORM OR SANDSTORM:
VSBY 1/2 MILE OR LESS
8 = SMOKE OR HAZE
[NO. OF DAYS WITH] [WEATHER - DAYS WITH] 9 = BLOWING SNOW
X = TORNADO
MAX 32 OR BELOW: 0 0.01 INCH OR MORE: 1
MAX 90 OR ABOVE: 2 0.10 INCH OR MORE: 0
MIN 32 OR BELOW: 0 0.50 INCH OR MORE: 0
MIN 0 OR BELOW: 0 1.00 INCH OR MORE: 0
[HDD (BASE 65) ]
TOTAL THIS MO. 75 CLEAR (SCALE 0-3) 17
DPTR FM NORMAL -31 PTCLDY (SCALE 4-7) 10
TOTAL FM JUL 1 2317 CLOUDY (SCALE 8-10) 3
DPTR FM NORMAL -624
[CDD (BASE 65) ]
TOTAL THIS MO. 24
DPTR FM NORMAL 11 [PRESSURE DATA]
TOTAL FM JAN 1 41 HIGHEST SLP 30.19 ON 8
DPTR FM NORMAL 15 LOWEST SLP 29.76 ON 28
[REMARKS]
#FINAL-06-20#