000
CXUS52 KFFC 011010
CF6VPC
PRELIMINARY LOCAL CLIMATOLOGICAL DATA (WS FORM: F-6)
STATION: CARTERSVILLE
MONTH: JUNE
YEAR: 2021
LATITUDE: 34 7 N
LONGITUDE: 84 51 W
TEMPERATURE IN F: :PCPN: SNOW: WIND :SUNSHINE: SKY :PK WND
================================================================================
1 2 3 4 5 6A 6B 7 8 9 10 11 12 13 14 15 16 17 18
12Z AVG MX 2MIN
DY MAX MIN AVG DEP HDD CDD WTR SNW DPTH SPD SPD DIR MIN PSBL S-S WX SPD DR
================================================================================
1 82 61 72 -1 0 7 0.00 M M 2.7 9 90 M M 4 13 99
2 81 64 73 0 0 8 0.08 M M 1.8 7 100 M M 5 M M
3 79 66 73 0 0 8 0.04 M M 2.4 6 270 M M 5 18 12 190
4 84 64 74 1 0 9 0.00 M M 1.5 6 99 M M 3 12 M M
5 86 68 77 3 0 12 1.06 M M 0.8 5 99 M M 3 138 39 99
6 81 72 77 3 0 12 0.04 M M 1.2 5 20 M M 4 1 M M
7 86 72 79 5 0 14 0.28 M M 4.4 12 180 M M 5 18 17 170
8 86 70 78 4 0 13 0.02 0.0 M 3.4 8 220 M M 7 1 27 0
9 81 70 76 2 0 11 0.94 0.0 M 2.5 8 180 M M 7 13 20 99
10 82 66 74 -1 0 9 0.59 0.0 M 2.2 10 260 M M 8 1 M M
11 84 70 77 2 0 12 0.00 0.0 M 3.5 9 270 M M 8 1 15 99
12 86 70 78 3 0 13 0.15 M M 5.1 23 270 M M 5 3 29 270
13 88 66 77 2 0 12 0.00 M M 1.0 6 99 M M 1 1 M M
14 91 70 81 5 0 16 0.00 M M 2.2 8 290 M M 1 1 15 290
15 86 68 77 1 0 12 0.00 M M 3.3 13 290 M M 0 1 21 290
16 84 59 72 -4 0 7 0.00 M M 2.3 7 99 M M 1 12 99
17 86 57 72 -4 0 7 0.00 M M 0.6 6 320 M M 0 M M
18 90 63 77 1 0 12 0.00 M M 2.0 8 200 M M 2 14 99
19 75 68 72 -4 0 7 0.00 M M 0.0 M M M M 2 M M
20 M M M M M M M M M M M M M M 0 M M
21 M M M M M M 0.00 M M M M M M M 0 M M
22 79 63 71 -6 0 6 0.00 M M 3.4 7 99 M M 3 1 15 M
23 84 57 71 -6 0 6 0.00 M M 2.3 7 80 M M 2 1 12 0
24 84 68 76 -1 0 11 0.00 M M 5.1 10 90 M M 7 17 120
25 84 64 74 -3 0 9 0.00 M M 2.6 8 130 M M 5 15 99
26 88 64 76 -1 0 11 0.00 M M 4.0 10 140 M M 4 14 140
27 84 72 78 0 0 13 0.32 M M 1.7 8 250 M M 6 8 13 110
28 90 70 80 2 0 15 0.00 M M 1.3 7 60 M M 4 1 M M
29 88 72 80 2 0 15 0.04 M M 4.5 9 190 M M 5 1 17 70
30 88 70 79 1 0 14 0.43 M M 1.5 7 260 M M 4 1 24 100
================================================================================
SM 2367 1864 0 301 3.99 0.0 69.3 M 111
================================================================================
AV 84.5 66.6 2.5 FASTST M M 4 MAX(MPH)
MISC ----> 23 270 39 99
================================================================================
NOTES:
# LAST OF SEVERAL OCCURRENCES
COLUMN 17 PEAK WIND IN M.P.H.
PRELIMINARY LOCAL CLIMATOLOGICAL DATA (WS FORM: F-6) , PAGE 2
STATION: CARTERSVILLE
MONTH: JUNE
YEAR: 2021
LATITUDE: 34 7 N
LONGITUDE: 84 51 W
[TEMPERATURE DATA] [PRECIPITATION DATA] SYMBOLS USED IN COLUMN 16
AVERAGE MONTHLY: 75.6 TOTAL FOR MONTH: 3.99 1 = FOG OR MIST
DPTR FM NORMAL: 0.0 DPTR FM NORMAL: 0.20 2 = FOG REDUCING VISIBILITY
HIGHEST: 91 ON 14 GRTST 24HR 1.06 ON 5- 5 TO 1/4 MILE OR LESS
LOWEST: 57 ON 23,17 3 = THUNDER
SNOW, ICE PELLETS, HAIL 4 = ICE PELLETS
TOTAL MONTH: 0.0 INCH 5 = HAIL
GRTST 24HR 0.0 6 = FREEZING RAIN OR DRIZZLE
GRTST DEPTH: M ON M 7 = DUSTSTORM OR SANDSTORM:
VSBY 1/2 MILE OR LESS
8 = SMOKE OR HAZE
[NO. OF DAYS WITH] [WEATHER - DAYS WITH] 9 = BLOWING SNOW
X = TORNADO
MAX 32 OR BELOW: 0 0.01 INCH OR MORE: 12
MAX 90 OR ABOVE: 3 0.10 INCH OR MORE: 7
MIN 32 OR BELOW: 0 0.50 INCH OR MORE: 3
MIN 0 OR BELOW: 0 1.00 INCH OR MORE: 1
[HDD (BASE 65) ]
TOTAL THIS MO. 0 CLEAR (SCALE 0-3) 12
DPTR FM NORMAL -1 PTCLDY (SCALE 4-7) 18
TOTAL FM JUL 1 2614 CLOUDY (SCALE 8-10) 0
DPTR FM NORMAL -502
[CDD (BASE 65) ]
TOTAL THIS MO. 301
DPTR FM NORMAL -16 [PRESSURE DATA]
TOTAL FM JAN 1 489 HIGHEST SLP M ON M
DPTR FM NORMAL -12 LOWEST SLP M ON M
[REMARKS]
#FINAL-06-21#