000
CXUS53 KJKL 011702
CLSJKL
CLIMATE REPORT
NATIONAL WEATHER SERVICE JACKSON KY
1202 AM EST TUE DEC 1 2020
...................................
...THE JACKSON KY CLIMATE SUMMARY FOR THE SEASON, FROM
9/1/2020 TO 11/30/2020...
CLIMATE NORMAL PERIOD 1981 TO 2010
CLIMATE RECORD PERIOD 1981 TO 2020
WEATHER OBSERVED NORMAL DEPART LAST YEAR`S
VALUE DATE(S) VALUE FROM VALUE DATE(S)
NORMAL
................................................................
TEMPERATURE (F)
RECORD
HIGH 98 09/10/2019
LOW 13 11/13/2019
11/14/1986
HIGHEST 87 09/02 MM MM 98 09/10
09/01
LOWEST 28 11/30 MM MM 13 11/13
11/02
AVG. MAXIMUM 69.8 67.8 2.0 71.6
AVG. MINIMUM 50.8 48.6 2.2 49.2
MEAN 60.3 58.2 2.1 60.4
DAYS MAX >= 90 0 1.5 -1.5 16
DAYS MAX <= 32 0 0.3 -0.3 0
DAYS MIN <= 32 3 8.5 -5.5 11
DAYS MIN <= 0 0 0.0 0.0 0
PRECIPITATION (INCHES)
RECORD
MAXIMUM 19.20 2018
MINIMUM 4.32 2001
TOTALS 9.91 10.61 -0.70 11.81
DAILY AVG. 0.11 0.12 -0.01 T
DAYS >= .01 26 28.7 -2.7 23
DAYS >= .10 15 18.6 -3.6 17
DAYS >= .50 10 7.1 2.9 10
DAYS >= 1.00 2 2.7 -0.7 4
GREATEST
24 HR. TOTAL 1.51 11/11 TO 11/11 2.06
SNOWFALL (INCHES)
RECORDS
TOTAL 5.1 1995
24 HR TOTAL 4.3 11/28/1995 TO 11/28/1995
TOTALS 1.4 0.6 0.8 1.2
SINCE 7/1 1.4 0.6 0.8 1.2
SNOWDEPTH AVG. 0 MM MM 0
DAYS >= 1.0 1 0.2 0.8 1
GREATEST
24 HR TOTAL 1.4 11/30 1.2
DEGREE_DAYS
HEATING TOTAL 603 798 -195 834
SINCE 7/1 603 800 -197 834
COOLING TOTAL 199 176 23 442
SINCE 1/1 1362 1154 208 1579
.................................................................
WIND (MPH)
AVERAGE WIND SPEED 2.3
RESULTANT WIND SPEED/DIRECTION 1/148
HIGHEST WIND SPEED/DIRECTION 24/260 DATE 11/15
HIGHEST GUST SPEED/DIRECTION 46/280 DATE 11/15
SKY COVER
POSSIBLE SUNSHINE (PERCENT) MM
NUMBER OF DAYS FAIR 48
NUMBER OF DAYS PC 28
NUMBER OF DAYS CLOUDY 15
AVERAGE RH (PERCENT) 67
WEATHER CONDITIONS. NUMBER OF DAYS WITH
THUNDERSTORM 4 MIXED PRECIP 0
HEAVY RAIN 16 RAIN 15
LIGHT RAIN 30 FREEZING RAIN 0
LT FREEZING RAIN 0 HAIL 0
HEAVY SNOW 0 SNOW 0
LIGHT SNOW 1 SLEET 0
FOG 37 FOG W/VIS <= 1/4 MILE 18
HAZE 0
- INDICATES NEGATIVE NUMBERS.
R INDICATES RECORD WAS SET OR TIED.
MM INDICATES DATA IS MISSING.
T INDICATES TRACE AMOUNT.
$$
CARICO
...NOTE...WIND SENSOR OUT ON NOVEMBER 30...