000
CXUS52 KCAE 011500
CF6CUB
PRELIMINARY LOCAL CLIMATOLOGICAL DATA (WS FORM: F-6)
STATION: HAMILTON - OWENS AIRPORT SC
MONTH: NOVEMBER
YEAR: 2021
LATITUDE: 33 58 N
LONGITUDE: 80 59 W
TEMPERATURE IN F: :PCPN: SNOW: WIND :SUNSHINE: SKY :PK WND
================================================================================
1 2 3 4 5 6A 6B 7 8 9 10 11 12 13 14 15 16 17 18
12Z AVG MX 2MIN
DY MAX MIN AVG DEP HDD CDD WTR SNW DPTH SPD SPD DIR MIN PSBL S-S WX SPD DR
================================================================================
1 74 47 61 1 4 0 0.00 0.0 0 0.7 7 340 M M 0 1 11 20
2 76 47 62 3 3 0 0.00 0.0 M 2.3 10 70 M M 0 1 18 60
3 61 50 56 -3 9 0 0.00 M M 4.5 10 60 M M 6 17 40
4 52 43 48 -11 17 0 0.01 M M 3.1 9 40 M M 8 16 30
5 53 39 46 -12 19 0 0.00 M M 3.5 12 50 M M 0 20 70
6 57 47 52 -6 13 0 0.00 M M 6.8 13 20 M M 5 21 30
7 68 41 55 -3 10 0 0.09 M M 4.7 13 320 M M 4 8 20 330
8 74 36 55 -2 10 0 0.00 M M 1.4 9 350 M M 0 1 14 30
9 80 40 60 3 5 0 0.00 M M 0.3 7 300 M M 0 18 9 300
10 79 46 63 6 2 0 0.00 M M 1.0 8 200 M M 0 8 12 230
11 78 47 63 7 2 0 0.04 M M 2.8 17 190 M M 5 1 25 190
12 73 46 60 4 5 0 0.01 M M 3.7 16 260 M M 3 18 25 290
13 71 42 57 1 8 0 0.00 M M 2.8 16 260 M M 0 1 22 280
14 64 35 50 -6 15 0 0.00 M M 3.0 12 260 M M 0 1 14 70
15 66 38 52 -3 13 0 0.00 M M 3.6 14 270 M M 0 8 19 270
16 75 37 56 1 9 0 0.00 M M 2.0 12 260 M M 0 18 15 280
17 77 44 61 6 4 0 0.00 M M 2.5 14 200 M M 0 1 19 190
18 79 50 65 10 0 0 0.00 0.0 M 2.4 13 220 M M 2 18 18 240
19 65 41 53 -1 12 0 0.00 0.0 M 3.9 13 30 M M 0 20 40
20 61 37 49 -5 16 0 0.00 M M 3.5 9 50 M M 0 8 16 70
21 71 38 55 1 10 0 0.00 M M 0.6 6 160 M M 0 18 9 30
22 63 49 56 2 9 0 0.12 M M 2.9 10 310 M M 7 17 350
23 54 32 43 -10 22 0 0.00 M M 2.5 10 280 M M 0 8 17 280
24 58 28 43 -10 22 0 0.00 M M 0.6 7 180 M M 0 18 11 150
25 67 30 49 -4 16 0 0.00 M M 2.6 15 210 M M 0 18 20 220
26 62 36 49 -4 16 0 0.02 M M 5.4 17 280 M M 4 18 27 280
27 60 30 45 -7 20 0 0.00 M M 1.6 8 200 M M 0 8 10 210
28 63 36 50 -2 15 0 0.00 M M 2.0 8 260 M M 0 18 10 270
29 56 33 45 -7 20 0 0.00 M M 1.5 12 10 M M 0 18 18 30
30 66 29 48 -4 17 0 0.00 M M 2.6 14 210 M M 0 18 19 240
================================================================================
SM 2003 1194 343 0 0.29 0.0 80.8 M 44
================================================================================
AV 66.8 39.8 2.7 FASTST M M 1 MAX(MPH)
MISC ----> # 17 190 27 280
================================================================================
NOTES:
# LAST OF SEVERAL OCCURRENCES
COLUMN 17 PEAK WIND IN M.P.H.
PRELIMINARY LOCAL CLIMATOLOGICAL DATA (WS FORM: F-6) , PAGE 2
STATION: HAMILTON - OWENS AIRPORT SC
MONTH: NOVEMBER
YEAR: 2021
LATITUDE: 33 58 N
LONGITUDE: 80 59 W
[TEMPERATURE DATA] [PRECIPITATION DATA] SYMBOLS USED IN COLUMN 16
AVERAGE MONTHLY: 53.3 TOTAL FOR MONTH: 0.29 1 = FOG OR MIST
DPTR FM NORMAL: -2.1 DPTR FM NORMAL: -2.49 2 = FOG REDUCING VISIBILITY
HIGHEST: 80 ON 9 GRTST 24HR 0.12 ON 22-22 TO 1/4 MILE OR LESS
LOWEST: 28 ON 24 3 = THUNDER
SNOW, ICE PELLETS, HAIL 4 = ICE PELLETS
TOTAL MONTH: 0.0 INCH 5 = HAIL
GRTST 24HR 0.0 6 = FREEZING RAIN OR DRIZZLE
GRTST DEPTH: 0 7 = DUSTSTORM OR SANDSTORM:
VSBY 1/2 MILE OR LESS
8 = SMOKE OR HAZE
[NO. OF DAYS WITH] [WEATHER - DAYS WITH] 9 = BLOWING SNOW
X = TORNADO
MAX 32 OR BELOW: 0 0.01 INCH OR MORE: 6
MAX 90 OR ABOVE: 0 0.10 INCH OR MORE: 1
MIN 32 OR BELOW: 5 0.50 INCH OR MORE: 0
MIN 0 OR BELOW: 0 1.00 INCH OR MORE: 0
[HDD (BASE 65) ]
TOTAL THIS MO. 343 CLEAR (SCALE 0-3) 23
DPTR FM NORMAL 43 PTCLDY (SCALE 4-7) 7
TOTAL FM JUL 1 390 CLOUDY (SCALE 8-10) 0
DPTR FM NORMAL 10
[CDD (BASE 65) ]
TOTAL THIS MO. 0
DPTR FM NORMAL -14 [PRESSURE DATA]
TOTAL FM JAN 1 2326 HIGHEST SLP 30.54 ON 20
DPTR FM NORMAL -88 LOWEST SLP 29.87 ON 22
[REMARKS]
#FINAL-11-21#