000
CXUS52 KTAE 010900
CF6ABY
PRELIMINARY LOCAL CLIMATOLOGICAL DATA (WS FORM: F-6)
STATION: ALBANY
MONTH: DECEMBER
YEAR: 2022
LATITUDE: 31 31 N
LONGITUDE: 84 11 W
TEMPERATURE IN F: :PCPN: SNOW: WIND :SUNSHINE: SKY :PK WND
================================================================================
1 2 3 4 5 6A 6B 7 8 9 10 11 12 13 14 15 16 17 18
12Z AVG MX 2MIN
DY MAX MIN AVG DEP HDD CDD WTR SNW DPTH SPD SPD DIR MIN PSBL S-S WX SPD DR
================================================================================
1 62 33 48 -7 17 0 0.00 0.0 0 6.6 14 60 M M 0 19 50
2 72 41 57 2 8 0 0.00 0.0 0 5.3 14 150 M M 0 8 18 130
3 78 48 63 8 2 0 0.02 0.0 0 3.5 15 220 M M 5 1 18 190
4 76 58 67 13 0 2 T 0.0 0 3.4 13 330 M M 7 12 14 330
5 73 56 65 11 0 0 T 0.0 0 2.1 8 150 M M 7 1 9 140
6 80 61 71 17 0 6 0.00 0.0 0 4.2 12 210 M M 5 1 14 220
7 80 60 70 16 0 5 0.00 0.0 0 1.5 10 250 M M 5 12 14 210
8 82 54 68 14 0 3 0.00 0.0 0 2.1 10 270 M M 4 12 16 290
9 79 54 67 13 0 2 0.00 M M 2.0 9 280 M M 5 12 13 320
10 63 56 60 7 5 0 0.00 0.0 0 2.0 8 70 M M 6 12 M M
11 66 57 62 9 3 0 0.01 0.0 M 2.8 9 70 M M 9 1 10 60
12 61 58 60 7 5 0 T 0.0 M 6.1 13 80 M M 10 1 17 80
13 65 56 61 8 4 0 0.00 0.0 0 10.2 17 100 M M 10 8 22 110
14 69 54 62 9 3 0 0.01 0.0 M 9.3 18 170 M M 10 22 160
15 70 45 58 5 7 0 0.72 0.0 M 10.3 22 190 M M 5 1 27 240
16 62 35 49 -3 16 0 0.00 0.0 M 3.7 17 280 M M 0 21 280
17 63 36 50 -2 15 0 0.00 0.0 M 4.8 15 330 M M 5 20 330
18 57 30 44 -8 21 0 0.00 0.0 M 5.4 16 330 M M 0 20 320
19 60 26 43 -9 22 0 0.16 0.0 M 4.0 15 100 M M 1 1 17 80
20 51 44 48 -4 17 0 0.76 0.0 M 10.3 18 70 M M 10 1 24 60
21 49 42 46 -6 19 0 0.00 0.0 M 9.4 16 50 M M 10 1 20 20
22 51 45 48 -4 17 0 0.12 0.0 0 3.0 13 60 M M 10 1 14 60
23 55 22 39 -13 26 0 0.01 0.0 0 13.1 29 310 M M 2 1 36 300
24 32 16 24 -28 41 0 0.00 0.0 0 9.0 17 320 M M 0 22 320
25 43 18 31 -20 34 0 0.00 0.0 0 4.2 15 320 M M 0 19 330
26 49 18 34 -17 31 0 0.00 0.0 0 2.3 9 340 M M 0 14 250
27 56 25 41 -10 24 0 0.00 0.0 0 1.7 9 60 M M 0 12 90
28 64 26 45 -6 20 0 0.00 0.0 0 2.5 10 130 M M 2 18 14 110
29 73 40 57 6 8 0 0.00 0.0 0 4.2 12 130 M M 3 16 130
30 74 47 61 10 4 0 T 0.0 0 4.4 13 130 M M 3 1 16 130
31 74 58 66 15 0 1 0.06 M M 7.8 28 140 M M 8 12 36 140
================================================================================
SM 1989 1319 369 19 1.87 0.0 161.2 M 142
================================================================================
AV 64.2 42.5 5.2 FASTST M M 5 MAX(MPH)
MISC ----> 29 310 # 36 300
================================================================================
NOTES:
# LAST OF SEVERAL OCCURRENCES
COLUMN 17 PEAK WIND IN M.P.H.
PRELIMINARY LOCAL CLIMATOLOGICAL DATA (WS FORM: F-6) , PAGE 2
STATION: ALBANY
MONTH: DECEMBER
YEAR: 2022
LATITUDE: 31 31 N
LONGITUDE: 84 11 W
[TEMPERATURE DATA] [PRECIPITATION DATA] SYMBOLS USED IN COLUMN 16
AVERAGE MONTHLY: 53.4 TOTAL FOR MONTH: 1.87 1 = FOG OR MIST
DPTR FM NORMAL: 0.7 DPTR FM NORMAL: -2.48 2 = FOG REDUCING VISIBILITY
HIGHEST: 82 ON 8 GRTST 24HR 0.92 ON 19-20 TO 1/4 MILE OR LESS
LOWEST: 16 ON 24 3 = THUNDER
SNOW, ICE PELLETS, HAIL 4 = ICE PELLETS
TOTAL MONTH: 0.0 INCH 5 = HAIL
GRTST 24HR 0.0 6 = FREEZING RAIN OR DRIZZLE
GRTST DEPTH: 0 7 = DUSTSTORM OR SANDSTORM:
VSBY 1/2 MILE OR LESS
8 = SMOKE OR HAZE
[NO. OF DAYS WITH] [WEATHER - DAYS WITH] 9 = BLOWING SNOW
X = TORNADO
MAX 32 OR BELOW: 1 0.01 INCH OR MORE: 9
MAX 90 OR ABOVE: 0 0.10 INCH OR MORE: 4
MIN 32 OR BELOW: 8 0.50 INCH OR MORE: 2
MIN 0 OR BELOW: 0 1.00 INCH OR MORE: 0
[HDD (BASE 65) ]
TOTAL THIS MO. 369 CLEAR (SCALE 0-3) 13
DPTR FM NORMAL -27 PTCLDY (SCALE 4-7) 11
TOTAL FM JUL 1 610 CLOUDY (SCALE 8-10) 7
DPTR FM NORMAL -53
[CDD (BASE 65) ]
TOTAL THIS MO. 19
DPTR FM NORMAL 6 [PRESSURE DATA]
TOTAL FM JAN 1 2934 HIGHEST SLP 30.48 ON 24
DPTR FM NORMAL 241 LOWEST SLP 29.71 ON 15
[REMARKS]
#FINAL-12-22#