527
CXUS51 KALY 010641
CLMDDH


CLIMATE REPORT
NATIONAL WEATHER SERVICE ALBANY NY
235 AM EDT FRI SEP 1 2017

...................................

...THE BENNINGTON VT CLIMATE SUMMARY FOR THE MONTH OF AUGUST 2017...

CLIMATE NORMAL PERIOD 1981 TO 2010
CLIMATE RECORD PERIOD 9999 TO 9999

WEATHER         OBSERVED          NORMAL  DEPART  LAST YEAR`S
                 VALUE   DATE(S)  VALUE   FROM    VALUE  DATE(S)
                                          NORMAL
................................................................
TEMPERATURE (F)
HIGHEST            88   08/22                         92  08/14
LOWEST             42R  08/26                         44  08/23
AVG. MAXIMUM     77.6              77.7    -0.1     82.1
AVG. MINIMUM     53.7              55.2    -1.5     57.7
MEAN             65.7              66.4    -0.7     69.9
DAYS MAX >= 90      0               0.3    -0.3        2
DAYS MAX <= 32      0               0.0     0.0        0
DAYS MIN <= 32      0               0.0     0.0        0
DAYS MIN <= 0       0               0.0     0.0        0

PRECIPITATION (INCHES)
TOTALS           2.83              4.00   -1.17     4.13
DAILY AVG.       0.09              0.13   -0.04     0.14
DAYS >= .01         9                                 12
DAYS >= .10         5                                  8
DAYS >= .50         1                                  3
DAYS >= 1.00        1                                  2
GREATEST
 24 HR. TOTAL    1.42   08/18 TO 08/18

DEGREE_DAYS
HEATING TOTAL      54                44      10       12
 SINCE 7/1         67                72      -5       22
COOLING TOTAL      86                93      -7      173
 SINCE 1/1        307               288      19      439

FREEZE DATES
EARLIEST                        10/01
LATEST                          05/10
.................................................................

WIND (MPH)
AVERAGE WIND SPEED              3.2
HIGHEST WIND SPEED/DIRECTION    25/190    DATE  08/22
HIGHEST GUST SPEED/DIRECTION    35/180    DATE  08/22

SKY COVER
AVERAGE SKY COVER           0.30

AVERAGE RH (PERCENT)     72

WEATHER CONDITIONS. NUMBER OF DAYS WITH
THUNDERSTORM              5     MIXED PRECIP               0
HEAVY RAIN                5     RAIN                       7
LIGHT RAIN               10     FREEZING RAIN              0
LT FREEZING RAIN          0     HAIL                       0
HEAVY SNOW                0     SNOW                       0
LIGHT SNOW                0     SLEET                      0
FOG                      23     FOG W/VIS <= 1/4 MILE      3
HAZE                      8

-  INDICATES NEGATIVE NUMBERS.
R  INDICATES RECORD WAS SET OR TIED.
MM INDICATES DATA IS MISSING.
T  INDICATES TRACE AMOUNT.

$$
