000
CXUS51 KALY 011438
CLMDDH
CLIMATE REPORT
NATIONAL WEATHER SERVICE ALBANY NY
938 AM EST THU FEB 01 2024
...................................
...THE BENNINGTON VT CLIMATE SUMMARY FOR THE MONTH OF JANUARY 2024...
CLIMATE NORMAL PERIOD: 1991 TO 2020
CLIMATE RECORD PERIOD: 9999 TO 9999
WEATHER OBSERVED NORMAL DEPART LAST YEAR`S
VALUE DATE(S) VALUE FROM VALUE DATE(S)
NORMAL
................................................................
TEMPERATURE (F)
HIGHEST 53 01/13 54 01/01
01/13
LOWEST -3 01/21 14 01/11
01/31
AVG. MAXIMUM 34.0 32.2 1.8 39.1
AVG. MINIMUM 20.4 13.0 7.4 25.5
MEAN 27.2 22.6 4.6 32.3
DAYS MAX >= 90 0 0.0 0.0 0
DAYS MAX <= 32 10 16.3 -6.3 6
DAYS MIN <= 32 25 28.5 -3.5 27
DAYS MIN <= 0 4 5.7 -1.7 0
PRECIPITATION (INCHES)
TOTALS MM 2.37 MM MM
DAILY AVG. MM MM
DAYS >= .01 MM MM
DAYS >= .10 MM MM
DAYS >= .50 MM MM
DAYS >= 1.00 MM MM
GREATEST
24 HR. TOTAL MM
DEGREE DAYS
HEATING TOTAL 1166 1314 -148 1005
SINCE 7/1 3408 3953 -545 3402
COOLING TOTAL 0 0 0 0
SINCE 1/1 0 0 0 0
................................................................
WIND (MPH)
AVERAGE WIND SPEED 4.7
HIGHEST WIND SPEED/DIRECTION 37/150 DATE 01/13
HIGHEST GUST SPEED/DIRECTION 55/140 DATE 01/13
SKY COVER
AVERAGE SKY COVER 0.78
AVERAGE RH (PERCENT) 75
WEATHER CONDITIONS. NUMBER OF DAYS WITH
THUNDERSTORM 0 MIXED PRECIP 0
HEAVY RAIN 1 RAIN 4
LIGHT RAIN 7 FREEZING RAIN 0
LT FREEZING RAIN 1 HAIL 0
HEAVY SNOW 1 SNOW 2
LIGHT SNOW 15 SLEET 0
FOG 17 FOG W/VIS <= 1/4 MILE 3
HAZE 10
- INDICATES NEGATIVE NUMBERS.
R INDICATES RECORD WAS SET OR TIED.
MM INDICATES DATA IS MISSING.
T INDICATES TRACE AMOUNT.
$$