000
CXUS51 KALY 021349 RRB
CLMDDH

CLIMATE REPORT
NATIONAL WEATHER SERVICE ALBANY NY
514 AM EDT WED JUL 1 2015

...................................

...THE BENNINGTON VT CLIMATE SUMMARY FOR THE MONTH OF JUNE 2015...

CLIMATE NORMAL PERIOD 1981 TO 2010
CLIMATE RECORD PERIOD 9999 TO 9999

WEATHER         OBSERVED          NORMAL  DEPART  LAST YEAR`S
                 VALUE   DATE(S)  VALUE   FROM    VALUE  DATE(S)
                                          NORMAL
................................................................
TEMPERATURE (F)
HIGHEST            84   06/23                         87  06/03
LOWEST             33R  06/07                         42  06/01
AVG. MAXIMUM     74.0              75.0    -1.0     76.9
AVG. MINIMUM     52.2              52.4    -0.2     53.3
MEAN             63.1              63.7    -0.6     65.1
DAYS MAX >= 90      0               0.2    -0.2        0
DAYS MAX <= 32      0               0.0     0.0        0
DAYS MIN <= 32      0               0.2    -0.2        0
DAYS MIN <= 0       0               0.0     0.0        0

PRECIPITATION (INCHES)
TOTALS           2.95              4.13   -1.18     3.33
DAILY AVG.       0.10              0.14   -0.04     0.11
DAYS >= .01        14                                 13
DAYS >= .10         7                                  7
DAYS >= .50         1                                  1
DAYS >= 1.00        0                                  1
GREATEST
 24 HR. TOTAL    0.89   06/15 TO 06/15

DEGREE_DAYS
HEATING TOTAL      95                97      -2       47
 SINCE 7/1       7537              7236     301     7298
COOLING TOTAL      47                58     -11       62
 SINCE 1/1        111                72      39       78

FREEZE DATES
EARLIEST      02/01             10/01
LATEST        05/14             05/10
.................................................................

WIND (MPH)
AVERAGE WIND SPEED              4.9
HIGHEST WIND SPEED/DIRECTION    25/120    DATE  06/28
HIGHEST GUST SPEED/DIRECTION    43/120    DATE  06/28

SKY COVER
AVERAGE SKY COVER           0.50

AVERAGE RH (PERCENT)     73

WEATHER CONDITIONS. NUMBER OF DAYS WITH
THUNDERSTORM              4     MIXED PRECIP               0
HEAVY RAIN                5     RAIN                       5
LIGHT RAIN               20     FREEZING RAIN              0
LT FREEZING RAIN          0     HAIL                       0
HEAVY SNOW                0     SNOW                       0
LIGHT SNOW                0     SLEET                      0
FOG                      20     FOG W/VIS <= 1/4 MILE      1
HAZE                      8

-  INDICATES NEGATIVE NUMBERS.
R  INDICATES RECORD WAS SET OR TIED.
MM INDICATES DATA IS MISSING.
T  INDICATES TRACE AMOUNT.

$$
