000
CXUS52 KRAH 011300
CLMGSO


CLIMATE REPORT
NATIONAL WEATHER SERVICE RALEIGH NC
847 AM EDT FRI AUG 1 2014

...................................

...THE PIEDMONT TRIAD INTL AIRPORT CLIMATE SUMMARY FOR THE MONTH OF JULY 2014...

CLIMATE NORMAL PERIOD 1981 TO 2010
CLIMATE RECORD PERIOD 1903 TO 2014

WEATHER         OBSERVED          NORMAL  DEPART  LAST YEAR`S
                 VALUE   DATE(S)  VALUE   FROM    VALUE
                                          NORMAL
.............................................................
TEMPERATURE (F)
RECORD
 HIGH             102   07/08/1977
                        07/14/1954
 LOW               48   07/05/1933
HIGHEST            96   07/14                         93
LOWEST             59   07/05                         64
AVG. MAXIMUM     86.7              87.9    -1.2     85.1
AVG. MINIMUM     67.4              69.1    -1.7     70.1
MEAN             77.1              78.5    -1.4     77.6
DAYS MAX >= 90     10                                  5
DAYS MAX <= 32      0                                  0
DAYS MIN <= 32      0                                  0
DAYS MIN <= 0       0                                  0

PRECIPITATION (INCHES)
RECORD
 MAXIMUM        12.72   1984
TOTALS           2.73              4.48   -1.75     6.02
DAYS >= .01        13
DAYS >= .10         5
DAYS >= .50         2
DAYS >= 1.00        1
GREATEST
 24 HR. TOTAL    1.29   07/15 TO 07/16

DEGREE_DAYS
HEATING TOTAL       0                 0       0        0
 SINCE 7/1          0                 0       0        0
COOLING TOTAL     384               419     -35      400
 SINCE 1/1        938               885      53      849
..............................................................

WIND (MPH)
AVERAGE WIND SPEED              6.2
HIGHEST WIND SPEED/DIRECTION    31/270    DATE  07/08
HIGHEST GUST SPEED/DIRECTION    41/330    DATE  07/27

SKY COVER
POSSIBLE SUNSHINE (PERCENT)   MM
AVERAGE SKY COVER           0.60
NUMBER OF DAYS FAIR            4
NUMBER OF DAYS PC             18
NUMBER OF DAYS CLOUDY          9

AVERAGE RH (PERCENT)     68

WEATHER CONDITIONS. NUMBER OF DAYS WITH
THUNDERSTORM              7     MIXED PRECIP               0
HEAVY RAIN                3     RAIN                       3
LIGHT RAIN               13     FREEZING RAIN              0
LT FREEZING RAIN          0     HAIL                       0
HEAVY SNOW                0     SNOW                       0
LIGHT SNOW                0     SLEET                      0
FOG                      15     FOG W/VIS <= 1/4 MILE      1
HAZE                      2

-  INDICATES NEGATIVE NUMBERS.
R  INDICATES RECORD WAS SET OR TIED.
MM INDICATES DATA IS MISSING.
T  INDICATES TRACE AMOUNT.

&&

THE HIGH MINIMUM TEMPERATURE OF 73 DEGREES ON THE 3RD TIED THE PREVIOUS
HIGH MINIMUM RECORD FOR THE DATE SET IN 2012.


$$
