000
CXUS51 KALY 031401
CLSPSF

CLIMATE REPORT
NATIONAL WEATHER SERVICE ALBANY NY
852 AM EST MON DEC 3 2012

...................................

...THE PITTSFIELD MA CLIMATE SUMMARY FOR THE SEASON, FROM
9/1/2012 TO 11/30/2012...

CLIMATE NORMAL PERIOD 1981 TO 2010
CLIMATE RECORD PERIOD 9999 TO 9999

WEATHER         OBSERVED          NORMAL  DEPART
                 VALUE   DATE(S)  VALUE   FROM
                                          NORMAL
................................................
TEMPERATURE (F)
HIGHEST            82   09/07
                        09/01
LOWEST             18   11/06
AVG. MAXIMUM     57.5              57.9    -0.4
AVG. MINIMUM     39.8              38.0     1.8
MEAN             48.7              48.0     0.7
DAYS MAX >= 90      0               0.2    -0.2
DAYS MAX <= 32      1               2.2    -1.2
DAYS MIN <= 32     24              29.5    -5.5
DAYS MIN <= 0       0               0.0     0.0

PRECIPITATION (INCHES)
TOTALS          11.38             12.60   -1.22
DAILY AVG.       0.12              0.14   -0.02
DAYS >= .01        30
DAYS >= .10        17
DAYS >= .50        10
DAYS >= 1.00        3

DEGREE_DAYS
HEATING TOTAL    1483              1573     -90
 SINCE 7/1       1507              1651    -144
COOLING TOTAL      25                20       5
 SINCE 1/1        465               290     175
.................................................

WIND (MPH)
AVERAGE WIND SPEED              5.4
HIGHEST WIND SPEED/DIRECTION    35/060    DATE  10/29
HIGHEST GUST SPEED/DIRECTION    58/100    DATE  10/29


WEATHER CONDITIONS. NUMBER OF DAYS WITH
THUNDERSTORM              0     MIXED PRECIP               0
HEAVY RAIN               10     RAIN                      14
LIGHT RAIN               35     FREEZING RAIN              0
LT FREEZING RAIN          0     HAIL                       0
HEAVY SNOW                0     SNOW                       0
LIGHT SNOW                7     SLEET                      0
FOG                      61     FOG W/VIS <= 1/4 MILE     18
HAZE                      8

-  INDICATES NEGATIVE NUMBERS.
R  INDICATES RECORD WAS SET OR TIED.
MM INDICATES DATA IS MISSING.
T  INDICATES TRACE AMOUNT.

$$
