000
CXUS51 KALY 010811
CLSPSF
CLIMATE REPORT
NATIONAL WEATHER SERVICE ALBANY NY
411 AM EDT THU SEP 01 2022
...................................
...THE PITTSFIELD MA CLIMATE SUMMARY FOR THE SEASON, FROM
6/1/2022 TO 8/31/2022...
CLIMATE NORMAL PERIOD: 1991 TO 2020
CLIMATE RECORD PERIOD: 9999 TO 9999
WEATHER OBSERVED NORMAL DEPART LAST YEAR`S
VALUE DATE(S) VALUE FROM VALUE DATE(S)
NORMAL
................................................................
TEMPERATURE (F)
HIGHEST 92 08/04 90 06/28
06/29
LOWEST 42 06/20 41 06/17
AVG. MAXIMUM 79.4 77.2 2.2 78.0
AVG. MINIMUM 56.0 55.9 0.1 58.4
MEAN 67.7 66.5 1.2 68.2
DAYS MAX >= 90 7 2.4 4.6 MM
DAYS MAX <= 32 0 0.0 0.0 MM
DAYS MIN <= 32 0 0.0 0.0 MM
DAYS MIN <= 0 0 0.0 0.0 MM
PRECIPITATION (INCHES)
TOTALS 4.87 12.58 -7.71 18.49
DAILY AVG. 0.08 0.21
DAYS >= .01 29 37
DAYS >= .10 15 25
DAYS >= .50 1 15
DAYS >= 1.00 0 5
GREATEST
24 HR. TOTAL 0.63 07/25 TO 07/25
DEGREE DAYS
HEATING TOTAL 94 155 -61 97
SINCE 7/1 11 62 -51 MM
COOLING TOTAL 355 297 58 407
SINCE 1/1 394 313 81 MM
................................................................
WIND (MPH)
AVERAGE WIND SPEED 5.4
HIGHEST WIND SPEED/DIRECTION 35/290 DATE 07/24
HIGHEST GUST SPEED/DIRECTION 45/280 DATE 07/24
WEATHER CONDITIONS. NUMBER OF DAYS WITH
THUNDERSTORM 13 MIXED PRECIP 0
HEAVY RAIN 11 RAIN 20
LIGHT RAIN 41 FREEZING RAIN 0
LT FREEZING RAIN 0 HAIL 0
HEAVY SNOW 0 SNOW 0
LIGHT SNOW 0 SLEET 0
FOG 60 FOG W/VIS <= 1/4 MILE 16
HAZE 5
- INDICATES NEGATIVE NUMBERS.
R INDICATES RECORD WAS SET OR TIED.
MM INDICATES DATA IS MISSING.
T INDICATES TRACE AMOUNT.
$$