000
CXUS54 KOUN 010910
CF6CSM
PRELIMINARY LOCAL CLIMATOLOGICAL DATA (WS FORM: F-6)
STATION: CLINTON
MONTH: DECEMBER
YEAR: 2022
LATITUDE: 35 20 N
LONGITUDE: 99 12 W
TEMPERATURE IN F: :PCPN: SNOW: WIND :SUNSHINE: SKY :PK WND
================================================================================
1 2 3 4 5 6A 6B 7 8 9 10 11 12 13 14 15 16 17 18
12Z AVG MX 2MIN
DY MAX MIN AVG DEP HDD CDD WTR SNW DPTH SPD SPD DIR MIN PSBL S-S WX SPD DR
================================================================================
1 47 27 37 -6 28 0 0.00 0.0 0 20.7 35 180 M M 3 42 180
2 67 37 52 10 13 0 0.00 M M 22.1 39 10 M M 2 8 49 360
3 43 28 36 -6 29 0 0.00 M M 12.2 36 10 M M 0 47 360
4 52 33 43 1 22 0 0.16 M M 11.2 23 200 M M 2 1 27 200
5 73 43 58 16 7 0 0.00 M M 10.6 20 220 M M 0 22 220
6 50 37 44 3 21 0 0.00 M M 8.3 16 340 M M 5 12 19 350
7 47 37 42 1 23 0 0.27 M M 5.5 16 130 M M 8 18 18 130
8 61 40 51 10 14 0 0.01 M M 10.2 20 220 M M 5 12 23 210
9 53 33 43 3 22 0 0.05 M M 8.5 15 70 M M 4 17 80
10 49 33 41 1 24 0 T M M 8.7 22 20 M M 8 123 27 20
11 43 31 37 -3 28 0 T M M 7.8 20 150 M M 10 12 23 150
12 59 43 51 11 14 0 0.02 M M 21.7 33 170 M M 10 12 42 160
13 60 32 46 6 19 0 0.55 M M 15.1 37 250 M M 2 13 46 250
14 46 26 36 -3 29 0 0.00 M M 15.6 32 300 M M 0 38 300
15 45 28 37 -2 28 0 0.00 M M 12.5 25 330 M M 0 30 330
16 43 27 35 -4 30 0 0.00 M M 14.0 28 330 M M 6 32 320
17 44 22 33 -6 32 0 0.00 M M 9.3 16 310 M M 0 19 310
18 47 23 35 -4 30 0 0.00 M M 15.0 24 160 M M 1 30 150
19 54 29 42 3 23 0 0.00 M M 14.9 28 170 M M 3 32 170
20 33 22 28 -10 37 0 0.00 M M 10.8 24 360 M M 8 1 27 360
21 37 25 31 -7 34 0 0.00 M M 15.6 29 170 M M 8 12 33 180
22 35 2 19 -19 46 0 T M M 28.8 47 350 M M 6 12689 56 350
23 22 3 13 -25 52 0 0.00 M M 13.0 28 340 M M 0 33 350
24 36 11 24 -14 41 0 0.00 M M 9.8 18 210 M M 0 23 180
25 47 17 32 -6 33 0 0.00 M M 10.7 23 190 M M 0 27 200
26 49 19 34 -4 31 0 0.00 M M 14.0 28 360 M M 1 35 340
27 56 20 38 0 27 0 0.00 M M 22.1 38 190 M M 0 46 190
28 74 41 58 20 7 0 0.00 M M 21.2 36 230 M M 0 46 240
29 63 34 49 11 16 0 0.00 M M 15.1 28 280 M M 0 34 250
30 53 26 40 2 25 0 0.00 M M 8.6 17 190 M M 1 20 190
31 57 34 46 8 19 0 0.00 M M 9.9 16 180 M M 0 20 200
================================================================================
SM 1545 863 804 0 1.06 0.0 423.5 M 93
================================================================================
AV 49.8 27.8 13.7 FASTST M M 3 MAX(MPH)
MISC ----> 47 350 56 350
================================================================================
NOTES:
# LAST OF SEVERAL OCCURRENCES
COLUMN 17 PEAK WIND IN M.P.H.
PRELIMINARY LOCAL CLIMATOLOGICAL DATA (WS FORM: F-6) , PAGE 2
STATION: CLINTON
MONTH: DECEMBER
YEAR: 2022
LATITUDE: 35 20 N
LONGITUDE: 99 12 W
[TEMPERATURE DATA] [PRECIPITATION DATA] SYMBOLS USED IN COLUMN 16
AVERAGE MONTHLY: 38.8 TOTAL FOR MONTH: 1.06 1 = FOG OR MIST
DPTR FM NORMAL: -0.7 DPTR FM NORMAL: 0.29 2 = FOG REDUCING VISIBILITY
HIGHEST: 74 ON 28 GRTST 24HR 0.57 ON 12-13 TO 1/4 MILE OR LESS
LOWEST: 2 ON 22 3 = THUNDER
SNOW, ICE PELLETS, HAIL 4 = ICE PELLETS
TOTAL MONTH: 0.0 INCH 5 = HAIL
GRTST 24HR 0.0 6 = FREEZING RAIN OR DRIZZLE
GRTST DEPTH: 0 7 = DUSTSTORM OR SANDSTORM:
VSBY 1/2 MILE OR LESS
8 = SMOKE OR HAZE
[NO. OF DAYS WITH] [WEATHER - DAYS WITH] 9 = BLOWING SNOW
X = TORNADO
MAX 32 OR BELOW: 1 0.01 INCH OR MORE: 6
MAX 90 OR ABOVE: 0 0.10 INCH OR MORE: 3
MIN 32 OR BELOW: 19 0.50 INCH OR MORE: 1
MIN 0 OR BELOW: 0 1.00 INCH OR MORE: 0
[HDD (BASE 65) ]
TOTAL THIS MO. 804 CLEAR (SCALE 0-3) 20
DPTR FM NORMAL 14 PTCLDY (SCALE 4-7) 8
TOTAL FM JUL 1 1563 CLOUDY (SCALE 8-10) 3
DPTR FM NORMAL 63
[CDD (BASE 65) ]
TOTAL THIS MO. 0
DPTR FM NORMAL 0 [PRESSURE DATA]
TOTAL FM JAN 1 2506 HIGHEST SLP 30.81 ON 23
DPTR FM NORMAL 526 LOWEST SLP 29.49 ON 28
[REMARKS]
#FINAL-12-22#