000
CXUS56 KTFX 220802
CF6HVR
PRELIMINARY LOCAL CLIMATOLOGICAL DATA (WS FORM: F-6)
STATION: HAVRE MT
MONTH: FEBRUARY
YEAR: 2023
LATITUDE: 48 32 N
LONGITUDE: 109 46 W
TEMPERATURE IN F: :PCPN: SNOW: WIND :SUNSHINE: SKY :PK WND
================================================================================
1 2 3 4 5 6A 6B 7 8 9 10 11 12 13 14 15 16 17 18
12Z AVG MX 2MIN
DY MAX MIN AVG DEP HDD CDD WTR SNW DPTH SPD SPD DIR MIN PSBL S-S WX SPD DR
================================================================================
1 33 9 21 2 44 0 0.04 0.6 4 13.4 25 310 M M 3 1 31 320
2 11 3 7 -12 58 0 T T 4 10.2 18 70 M M 4 22 60
3 40 4 22 3 43 0 0.00 0.0 4 17.5 33 240 M M 1 8 43 220
4 39 25 32 13 33 0 0.00 0.0 3 16.9 33 220 M M 1 44 220
5 37 19 28 8 37 0 0.00 0.0 3 5.2 17 230 M M 1 22 230
6 38 26 32 12 33 0 0.00 0.0 2 13.8 28 250 M M 3 35 250
7 40 32 36 16 29 0 0.00 0.0 2 16.3 29 220 M M 3 38 220
8 39 20 30 10 35 0 T T 2 18.4 37 320 M M 5 1 48 310
9 38 17 28 8 37 0 0.00 0.0 2 14.0 23 220 M M 0 30 210
10 41 27 34 14 31 0 0.00 0.0 2 15.3 25 230 M M 0 32 240
11 39 25 32 12 33 0 0.00 0.0 1 11.5 23 220 M M 0 28 220
12 42 29 36 16 29 0 0.00 0.0 1 17.8 30 210 M M 0 39 210
13 44 30 37 16 28 0 0.00 0.0 0 12.9 24 230 M M 2 32 220
14 33 14 24 3 41 0 0.00 0.0 0 10.4 23 10 M M 4 30 10
15 34 13 24 3 41 0 0.00 0.0 0 13.3 25 230 M M 1 34 220
16 41 20 31 10 34 0 0.00 0.0 0 17.5 26 230 M M 1 35 220
17 42 30 36 14 29 0 0.00 0.0 0 13.2 28 250 M M 6 36 240
18 40 28 34 12 31 0 T T 0 9.4 17 270 M M 8 24 320
19 41 28 35 13 30 0 T T T 13.3 24 230 M M 9 1 33 230
20 32 21 27 5 38 0 0.11 2.4 0 11.0 28 80 M M 10 1 34 80
21 22 -2 10 -12 55 0 0.21 4.4 6 19.6 33 80 M M 10 128 57 290
22 -2 -8 -5 -28 70 0 0.02 0.5 7 13.0 18 80 M M 10 18 23 80
23 -4 -14 -9 -32 74 0 T 0.2 7 10.8 16 80 M M 7 18 20 90
24 -3 -20 -11 -34 76 0 0.01 0.2 7 3.6 10 80 M M 3 18 12 80
25 15 -10 3 -21 62 0 0.00 0.0 7 6.3 12 80 M M 1 8 13 90
26 42 7 25 1 40 0 0.00 0.0 M 11.8 28 270 M M 0 35 280
27 35 14 25 1 40 0 0.00 0.0 3 12.3 30 250 M M 0 37 250
28 27 14 21 -4 44 0 0.00 0.0 3 14.1 24 80 M M 9 29 70
================================================================================
SM 876 401 1175 0 0.39 8.3 362.8 M 102
================================================================================
AV 31.3 14.3 13.0 FASTST M M 4 MAX(MPH)
MISC ----> 37 320 57 290
================================================================================
NOTES:
# LAST OF SEVERAL OCCURRENCES
COLUMN 17 PEAK WIND IN M.P.H.
PRELIMINARY LOCAL CLIMATOLOGICAL DATA (WS FORM: F-6) , PAGE 2
STATION: HAVRE MT
MONTH: FEBRUARY
YEAR: 2023
LATITUDE: 48 32 N
LONGITUDE: 109 46 W
[TEMPERATURE DATA] [PRECIPITATION DATA] SYMBOLS USED IN COLUMN 16
AVERAGE MONTHLY: 22.8 TOTAL FOR MONTH: 0.39 1 = FOG OR MIST
DPTR FM NORMAL: 1.5 DPTR FM NORMAL: 0.01 2 = FOG REDUCING VISIBILITY
HIGHEST: 44 ON 13 GRTST 24HR 0.32 ON 20-21 TO 1/4 MILE OR LESS
LOWEST: -20 ON 24 3 = THUNDER
SNOW, ICE PELLETS, HAIL 4 = ICE PELLETS
TOTAL MONTH: 8.3 INCHES 5 = HAIL
GRTST 24HR 4.4 ON 21-21 6 = FREEZING RAIN OR DRIZZLE
GRTST DEPTH: 7 ON 25,24 7 = DUSTSTORM OR SANDSTORM:
VSBY 1/2 MILE OR LESS
8 = SMOKE OR HAZE
[NO. OF DAYS WITH] [WEATHER - DAYS WITH] 9 = BLOWING SNOW
X = TORNADO
MAX 32 OR BELOW: 8 0.01 INCH OR MORE: 5
MAX 90 OR ABOVE: 0 0.10 INCH OR MORE: 2
MIN 32 OR BELOW: 28 0.50 INCH OR MORE: 0
MIN 0 OR BELOW: 5 1.00 INCH OR MORE: 0
[HDD (BASE 65) ]
TOTAL THIS MO. 1175 CLEAR (SCALE 0-3) 16
DPTR FM NORMAL -49 PTCLDY (SCALE 4-7) 7
TOTAL FM JUL 1 6318 CLOUDY (SCALE 8-10) 5
DPTR FM NORMAL 280
[CDD (BASE 65) ]
TOTAL THIS MO. 0
DPTR FM NORMAL 0 [PRESSURE DATA]
TOTAL FM JAN 1 0 HIGHEST SLP 30.66 ON 23
DPTR FM NORMAL 0 LOWEST SLP 29.27 ON 26
[REMARKS]
#FINAL-02-23#