000
CXUS55 KPUB 011210
CF6LAA
PRELIMINARY LOCAL CLIMATOLOGICAL DATA (WS FORM: F-6)
STATION: LAMAR CO
MONTH: JUNE
YEAR: 2023
LATITUDE: 38 4 N
LONGITUDE: 102 41 W
TEMPERATURE IN F: :PCPN: SNOW: WIND :SUNSHINE: SKY :PK WND
================================================================================
1 2 3 4 5 6A 6B 7 8 9 10 11 12 13 14 15 16 17 18
12Z AVG MX 2MIN
DY MAX MIN AVG DEP HDD CDD WTR SNW DPTH SPD SPD DIR MIN PSBL S-S WX SPD DR
================================================================================
1 84 58 71 2 0 6 0.00 M M 18.3 35 200 M M 1 48 200
2 80 57 69 -1 0 4 0.34 M M 12.7 22 130 M M 3 3 38 270
3 69 56 63 -7 2 0 0.17 M M 6.5 16 30 M M 9 1 22 20
4 70 58 64 -6 1 0 0.71 M M 7.0 22 80 M M 9 13 28 80
5 72 55 64 -7 1 0 0.30 M M 6.9 25 140 M M 6 13 35 140
6 81 51 66 -5 0 1 0.00 M M 9.9 21 190 M M 2 13 29 170
7 83 55 69 -3 0 4 0.00 M M 6.4 25 260 M M 1 36 220
8 85 53 69 -3 0 4 0.00 M M 5.4 12 140 M M 0 16 120
9 88 57 73 1 0 8 T M M 8.7 43 230 M M 2 38 58 240
10 84 52 68 -4 0 3 0.20 M M 6.5 33 300 M M 1 3 47 310
11 74 56 65 -8 0 0 0.07 M M 9.1 17 60 M M 4 1 23 50
12 73 51 62 -11 3 0 0.49 M M 13.3 26 150 M M 7 13 36 130
13 72 53 63 -10 2 0 0.29 M M 6.7 32 200 M M 7 13 43 190
14 79 51 65 -9 0 0 0.02 0.0 0 6.5 14 40 M M 1 3 18 160
15 79 51 65 -9 0 0 0.06 M M 9.5 39 230 M M 3 3 53 220
16 80 49 65 -9 0 0 1.08 M M 9.8 43 250 M M 3 13 69 240
17 72 51 62 -12 3 0 0.46 M M 7.7 38 280 M M 5 13 50 280
18 89 50 70 -5 0 5 0.00 M M 9.4 21 170 M M 0 34 180
19 93 53 73 -2 0 8 0.00 M M 6.8 14 280 M M 0 1 18 270
20 92 59 76 1 0 11 0.00 M M 6.8 17 300 M M 1 12 23 290
21 89 64 77 1 0 12 0.00 M M 13.5 31 120 M M 6 1238 40 110
22 78 58 68 -8 0 3 1.13 M M 11.5 26 350 M M 6 13 36 350
23 95 63 79 3 0 14 0.48 M M 13.2 26 110 M M 2 13 38 120
24 87 57 72 -4 0 7 0.00 M M 6.5 14 120 M M 0 19 130
25 82 57 70 -6 0 5 0.00 M M 6.5 14 120 M M 1 19 120
26 93 59 76 -1 0 11 0.00 M M 13.0 28 140 M M 0 39 130
27 93 65 79 2 0 14 T M M 10.4 31 160 M M 0 45 160
28 96 59 78 1 0 13 0.00 M M 8.0 16 130 M M 0 24 140
29 82 63 73 -4 0 8 0.04 M M 10.1 44 160 M M 2 3 58 160
30 83 59 71 -6 0 6 0.20 M M 6.3 28 200 M M 5 3 35 200
================================================================================
SM 2477 1680 12 147 6.04 0.0 272.9 M 87
================================================================================
AV 82.6 56.0 9.1 FASTST M M 3 MAX(MPH)
MISC ----> 44 160 69 240
================================================================================
NOTES:
# LAST OF SEVERAL OCCURRENCES
COLUMN 17 PEAK WIND IN M.P.H.
PRELIMINARY LOCAL CLIMATOLOGICAL DATA (WS FORM: F-6) , PAGE 2
STATION: LAMAR CO
MONTH: JUNE
YEAR: 2023
LATITUDE: 38 4 N
LONGITUDE: 102 41 W
[TEMPERATURE DATA] [PRECIPITATION DATA] SYMBOLS USED IN COLUMN 16
AVERAGE MONTHLY: 69.3 TOTAL FOR MONTH: 6.04 1 = FOG OR MIST
DPTR FM NORMAL: -4.6 DPTR FM NORMAL: 3.95 2 = FOG REDUCING VISIBILITY
HIGHEST: 96 ON 28 GRTST 24HR 1.54 ON 16-17 TO 1/4 MILE OR LESS
LOWEST: 49 ON 16 3 = THUNDER
SNOW, ICE PELLETS, HAIL 4 = ICE PELLETS
TOTAL MONTH: 0.0 INCH 5 = HAIL
GRTST 24HR 0.0 6 = FREEZING RAIN OR DRIZZLE
GRTST DEPTH: 0 7 = DUSTSTORM OR SANDSTORM:
VSBY 1/2 MILE OR LESS
8 = SMOKE OR HAZE
[NO. OF DAYS WITH] [WEATHER - DAYS WITH] 9 = BLOWING SNOW
X = TORNADO
MAX 32 OR BELOW: 0 0.01 INCH OR MORE: 16
MAX 90 OR ABOVE: 6 0.10 INCH OR MORE: 12
MIN 32 OR BELOW: 0 0.50 INCH OR MORE: 3
MIN 0 OR BELOW: 0 1.00 INCH OR MORE: 2
[HDD (BASE 65) ]
TOTAL THIS MO. 12 CLEAR (SCALE 0-3) 18
DPTR FM NORMAL 0 PTCLDY (SCALE 4-7) 10
TOTAL FM JUL 1 5615 CLOUDY (SCALE 8-10) 2
DPTR FM NORMAL 333
[CDD (BASE 65) ]
TOTAL THIS MO. 147
DPTR FM NORMAL -131 [PRESSURE DATA]
TOTAL FM JAN 1 213 HIGHEST SLP 30.11 ON 5
DPTR FM NORMAL -145 LOWEST SLP 29.55 ON 27
[REMARKS]
#FINAL-06-23#