000
CXUS56 KLKN 011210
CF6EKO
PRELIMINARY LOCAL CLIMATOLOGICAL DATA (WS FORM: F-6)
STATION: ELKO AIRPORT NV
MONTH: JULY
YEAR: 2023
LATITUDE: 40 49 N
LONGITUDE: 115 47 W
TEMPERATURE IN F: :PCPN: SNOW: WIND :SUNSHINE: SKY :PK WND
================================================================================
1 2 3 4 5 6A 6B 7 8 9 10 11 12 13 14 15 16 17 18
12Z AVG MX 2MIN
DY MAX MIN AVG DEP HDD CDD WTR SNW DPTH SPD SPD DIR MIN PSBL S-S WX SPD DR
================================================================================
1 94 50 72 3 0 7 0.00 0.0 0 3.5 13 230 M M 0 20 240
2 96 51 74 5 0 9 0.00 0.0 0 4.5 18 220 M M 0 25 220
3 96 53 75 6 0 10 0.00 0.0 0 6.0 23 290 M M 0 31 310
4 91 59 75 5 0 10 T 0.0 0 7.7 21 290 M M 1 27 290
5 90 49 70 0 0 5 0.00 0.0 0 5.0 17 280 M M 0 25 280
6 93 54 74 4 0 9 T 0.0 0 5.9 22 30 M M 1 3 30 70
7 92 52 72 2 0 7 T 0.0 0 5.7 24 110 M M 1 35 130
8 92 54 73 2 0 8 0.00 0.0 0 5.3 20 30 M M 0 26 20
9 97 54 76 5 0 11 0.00 0.0 0 7.5 23 180 M M 0 36 200
10 93 53 73 2 0 8 0.00 0.0 0 5.8 20 280 M M 0 27 250
11 93 52 73 1 0 8 0.00 0.0 0 5.1 18 250 M M 0 26 280
12 94 48 71 -1 0 6 0.00 0.0 0 5.2 18 270 M M 0 25 250
13 92 47 70 -2 0 5 0.00 0.0 0 5.7 20 280 M M 0 26 270
14 93 51 72 0 0 7 0.00 0.0 0 3.8 13 70 M M 0 18 200
15 99 55 77 5 0 12 0.00 0.0 0 3.3 12 280 M M 0 22 240
16 102 52 77 4 0 12 0.00 0.0 0 4.6 17 270 M M 0 25 240
17 94 54 74 1 0 9 0.00 0.0 0 8.5 29 260 M M 0 40 270
18 96 59 78 5 0 13 T 0.0 0 7.6 31 170 M M 1 3 47 170
19 88 60 74 1 0 9 0.00 0.0 0 7.0 24 250 M M 1 3 30 240
20 96 54 75 2 0 10 0.00 0.0 0 4.3 13 300 M M 0 19 220
21 99 51 75 2 0 10 0.00 0.0 0 4.7 16 210 M M 0 23 240
22 103 52 78 5 0 13 0.02 0.0 0 4.3 40 340 M M 1 38 55 340
23 103 60 82 9 0 17 T 0.0 0 5.7 29 250 M M 0 3 48 220
24 86 65 76 3 0 11 T 0.0 0 7.2 31 260 M M 3 43 250
25 96 49 73 0 0 8 0.00 0.0 0 5.0 23 270 M M 0 28 280
26 97 55 76 3 0 11 0.00 0.0 0 5.2 17 260 M M 0 31 270
27 94 62 78 5 0 13 0.00 0.0 0 8.2 25 270 M M 0 36 250
28 95 50 73 0 0 8 0.00 0.0 0 5.5 21 250 M M 0 29 260
29 99 51 75 2 0 10 0.00 0.0 0 4.9 22 270 M M 0 29 280
30 95 57 76 3 0 11 0.00 0.0 0 4.5 14 290 M M 0 19 290
31 96 55 76 3 0 11 0.00 0.0 0 4.1 14 300 M M 0 19 310
================================================================================
SM 2944 1668 0 298 0.02 0.0 171.3 M 9
================================================================================
AV 95.0 53.8 5.5 FASTST M M 0 MAX(MPH)
MISC ----> 40 340 55 340
================================================================================
NOTES:
# LAST OF SEVERAL OCCURRENCES
COLUMN 17 PEAK WIND IN M.P.H.
PRELIMINARY LOCAL CLIMATOLOGICAL DATA (WS FORM: F-6) , PAGE 2
STATION: ELKO AIRPORT NV
MONTH: JULY
YEAR: 2023
LATITUDE: 40 49 N
LONGITUDE: 115 47 W
[TEMPERATURE DATA] [PRECIPITATION DATA] SYMBOLS USED IN COLUMN 16
AVERAGE MONTHLY: 74.4 TOTAL FOR MONTH: 0.02 1 = FOG OR MIST
DPTR FM NORMAL: 2.5 DPTR FM NORMAL: -0.34 2 = FOG REDUCING VISIBILITY
HIGHEST: 103 ON 23,22 GRTST 24HR 0.02 ON 22-22 TO 1/4 MILE OR LESS
LOWEST: 47 ON 13 3 = THUNDER
SNOW, ICE PELLETS, HAIL 4 = ICE PELLETS
TOTAL MONTH: 0.0 INCH 5 = HAIL
GRTST 24HR 0.0 6 = FREEZING RAIN OR DRIZZLE
GRTST DEPTH: 0 7 = DUSTSTORM OR SANDSTORM:
VSBY 1/2 MILE OR LESS
8 = SMOKE OR HAZE
[NO. OF DAYS WITH] [WEATHER - DAYS WITH] 9 = BLOWING SNOW
X = TORNADO
MAX 32 OR BELOW: 0 0.01 INCH OR MORE: 1
MAX 90 OR ABOVE: 29 0.10 INCH OR MORE: 0
MIN 32 OR BELOW: 0 0.50 INCH OR MORE: 0
MIN 0 OR BELOW: 0 1.00 INCH OR MORE: 0
[HDD (BASE 65) ]
TOTAL THIS MO. 0 CLEAR (SCALE 0-3) 31
DPTR FM NORMAL -14 PTCLDY (SCALE 4-7) 0
TOTAL FM JUL 1 0 CLOUDY (SCALE 8-10) 0
DPTR FM NORMAL -9
[CDD (BASE 65) ]
TOTAL THIS MO. 298
DPTR FM NORMAL 71 [PRESSURE DATA]
TOTAL FM JAN 1 309 HIGHEST SLP 30.14 ON 25
DPTR FM NORMAL 13 LOWEST SLP 29.68 ON 9
[REMARKS]
#FINAL-07-23#