000
CXUS54 KOUN 011233
CF6LAW
PRELIMINARY LOCAL CLIMATOLOGICAL DATA (WS FORM: F-6)
STATION: LAWTON
MONTH: AUGUST
YEAR: 2021
LATITUDE: 34 34 N
LONGITUDE: 98 25 W
TEMPERATURE IN F: :PCPN: SNOW: WIND :SUNSHINE: SKY :PK WND
================================================================================
1 2 3 4 5 6A 6B 7 8 9 10 11 12 13 14 15 16 17 18
12Z AVG MX 2MIN
DY MAX MIN AVG DEP HDD CDD WTR SNW DPTH SPD SPD DIR MIN PSBL S-S WX SPD DR
================================================================================
1 87 75 81 -4 0 16 0.00 0.0 0 10.4 21 40 M M 6 26 40
2 87 65 76 -9 0 11 0.00 0.0 0 9.4 17 10 M M 1 18 24 20
3 89 61 75 -10 0 10 0.00 0.0 0 4.4 14 30 M M 1 18 17 20
4 91 64 78 -7 0 13 0.00 0.0 0 3.5 12 130 M M 1 18 14 80
5 90 67 79 -6 0 14 0.02 0.0 0 7.3 18 110 M M 4 18 23 210
6 98 68 83 -2 0 18 0.00 0.0 0 8.8 20 160 M M 1 1 26 170
7 97 74 86 1 0 21 0.00 0.0 0 12.0 21 140 M M 1 32 140
8 97 73 85 0 0 20 0.08 0.0 0 11.3 23 160 M M 1 3 31 180
9 100 77 89 4 0 24 0.00 0.0 0 13.2 25 180 M M 0 36 160
10 99 77 88 3 0 23 0.00 0.0 0 13.8 24 160 M M 0 31 160
11 99 74 87 2 0 22 0.00 0.0 0 12.8 23 170 M M 0 32 170
12 99 74 87 2 0 22 0.00 0.0 0 9.7 18 200 M M 0 28 170
13 97 70 84 0 0 19 0.66 0.0 0 7.2 28 350 M M 1 3 33 350
14 86 71 79 -5 0 14 0.06 0.0 0 4.2 12 80 M M 2 13 15 70
15 91 68 80 -4 0 15 0.00 0.0 0 3.3 12 140 M M 1 1 14 120
16 93 70 82 -2 0 17 0.00 0.0 0 7.1 17 120 M M 0 20 120
17 83 72 78 -6 0 13 0.22 0.0 0 8.1 17 160 M M 4 13 23 130
18 87 72 80 -4 0 15 0.11 0.0 0 8.9 18 150 M M 8 1 23 140
19 91 71 81 -2 0 16 2.44 0.0 M 8.8 18 120 M M 6 13 23 120
20 95 76 86 3 0 21 0.00 0.0 0 12.1 22 190 M M 1 28 200
21 96 75 86 3 0 21 0.00 0.0 0 8.3 18 20 M M 0 24 10
22 96 73 85 2 0 20 0.00 0.0 0 8.8 18 170 M M 0 25 160
23 96 71 84 2 0 19 0.00 0.0 0 9.7 21 170 M M 0 26 170
24 97 68 83 1 0 18 0.00 0.0 0 8.6 21 170 M M 0 27 170
25 98 69 84 2 0 19 0.00 0.0 0 6.6 15 150 M M 0 20 140
26 96 69 83 1 0 18 0.00 0.0 0 5.1 14 130 M M 0 18 120
27 95 70 83 2 0 18 0.00 0.0 0 7.1 17 130 M M 0 1 24 130
28 93 73 83 2 0 18 0.00 0.0 0 8.7 18 130 M M 1 26 130
29 93 72 83 2 0 18 0.00 0.0 0 6.7 16 120 M M 1 20 70
30 94 72 83 2 0 18 0.00 0.0 M 2.8 10 70 M M 2 15 100
31 98 71 85 5 0 20 0.00 0.0 M 4.2 16 360 M M 0 20 360
================================================================================
SM 2908 2202 0 551 3.59 0.0 252.9 M 43
================================================================================
AV 93.8 71.0 8.2 FASTST M M 1 MAX(MPH)
MISC ----> 28 350 36 160
================================================================================
NOTES:
# LAST OF SEVERAL OCCURRENCES
COLUMN 17 PEAK WIND IN M.P.H.
PRELIMINARY LOCAL CLIMATOLOGICAL DATA (WS FORM: F-6) , PAGE 2
STATION: LAWTON
MONTH: AUGUST
YEAR: 2021
LATITUDE: 34 34 N
LONGITUDE: 98 25 W
[TEMPERATURE DATA] [PRECIPITATION DATA] SYMBOLS USED IN COLUMN 16
AVERAGE MONTHLY: 82.4 TOTAL FOR MONTH: 3.59 1 = FOG OR MIST
DPTR FM NORMAL: -1.2 DPTR FM NORMAL: 0.38 2 = FOG REDUCING VISIBILITY
HIGHEST: 100 ON 9 GRTST 24HR 2.44 ON 18-19 TO 1/4 MILE OR LESS
LOWEST: 61 ON 3 3 = THUNDER
SNOW, ICE PELLETS, HAIL 4 = ICE PELLETS
TOTAL MONTH: 0.0 INCH 5 = HAIL
GRTST 24HR 0.0 6 = FREEZING RAIN OR DRIZZLE
GRTST DEPTH: 0 7 = DUSTSTORM OR SANDSTORM:
VSBY 1/2 MILE OR LESS
8 = SMOKE OR HAZE
[NO. OF DAYS WITH] [WEATHER - DAYS WITH] 9 = BLOWING SNOW
X = TORNADO
MAX 32 OR BELOW: 0 0.01 INCH OR MORE: 7
MAX 90 OR ABOVE: 25 0.10 INCH OR MORE: 4
MIN 32 OR BELOW: 0 0.50 INCH OR MORE: 2
MIN 0 OR BELOW: 0 1.00 INCH OR MORE: 1
[HDD (BASE 65) ]
TOTAL THIS MO. 0 CLEAR (SCALE 0-3) 26
DPTR FM NORMAL 0 PTCLDY (SCALE 4-7) 5
TOTAL FM JUL 1 0 CLOUDY (SCALE 8-10) 0
DPTR FM NORMAL 0
[CDD (BASE 65) ]
TOTAL THIS MO. 551
DPTR FM NORMAL -24 [PRESSURE DATA]
TOTAL FM JAN 1 1688 HIGHEST SLP 30.20 ON 14
DPTR FM NORMAL -228 LOWEST SLP 29.67 ON 31
[REMARKS]
#FINAL-08-21#