000
CDUS43 KLSX 230728
CLICOU


CLIMATE REPORT
NATIONAL WEATHER SERVICE ST LOUIS MO
228 AM CDT SAT MAR 23 2019


...................................

...THE COLUMBIA ASOS CLIMATE SUMMARY FOR MARCH 22 2019...

CLIMATE NORMAL PERIOD 1981 TO 2010
CLIMATE RECORD PERIOD 1890 TO 2019


WEATHER ITEM   OBSERVED TIME   RECORD YEAR NORMAL DEPARTURE LAST
                VALUE   (LST)  VALUE       VALUE  FROM      YEAR
                                                  NORMAL
..................................................................
TEMPERATURE (F)
 YESTERDAY
  MAXIMUM         66    404 PM  90    1910  58      8       57
                                      1907
  MINIMUM         37    639 AM  13    2002  36      1       30
  AVERAGE         52                        47      5       44

PRECIPITATION (IN)
  YESTERDAY        0.00          1.03 1898   0.10  -0.10     0.00
  MONTH TO DATE    2.44                      1.96   0.48     2.15
  SINCE MAR 1      2.44                      1.96   0.48     2.15
  SINCE JAN 1      6.41                      6.13   0.28     7.36

SNOWFALL (IN)
  YESTERDAY        0.0           0.2  1955   0.1   -0.1      0.0
  MONTH TO DATE    2.2                       1.5    0.7      0.3
  SINCE MAR 1      2.2                       1.5    0.7      0.3
  SINCE JUL 1     28.3                      17.6   10.7      3.5
  SNOW DEPTH       0

DEGREE DAYS
 HEATING
  YESTERDAY       13                        18     -5       21
  MONTH TO DATE  583                       485     98      488
  SINCE MAR 1    583                       485     98      488
  SINCE JUL 1   4565                      4431    134     4127

 COOLING
  YESTERDAY        0                         0      0        0
  MONTH TO DATE    0                         0      0        0
  SINCE MAR 1      0                         0      0        0
  SINCE JAN 1      0                         0      0        0
..................................................................


WIND (MPH)
  HIGHEST WIND SPEED    12   HIGHEST WIND DIRECTION     N (20)
  HIGHEST GUST SPEED    16   HIGHEST GUST DIRECTION     N (20)
  AVERAGE WIND SPEED     7.5


SKY COVER
  AVERAGE SKY COVER 0.0


WEATHER CONDITIONS
 THE FOLLOWING WEATHER WAS RECORDED YESTERDAY.
  NO SIGNIFICANT WEATHER WAS OBSERVED.


RELATIVE HUMIDITY (PERCENT)
 HIGHEST    76
 LOWEST     18
 AVERAGE    47

..........................................................


THE COLUMBIA ASOS CLIMATE NORMALS FOR TODAY
                         NORMAL    RECORD    YEAR
 MAXIMUM TEMPERATURE (F)   58        88      1910
 MINIMUM TEMPERATURE (F)   36         8      1974


SUNRISE AND SUNSET
MARCH 23 2019.........SUNRISE   708 AM CDT   SUNSET   724 PM CDT
MARCH 24 2019.........SUNRISE   706 AM CDT   SUNSET   725 PM CDT


-  INDICATES NEGATIVE NUMBERS.
R  INDICATES RECORD WAS SET OR TIED.
MM INDICATES DATA IS MISSING.
T  INDICATES TRACE AMOUNT.




$$
