000
CDUS43 KLSX 170726
CLICOU

CLIMATE REPORT
NATIONAL WEATHER SERVICE ST LOUIS MO
226 AM CDT TUE MAY 17 2022

...................................

...THE COLUMBIA ASOS CLIMATE SUMMARY FOR MAY 16 2022...

CLIMATE NORMAL PERIOD 1991 TO 2020
CLIMATE RECORD PERIOD 1890 TO 2022


WEATHER ITEM   OBSERVED TIME   RECORD YEAR NORMAL DEPARTURE LAST
                VALUE   (LST)  VALUE       VALUE  FROM      YEAR
                                                  NORMAL
...................................................................
TEMPERATURE (F)
 YESTERDAY
  MAXIMUM         81    421 PM  89    1944  76      5       74
                                      1962
                                      2019
  MINIMUM         53    519 AM  33    1890  56     -3       55
  AVERAGE         67                        66      1       65

PRECIPITATION (IN)
  YESTERDAY        0.00          2.45 1990   0.15  -0.15     1.17
  MONTH TO DATE    2.51                      2.61  -0.10     2.40
  SINCE MAR 1     12.32                     10.46   1.86    13.51
  SINCE JAN 1     14.61                     14.70  -0.09    17.79

SNOWFALL (IN)
  YESTERDAY        0.0           0.0  2015   0.0    0.0      0.0
  MONTH TO DATE    0.0                       0.0    0.0      0.0
  SINCE MAR 1      4.9                       1.7    3.2      1.3
  SINCE JUL 1     24.3                      16.5    7.8     15.0
  SNOW DEPTH       0

DEGREE DAYS
 HEATING
  YESTERDAY        0                         3     -3        0
  MONTH TO DATE   54                        63     -9      102
  SINCE MAR 1    916                       944    -28      834
  SINCE JUL 1   4168                      4649   -481     4632

 COOLING
  YESTERDAY        2                         4     -2        0
  MONTH TO DATE   98                        40     58       17
  SINCE MAR 1    123                        72     51       45
  SINCE JAN 1    123                        72     51       45
...................................................................


WIND (MPH)
  HIGHEST WIND SPEED    16   HIGHEST WIND DIRECTION     W (270)
  HIGHEST GUST SPEED    25   HIGHEST GUST DIRECTION     W (290)
  AVERAGE WIND SPEED     7.1


SKY COVER
  AVERAGE SKY COVER 0.0


WEATHER CONDITIONS
THE FOLLOWING WEATHER WAS RECORDED YESTERDAY.
  NO SIGNIFICANT WEATHER WAS OBSERVED.


RELATIVE HUMIDITY (PERCENT)
 HIGHEST    89           500 AM
 LOWEST     28           100 PM
 AVERAGE    59

..........................................................


THE COLUMBIA ASOS CLIMATE NORMALS FOR TODAY
                         NORMAL    RECORD    YEAR
 MAXIMUM TEMPERATURE (F)   76        91      1996
 MINIMUM TEMPERATURE (F)   56        35      1895


SUNRISE AND SUNSET
MAY 17 2022...........SUNRISE   555 AM CDT   SUNSET   816 PM CDT
MAY 18 2022...........SUNRISE   554 AM CDT   SUNSET   817 PM CDT


-  INDICATES NEGATIVE NUMBERS.
R  INDICATES RECORD WAS SET OR TIED.
MM INDICATES DATA IS MISSING.
T  INDICATES TRACE AMOUNT.




$$
