000
CDUS43 KLSX 220827
CLICOU

CLIMATE REPORT
NATIONAL WEATHER SERVICE ST LOUIS MO
227 AM CST WED JAN 22 2020

...................................

...THE COLUMBIA ASOS CLIMATE SUMMARY FOR JANUARY 21 2020...

CLIMATE NORMAL PERIOD 1981 TO 2010
CLIMATE RECORD PERIOD 1890 TO 2020


WEATHER ITEM   OBSERVED TIME   RECORD YEAR NORMAL DEPARTURE LAST
                VALUE   (LST)  VALUE       VALUE  FROM      YEAR
                                                  NORMAL
...................................................................
TEMPERATURE (F)
 YESTERDAY
  MAXIMUM         32    412 PM  73    1957  39     -7       29
  MINIMUM         12   1258 AM -11    1970  21     -9       13
  AVERAGE         22                        30     -8       21

PRECIPITATION (IN)
  YESTERDAY        0.00          1.13 1958   0.06  -0.06     0.00
  MONTH TO DATE    2.98                      1.30   1.68     1.34
  SINCE DEC 1      4.60                      3.74   0.86     5.64
  SINCE JAN 1      2.98                      1.30   1.68     1.34

SNOWFALL (IN)
  YESTERDAY        0.0           8.4  1958   0.2   -0.2      0.0
  MONTH TO DATE    2.4                       4.1   -1.7     16.9
  SINCE DEC 1      6.6                       8.5   -1.9     17.3
  SINCE JUL 1      8.1                       9.4   -1.3     21.9
  SNOW DEPTH       0

DEGREE DAYS
 HEATING
  YESTERDAY       43                        35      8       44
  MONTH TO DATE  626                       748   -122      658
  SINCE DEC 1   1434                      1758   -324     1511
  SINCE JUL 1   2508                      2743   -235     2660

 COOLING
  YESTERDAY        0                         0      0        0
  MONTH TO DATE    0                         0      0        0
  SINCE DEC 1      0                         0      0        0
  SINCE JAN 1      0                         0      0        0
...................................................................


WIND (MPH)
  HIGHEST WIND SPEED    17   HIGHEST WIND DIRECTION     S (170)
  HIGHEST GUST SPEED    24   HIGHEST GUST DIRECTION     S (170)
  AVERAGE WIND SPEED     8.3


SKY COVER
  AVERAGE SKY COVER 0.5


WEATHER CONDITIONS
THE FOLLOWING WEATHER WAS RECORDED YESTERDAY.
  NO SIGNIFICANT WEATHER WAS OBSERVED.


RELATIVE HUMIDITY (PERCENT)
 HIGHEST    92           800 AM
 LOWEST     61           300 PM
 AVERAGE    77

..........................................................


THE COLUMBIA ASOS CLIMATE NORMALS FOR TODAY
                         NORMAL    RECORD    YEAR
 MAXIMUM TEMPERATURE (F)   39        75      1967
 MINIMUM TEMPERATURE (F)   21       -16      1930


SUNRISE AND SUNSET
JANUARY 22 2020.......SUNRISE   723 AM CST   SUNSET   518 PM CST
JANUARY 23 2020.......SUNRISE   722 AM CST   SUNSET   520 PM CST


-  INDICATES NEGATIVE NUMBERS.
R  INDICATES RECORD WAS SET OR TIED.
MM INDICATES DATA IS MISSING.
T  INDICATES TRACE AMOUNT.




$$
