000
CXUS55 KGLD 230800
CF6ITR
PRELIMINARY LOCAL CLIMATOLOGICAL DATA (WS FORM: F-6)

                                          STATION:   BURLINGTON CO
                                          MONTH:     JUNE
                                          YEAR:      2021
                                          LATITUDE:   39 15 N
                                          LONGITUDE: 102 17 W

  TEMPERATURE IN F:       :PCPN:    SNOW:  WIND      :SUNSHINE: SKY     :PK WND
================================================================================
1   2   3   4   5  6A  6B    7    8   9   10  11  12  13   14  15   16   17  18
                                     12Z  AVG MX 2MIN
DY MAX MIN AVG DEP HDD CDD  WTR  SNW DPTH SPD SPD DIR MIN PSBL S-S WX    SPD DR
================================================================================

 1  73  48  61  -5   4   0 0.16    M    M  6.0 18  60   M    M   5 123    25  60
 2  76  46  61  -5   4   0 0.00    M    M  4.7 10 260   M    M   0        16  30
 3  83  50  67   1   0   2 0.00    M    M  6.9 13 190   M    M   0        16 190
 4  87  54  71   4   0   6 0.00    M    M  8.4 13 180   M    M   0        18 200
 5  84  54  69   2   0   4 0.00    M    M 11.2 20 150   M    M   0        32 150
 6  92  59  76   9   0  11 0.01    M    M 11.0 26 300   M    M   1 3      39 310
 7  88  58  73   5   0   8 0.00    M    M 10.7 18 180   M    M   0        28 150
 8  87  66  77   9   0  12 0.00    M    M 19.0 28 140   M    M   1 1      40 140
 9  85  63  74   6   0   9 0.00    M    M  8.1 18 160   M    M   4 18     25 170
10  91  63  77   8   0  12 0.00    M    M 14.7 25 170   M    M   3 12     36 150
11  80  51  66  -3   0   1 0.00    M    M 11.3 29 360   M    M   0 8      42 350
12  85  49  67  -2   0   2 0.00    M    M 11.7 23 150   M    M   1        33 130
13  91  58  75   5   0  10 0.00    M    M 12.2 22 170   M    M   1        30 160
14  93  61  77   7   0  12 0.00    M    M 12.3 21 160   M    M   0        30 170
15  96  69  83  13   0  18 0.00    M    M 14.1 24 160   M    M   0        35 170
16 100  65  83  13   0  18 0.00    M    M 11.5 26  30   M    M   0 8      35  40
17 102  63  83  12   0  18 0.00    M    M 10.5 16 200   M    M   0        27 260
18  93  60  77   6   0  12 0.00    M    M 10.5 20 330   M    M   0 8      28 360
19  91  62  77   6   0  12 0.66    M    M 10.7 27 290   M    M   1 13     44 290
20  82  60  71  -1   0   6 0.08    M    M 14.9 26  20   M    M   1 3      36  10
21  74  56  65  -7   0   0 0.02    M    M  8.5 22  10   M    M   6        32 350
22  96  59  78   6   0  13 0.00    M    M 13.1 24 200   M    M   0        33 200
================================================================================
SM 1929 1274         8 186  0.93    M    242.0          M       24
================================================================================
AV 87.7 57.9                              11.0 FASTST   M    M   1    MAX(MPH)
                                 MISC ---->    29 360                 44 290
================================================================================
NOTES:
# LAST OF SEVERAL OCCURRENCES

COLUMN 17 PEAK WIND IN M.P.H.

PRELIMINARY LOCAL CLIMATOLOGICAL DATA (WS FORM: F-6) , PAGE 2

                                          STATION:   BURLINGTON CO
                                          MONTH:     JUNE
                                          YEAR:      2021
                                          LATITUDE:   39 15 N
                                          LONGITUDE: 102 17 W

[TEMPERATURE DATA]      [PRECIPITATION DATA]       SYMBOLS USED IN COLUMN 16

AVERAGE MONTHLY: 72.8   TOTAL FOR MONTH:   0.93    1 = FOG OR MIST
DPTR FM NORMAL:   3.8   DPTR FM NORMAL:   -1.10    2 = FOG REDUCING VISIBILITY
HIGHEST:   102 ON 17    GRTST 24HR  0.66 ON 19-19      TO 1/4 MILE OR LESS
LOWEST:     46 ON  2                               3 = THUNDER
                        SNOW, ICE PELLETS, HAIL    4 = ICE PELLETS
                        TOTAL MONTH:  M            5 = HAIL
                        GRTST 24HR    M  ON   M    6 = FREEZING RAIN OR DRIZZLE
                        GRTST DEPTH:  M  ON   M    7 = DUSTSTORM OR SANDSTORM:
                                                       VSBY 1/2 MILE OR LESS
                                                   8 = SMOKE OR HAZE
[NO. OF DAYS WITH]      [WEATHER - DAYS WITH]      9 = BLOWING SNOW
                                                   X = TORNADO
MAX 32 OR BELOW:   0    0.01 INCH OR MORE:   5
MAX 90 OR ABOVE:  10    0.10 INCH OR MORE:   2
MIN 32 OR BELOW:   0    0.50 INCH OR MORE:   1
MIN  0 OR BELOW:   0    1.00 INCH OR MORE:   0

[HDD (BASE 65) ]
TOTAL THIS MO.     8    CLEAR  (SCALE 0-3)  19
DPTR FM NORMAL   -24    PTCLDY (SCALE 4-7)   3
TOTAL FM JUL 1  5685    CLOUDY (SCALE 8-10)  0
DPTR FM NORMAL  -173

[CDD (BASE 65) ]
TOTAL THIS MO.   186
DPTR FM NORMAL    66    [PRESSURE DATA]
TOTAL FM JAN 1   202    HIGHEST SLP M ON M
DPTR FM NORMAL    43    LOWEST  SLP 29.58 ON  6

[REMARKS]
