000
CXUS53 KGID 010830
CF6HSI
PRELIMINARY LOCAL CLIMATOLOGICAL DATA (WS FORM: F-6)
STATION: HASTINGS NE
MONTH: JUNE
YEAR: 2023
LATITUDE: 40 35 N
LONGITUDE: 98 26 W
TEMPERATURE IN F: :PCPN: SNOW: WIND :SUNSHINE: SKY :PK WND
================================================================================
1 2 3 4 5 6A 6B 7 8 9 10 11 12 13 14 15 16 17 18
12Z AVG MX 2MIN
DY MAX MIN AVG DEP HDD CDD WTR SNW DPTH SPD SPD DIR MIN PSBL S-S WX SPD DR
================================================================================
1 83 64 74 6 0 9 0.00 0.0 0 11.0 22 180 M M 2 32 190
2 74 63 69 0 0 4 1.05 0.0 0 5.8 14 70 M M 6 13 19 80
3 80 58 69 0 0 4 0.90 0.0 0 6.1 16 110 M M 5 1238 39 60
4 85 57 71 2 0 6 T 0.0 0 5.2 18 60 M M 3 1 26 70
5 86 60 73 3 0 8 0.00 0.0 0 2.8 16 70 M M 1 138 22 70
6 88 62 75 5 0 10 0.00 0.0 0 2.8 9 270 M M 0 18 17 230
7 90 63 77 7 0 12 0.00 0.0 0 3.3 8 290 M M 1 12 50
8 91 65 78 7 0 13 T 0.0 0 6.2 23 10 M M 2 3 31 10
9 87 64 76 5 0 11 0.61 0.0 0 9.9 37 330 M M 2 138 50 330
10 77 63 70 -1 0 5 0.13 0.0 0 4.8 25 330 M M 5 13 37 340
11 73 56 65 -7 0 0 T 0.0 0 11.5 21 30 M M 6 1 28 360
12 74 49 62 -10 3 0 0.00 0.0 0 2.1 10 70 M M 0 8 18 340
13 79 51 65 -7 0 0 0.00 0.0 0 2.7 9 260 M M 1 13 290
14 82 56 69 -4 0 4 0.00 0.0 0 3.3 9 20 M M 2 8 15 40
15 87 60 74 1 0 9 0.00 0.0 0 4.0 13 210 M M 0 8 19 230
16 87 63 75 2 0 10 0.02 0.0 0 5.4 13 350 M M 1 3 20 140
17 73 56 65 -8 0 0 T 0.0 0 6.5 16 310 M M 5 138 22 300
18 87 53 70 -4 0 5 0.00 0.0 0 5.8 13 260 M M 0 18 20 250
19 94 64 79 5 0 14 0.00 0.0 0 10.4 21 160 M M 0 33 150
20 92 66 79 5 0 14 0.00 0.0 0 12.5 21 120 M M 0 8 32 160
21 77 66 72 -2 0 7 1.61 0.0 0 7.4 23 110 M M 6 138 32 110
22 84 64 74 0 0 9 0.00 0.0 0 5.5 14 250 M M 2 1 19 240
23 88 65 77 2 0 12 0.00 0.0 0 8.9 18 170 M M 3 27 160
24 88 63 76 1 0 11 0.06 0.0 0 9.9 33 350 M M 1 3 42 350
25 81 59 70 -5 0 5 0.00 0.0 0 11.7 25 320 M M 0 33 330
26 84 55 70 -5 0 5 0.00 0.0 0 6.1 15 10 M M 0 20 20
27 84 64 74 -2 0 9 0.00 0.0 0 12.8 23 160 M M 0 3 35 160
28 88 63 76 0 0 11 T 0.0 0 6.9 17 160 M M 0 3 27 150
29 87 66 77 1 0 12 0.23 0.0 0 9.0 28 340 M M 1 138 41 350
30 80 65 73 -3 0 8 0.56 0.0 0 4.3 30 270 M M 4 13 45 250
================================================================================
SM 2510 1823 3 227 5.17 0.0 204.6 M 59
================================================================================
AV 83.7 60.8 6.8 FASTST M M 2 MAX(MPH)
MISC ----> 37 330 50 330
================================================================================
NOTES:
# LAST OF SEVERAL OCCURRENCES
COLUMN 17 PEAK WIND IN M.P.H.
PRELIMINARY LOCAL CLIMATOLOGICAL DATA (WS FORM: F-6) , PAGE 2
STATION: HASTINGS NE
MONTH: JUNE
YEAR: 2023
LATITUDE: 40 35 N
LONGITUDE: 98 26 W
[TEMPERATURE DATA] [PRECIPITATION DATA] SYMBOLS USED IN COLUMN 16
AVERAGE MONTHLY: 72.2 TOTAL FOR MONTH: 5.17 1 = FOG OR MIST
DPTR FM NORMAL: -0.5 DPTR FM NORMAL: 1.50 2 = FOG REDUCING VISIBILITY
HIGHEST: 94 ON 19 GRTST 24HR 1.61 ON 21-21 TO 1/4 MILE OR LESS
LOWEST: 49 ON 12 3 = THUNDER
SNOW, ICE PELLETS, HAIL 4 = ICE PELLETS
TOTAL MONTH: 0.0 INCH 5 = HAIL
GRTST 24HR 0.0 6 = FREEZING RAIN OR DRIZZLE
GRTST DEPTH: 0 7 = DUSTSTORM OR SANDSTORM:
VSBY 1/2 MILE OR LESS
8 = SMOKE OR HAZE
[NO. OF DAYS WITH] [WEATHER - DAYS WITH] 9 = BLOWING SNOW
X = TORNADO
MAX 32 OR BELOW: 0 0.01 INCH OR MORE: 9
MAX 90 OR ABOVE: 4 0.10 INCH OR MORE: 7
MIN 32 OR BELOW: 0 0.50 INCH OR MORE: 5
MIN 0 OR BELOW: 0 1.00 INCH OR MORE: 2
[HDD (BASE 65) ]
TOTAL THIS MO. 3 CLEAR (SCALE 0-3) 23
DPTR FM NORMAL -13 PTCLDY (SCALE 4-7) 7
TOTAL FM JUL 1 5931 CLOUDY (SCALE 8-10) 0
DPTR FM NORMAL 64
[CDD (BASE 65) ]
TOTAL THIS MO. 227
DPTR FM NORMAL -20 [PRESSURE DATA]
TOTAL FM JAN 1 329 HIGHEST SLP 30.10 ON 5
DPTR FM NORMAL 8 LOWEST SLP 29.66 ON 18
[REMARKS]
#FINAL-06-23#