000
CXUS55 KLBF 011410
CF6LBF
PRELIMINARY LOCAL CLIMATOLOGICAL DATA (WS FORM: F-6)
STATION: NORTH PLATTE
MONTH: MARCH
YEAR: 2022
LATITUDE: 41 7 N
LONGITUDE: 100 41 W
TEMPERATURE IN F: :PCPN: SNOW: WIND :SUNSHINE: SKY :PK WND
================================================================================
1 2 3 4 5 6A 6B 7 8 9 10 11 12 13 14 15 16 17 18
12Z AVG MX 2MIN
DY MAX MIN AVG DEP HDD CDD WTR SNW DPTH SPD SPD DIR MIN PSBL S-S WX SPD DR
================================================================================
1 73 23 48 14 17 0 0.00 0.0 0 6.4 13 290 M M 0 19 250
2 76 26 51 17 14 0 0.00 0.0 0 5.2 20 70 M M 0 25 40
3 42 23 33 -1 32 0 0.00 0.0 0 7.9 15 110 M M 6 1 20 80
4 57 23 40 5 25 0 0.00 0.0 0 5.6 26 20 M M 1 36 30
5 42 14 28 -7 37 0 0.51 5.7 0 14.4 29 30 M M 6 123 40 20
6 25 6 16 -20 49 0 T T 6 11.4 21 330 M M 7 30 340
7 30 5 18 -18 47 0 0.00 0.0 5 7.5 17 330 M M 2 24 330
8 42 4 23 -13 42 0 0.00 0.0 4 7.2 25 350 M M 2 38 340
9 23 14 19 -18 46 0 0.17 3.1 4 8.5 15 30 M M 10 1 24 20
10 22 2 12 -25 53 0 0.01 0.1 6 6.1 16 240 M M 6 1 20 260
11 32 -2 15 -23 50 0 0.00 0.0 4 6.7 14 30 M M 1 17 30
12 53 8 31 -7 34 0 0.00 0.0 2 8.7 17 250 M M 3 22 250
13 67 23 45 6 20 0 0.00 0.0 1 5.8 22 310 M M 0 31 310
14 55 26 41 2 24 0 T 0.0 0 13.8 30 360 M M 1 40 310
15 72 21 47 8 18 0 0.00 0.0 0 9.0 24 220 M M 0 1 36 230
16 69 28 49 9 16 0 0.00 0.0 0 9.5 25 360 M M 3 33 350
17 51 31 41 1 24 0 0.00 0.0 0 13.2 28 20 M M 8 35 10
18 60 21 41 0 24 0 0.00 0.0 0 6.4 18 310 M M 0 29 10
19 67 23 45 4 20 0 0.00 0.0 0 5.4 18 260 M M 0 25 240
20 71 28 50 9 15 0 0.00 0.0 0 7.5 20 180 M M 0 28 190
21 56 36 46 4 19 0 0.08 T 0 13.9 31 350 M M 6 1 43 340
22 56 33 45 3 20 0 0.00 0.0 0 19.1 38 360 M M 3 53 340
23 52 24 38 -4 27 0 T T 0 17.3 35 360 M M 2 50 340
24 73 18 46 3 19 0 0.00 0.0 0 9.2 18 360 M M 1 27 360
25 59 32 46 3 19 0 T 0.0 0 11.5 30 340 M M 5 42 350
26 58 27 43 0 22 0 0.00 0.0 0 10.8 21 100 M M 0 29 90
27 56 26 41 -3 24 0 0.00 0.0 0 10.3 18 160 M M 1 26 130
28 63 27 45 1 20 0 0.00 0.0 0 11.6 20 160 M M 0 29 160
29 54 34 44 0 21 0 T T 0 13.4 36 340 M M 6 51 350
30 37 28 33 -11 32 0 0.08 1.0 T 21.1 36 330 M M 10 1 54 330
31 55 19 37 -8 28 0 0.00 0.0 1 6.5 18 320 M M 3 26 330
================================================================================
SM 1648 651 858 0 0.85 9.9 310.9 M 93
================================================================================
AV 53.2 21.0 10.0 FASTST M M 3 MAX(MPH)
MISC ----> 38 360 54 330
================================================================================
NOTES:
# LAST OF SEVERAL OCCURRENCES
COLUMN 17 PEAK WIND IN M.P.H.
PRELIMINARY LOCAL CLIMATOLOGICAL DATA (WS FORM: F-6) , PAGE 2
STATION: NORTH PLATTE
MONTH: MARCH
YEAR: 2022
LATITUDE: 41 7 N
LONGITUDE: 100 41 W
[TEMPERATURE DATA] [PRECIPITATION DATA] SYMBOLS USED IN COLUMN 16
AVERAGE MONTHLY: 37.1 TOTAL FOR MONTH: 0.85 1 = FOG OR MIST
DPTR FM NORMAL: -2.5 DPTR FM NORMAL: -0.15 2 = FOG REDUCING VISIBILITY
HIGHEST: 76 ON 2 GRTST 24HR 0.51 ON 5- 5 TO 1/4 MILE OR LESS
LOWEST: -2 ON 11 3 = THUNDER
SNOW, ICE PELLETS, HAIL 4 = ICE PELLETS
TOTAL MONTH: 9.9 INCHES 5 = HAIL
GRTST 24HR 5.7 ON 5- 5 6 = FREEZING RAIN OR DRIZZLE
GRTST DEPTH: 6 ON 10, 6 7 = DUSTSTORM OR SANDSTORM:
VSBY 1/2 MILE OR LESS
8 = SMOKE OR HAZE
[NO. OF DAYS WITH] [WEATHER - DAYS WITH] 9 = BLOWING SNOW
X = TORNADO
MAX 32 OR BELOW: 5 0.01 INCH OR MORE: 5
MAX 90 OR ABOVE: 0 0.10 INCH OR MORE: 2
MIN 32 OR BELOW: 28 0.50 INCH OR MORE: 1
MIN 0 OR BELOW: 1 1.00 INCH OR MORE: 0
[HDD (BASE 65) ]
TOTAL THIS MO. 858 CLEAR (SCALE 0-3) 20
DPTR FM NORMAL 69 PTCLDY (SCALE 4-7) 9
TOTAL FM JUL 1 5082 CLOUDY (SCALE 8-10) 2
DPTR FM NORMAL -506
[CDD (BASE 65) ]
TOTAL THIS MO. 0
DPTR FM NORMAL 0 [PRESSURE DATA]
TOTAL FM JAN 1 0 HIGHEST SLP 30.45 ON 7
DPTR FM NORMAL 0 LOWEST SLP 29.29 ON 29
[REMARKS]
#FINAL-03-22#