689
CDUS43 KARX 122132
CLIRST


CLIMATE REPORT
NATIONAL WEATHER SERVICE LA CROSSE WI
431 PM CDT SAT MAY 12 2018


...................................

...THE ROCHESTER MN CLIMATE SUMMARY FOR MAY 12 2018...
VALID TODAY AS OF 0430 PM LOCAL TIME.

CLIMATE NORMAL PERIOD 1981 TO 2010
CLIMATE RECORD PERIOD 1886 TO 2018


WEATHER ITEM   OBSERVED TIME   RECORD YEAR NORMAL DEPARTURE LAST
                VALUE   (LST)  VALUE       VALUE  FROM      YEAR
                                                  NORMAL
..................................................................
TEMPERATURE (F)
 TODAY
  MAXIMUM         58    137 PM  89    1940  68    -10       73
  MINIMUM         43    439 AM  26    1939  46     -3       41
  AVERAGE         51                        57     -6       57

PRECIPITATION (IN)
  TODAY            0.00          1.97 1982   0.11  -0.11     0.00
  MONTH TO DATE    3.95                      1.39   2.56     0.32
  SINCE MAR 1      8.04                      6.51   1.53     7.74
  SINCE JAN 1     10.54                      8.20   2.34    11.52

SNOWFALL (IN)
  TODAY            0.0           0.0  2012   0.0    0.0      0.0
  MONTH TO DATE    0.0                       0.2   -0.2      0.0
  SINCE JUL 1     60.2                      52.1    8.1     52.7
  SNOW DEPTH       0

DEGREE DAYS
 HEATING
  TODAY           14                         9      5        8
  MONTH TO DATE   74                       124    -50      139
  SINCE JUL 1   8011                      7549    462     6723

 COOLING
  TODAY            0                         1     -1        0
  MONTH TO DATE    0                         5     -5        0
  SINCE JAN 1      0                         9     -9        0
..................................................................


WIND (MPH)
  HIGHEST WIND SPEED    20   HIGHEST WIND DIRECTION    NE (60)
  HIGHEST GUST SPEED    28   HIGHEST GUST DIRECTION    NE (60)
  AVERAGE WIND SPEED    12.2


SKY COVER
  POSSIBLE SUNSHINE  MM
  AVERAGE SKY COVER 0.6


WEATHER CONDITIONS
 THE FOLLOWING WEATHER WAS RECORDED TODAY.
  NO SIGNIFICANT WEATHER WAS OBSERVED.


RELATIVE HUMIDITY (PERCENT)
 HIGHEST   100          1200 AM
 LOWEST     72          1100 AM
 AVERAGE    86

..........................................................


THE ROCHESTER MN CLIMATE NORMALS FOR TOMORROW
                         NORMAL    RECORD    YEAR
 MAXIMUM TEMPERATURE (F)   68        88      1949
                                             1940
 MINIMUM TEMPERATURE (F)   47        26      1997


SUNRISE AND SUNSET
MAY 12 2018...........SUNRISE   547 AM CDT   SUNSET   826 PM CDT
MAY 13 2018...........SUNRISE   546 AM CDT   SUNSET   827 PM CDT


-  INDICATES NEGATIVE NUMBERS.
R  INDICATES RECORD WAS SET OR TIED.
MM INDICATES DATA IS MISSING.
T  INDICATES TRACE AMOUNT.




$$
