000
CDUS41 KBGM 080222
CLIBGM


CLIMATE REPORT
NATIONAL WEATHER SERVICE BINGHAMTON NY
1022 PM EDT MON MAY 7 2018


...................................

...THE BINGHAMTON NY CLIMATE SUMMARY FOR MAY 7 2018...
VALID AS OF 1000 PM LOCAL TIME.

CLIMATE NORMAL PERIOD 1981 TO 2010
CLIMATE RECORD PERIOD 1951 TO 2018


WEATHER ITEM   OBSERVED TIME   RECORD YEAR NORMAL DEPARTURE LAST
                VALUE   (LST)  VALUE       VALUE  FROM      YEAR
                                                  NORMAL
..................................................................
TEMPERATURE (F)
 TODAY
  MAXIMUM         65    427 PM  89    1982  63      2       42
  MINIMUM         49    614 AM  26    1966  43      6       35
  AVERAGE         57                        53      4       39

PRECIPITATION (IN)
  TODAY            T             0.91 1967   0.11  -0.11     0.12
  MONTH TO DATE    0.43                      0.76  -0.33     2.97
  SINCE MAR 1      5.72                      7.18  -1.46    14.18
  SINCE JAN 1     11.92                     11.94  -0.02    20.45

SNOWFALL (IN)
  TODAY            0.0           T    1997   0.0    0.0      0.0
  MONTH TO DATE    0.0                       0.1   -0.1      0.0
  SINCE MAR 1     42.5                      19.5   23.0     41.7
  SINCE JUL 1     90.6                      83.4    7.2    135.2
  SNOW DEPTH       0

DEGREE DAYS
 HEATING
  TODAY            8                        12     -4       26
  MONTH TO DATE   31                        93    -62      112
  SINCE MAR 1   1903                      1693    210     1659
  SINCE JUL 1   6871                      6892    -21     6272

 COOLING
  TODAY            0                         0      0        0
  MONTH TO DATE   13                         0     13        0
  SINCE MAR 1     13                         4      9        4
  SINCE JAN 1     13                         4      9        4
..................................................................


WIND (MPH)
  HIGHEST WIND SPEED    12   HIGHEST WIND DIRECTION    NW (330)
  HIGHEST GUST SPEED    14   HIGHEST GUST DIRECTION     N (350)
  AVERAGE WIND SPEED     5.8


SKY COVER
  AVERAGE SKY COVER 0.8


WEATHER CONDITIONS
 THE FOLLOWING WEATHER WAS RECORDED TODAY.
  FOG


RELATIVE HUMIDITY (PERCENT)
 HIGHEST   100          1200 AM
 LOWEST     43           600 PM
 AVERAGE    72

..........................................................


THE BINGHAMTON NY CLIMATE NORMALS FOR TOMORROW
                         NORMAL    RECORD    YEAR
 MAXIMUM TEMPERATURE (F)   63        85      2015
 MINIMUM TEMPERATURE (F)   44        26      1956


SUNRISE AND SUNSET
MAY  7 2018...........SUNRISE   552 AM EDT   SUNSET   810 PM EDT
MAY  8 2018...........SUNRISE   551 AM EDT   SUNSET   811 PM EDT


-  INDICATES NEGATIVE NUMBERS.
R  INDICATES RECORD WAS SET OR TIED.
MM INDICATES DATA IS MISSING.
T  INDICATES TRACE AMOUNT.




$$
