000
CXUS55 KPIH 021417
CF6BYI
PRELIMINARY LOCAL CLIMATOLOGICAL DATA (WS FORM: F-6)
STATION: BURLEY ID
MONTH: FEBRUARY
YEAR: 2020
LATITUDE: 42 32 N
LONGITUDE: 113 46 W
TEMPERATURE IN F: :PCPN: SNOW: WIND :SUNSHINE: SKY :PK WND
================================================================================
1 2 3 4 5 6A 6B 7 8 9 10 11 12 13 14 15 16 17 18
12Z AVG MX 2MIN
DY MAX MIN AVG DEP HDD CDD WTR SNW DPTH SPD SPD DIR MIN PSBL S-S WX SPD DR
================================================================================
1 56 29 43 15 22 0 0.00 M M 13.2 26 200 M M 0 34 210
2 51 24 38 10 27 0 T M M 16.7 25 270 M M 5 1 38 250
3 30 14 22 -6 43 0 T M M 11.6 26 260 M M 7 1 38 270
4 28 8 18 -10 47 0 T M M 9.1 24 250 M M 2 30 260
5 37 25 31 2 34 0 0.02 M M 13.5 22 240 M M 10 1 31 240
6 48 36 42 13 23 0 T M M 16.9 28 270 M M 10 42 270
7 51 41 46 17 19 0 T M M 18.5 32 260 M M 6 42 270
8 43 30 37 8 28 0 T M M 16.0 30 250 M M 4 40 280
9 38 23 31 2 34 0 0.00 M M 5.9 15 220 M M 3 17 210
10 38 21 30 0 35 0 0.00 M M 4.1 16 260 M M 2 21 260
11 44 19 32 2 33 0 0.00 M M 9.3 21 250 M M 0 26 250
12 41 20 31 1 34 0 T M M 5.9 14 270 M M 5 19 270
13 50 26 38 8 27 0 0.00 M M 8.3 21 180 M M 0 27 190
14 42 26 34 4 31 0 0.00 M M 14.1 24 270 M M 5 32 290
15 45 23 34 3 31 0 0.01 M M 8.7 16 250 M M 7 1 21 280
16 42 32 37 6 28 0 0.21 M M 13.2 23 260 M M 8 1 32 250
17 35 24 30 -1 35 0 0.00 M M 11.6 21 270 M M 2 29 270
18 38 19 29 -3 36 0 0.00 M M 5.6 12 210 M M 0 14 220
19 35 16 26 -6 39 0 0.00 M M 9.4 16 70 M M 0 20 80
20 40 13 27 -5 38 0 0.00 M M 14.2 20 50 M M 0 25 60
21 46 14 30 -2 35 0 0.00 M M 8.9 18 60 M M 0 23 70
22 49 19 34 1 31 0 0.00 M M 8.4 16 50 M M 0 20 70
23 55 16 36 3 29 0 T M M 8.7 31 270 M M 2 45 280
24 40 26 33 0 32 0 T M M 17.4 28 260 M M 1 40 270
25 41 15 28 -6 37 0 0.00 M M 4.6 14 260 M M 0 20 260
26 51 20 36 2 29 0 0.00 M M 2.8 10 310 M M 5 8 15 330
27 52 18 35 1 30 0 0.00 M M 4.1 17 240 M M 0 20 250
28 61 21 41 6 24 0 0.00 M M 11.0 25 200 M M 0 33 200
29 51 30 41 6 24 0 T M M 12.2 22 260 M M 5 32 280
================================================================================
SM 1278 648 915 0 0.24 M 303.9 M 89
================================================================================
AV 44.1 22.3 10.5 FASTST M M 3 MAX(MPH)
MISC ----> # 32 260 # 45 280
================================================================================
NOTES:
# LAST OF SEVERAL OCCURRENCES
PRECIPITATION SUSPECT DURING FREEZING/FROZEN EVENTS
COLUMN 17 PEAK WIND IN M.P.H.
PRELIMINARY LOCAL CLIMATOLOGICAL DATA (WS FORM: F-6) , PAGE 2
STATION: BURLEY ID
MONTH: FEBRUARY
YEAR: 2020
LATITUDE: 42 32 N
LONGITUDE: 113 46 W
[TEMPERATURE DATA] [PRECIPITATION DATA] SYMBOLS USED IN COLUMN 16
AVERAGE MONTHLY: 33.2 TOTAL FOR MONTH: 0.24 1 = FOG OR MIST
DPTR FM NORMAL: 2.3 DPTR FM NORMAL: -0.53 2 = FOG REDUCING VISIBILITY
HIGHEST: 61 ON 28 GRTST 24HR 0.21 ON 16-16 TO 1/4 MILE OR LESS
LOWEST: 8 ON 4 3 = THUNDER
SNOW, ICE PELLETS, HAIL 4 = ICE PELLETS
TOTAL MONTH: M 5 = HAIL
GRTST 24HR M ON M 6 = FREEZING RAIN OR DRIZZLE
GRTST DEPTH: M ON M 7 = DUSTSTORM OR SANDSTORM:
VSBY 1/2 MILE OR LESS
8 = SMOKE OR HAZE
[NO. OF DAYS WITH] [WEATHER - DAYS WITH] 9 = BLOWING SNOW
X = TORNADO
MAX 32 OR BELOW: 2 0.01 INCH OR MORE: 3
MAX 90 OR ABOVE: 0 0.10 INCH OR MORE: 1
MIN 32 OR BELOW: 27 0.50 INCH OR MORE: 0
MIN 0 OR BELOW: 0 1.00 INCH OR MORE: 0
[HDD (BASE 65) ]
TOTAL THIS MO. 915 CLEAR (SCALE 0-3) 16
DPTR FM NORMAL -41 PTCLDY (SCALE 4-7) 11
TOTAL FM JUL 1 4715 CLOUDY (SCALE 8-10) 2
DPTR FM NORMAL -337
[CDD (BASE 65) ]
TOTAL THIS MO. 0
DPTR FM NORMAL 0 [PRESSURE DATA]
TOTAL FM JAN 1 0 HIGHEST SLP 30.63 ON 25
DPTR FM NORMAL 0 LOWEST SLP 29.68 ON 2
[REMARKS]
#FINAL-02-20#