000
CXUS51 KBTV 010700
CF6MVL
PRELIMINARY LOCAL CLIMATOLOGICAL DATA (WS FORM: F-6)
STATION: MORRISVILLE VT
MONTH: MAY
YEAR: 2022
LATITUDE: 44 31 N
LONGITUDE: 72 37 W
TEMPERATURE IN F: :PCPN: SNOW: WIND :SUNSHINE: SKY :PK WND
================================================================================
1 2 3 4 5 6A 6B 7 8 9 10 11 12 13 14 15 16 17 18
12Z AVG MX 2MIN
DY MAX MIN AVG DEP HDD CDD WTR SNW DPTH SPD SPD DIR MIN PSBL S-S WX SPD DR
================================================================================
1 69 26 48 0 17 0 0.00 M M 2.8 12 20 M M 0 16 20
2 58 32 45 -3 20 0 0.06 M M 3.7 14 160 M M 6 1 19 170
3 63 46 55 6 10 0 0.10 M M 6.7 17 160 M M 9 1 22 160
4 54 47 51 2 14 0 0.28 M M 2.1 10 160 M M 9 12 14 170
5 59 35 47 -3 18 0 0.00 M M 5.7 17 360 M M 2 12 24 350
6 60 31 46 -4 19 0 0.00 M M 5.9 18 360 M M 0 25 360
7 61 27 44 -6 21 0 T M M 5.0 17 360 M M 0 22 360
8 68 27 48 -3 17 0 0.00 M M 3.1 15 360 M M 0 20 50
9 74 28 51 0 14 0 0.00 M M 3.7 16 30 M M 0 22 50
10 78 32 55 4 10 0 0.00 M M 4.0 13 80 M M 0 17 50
11 84 36 60 8 5 0 0.00 M M 3.4 12 230 M M 0 15 230
12 88 39 64 12 1 0 0.00 M M 2.0 10 170 M M 0 15 150
13 87 51 69 17 0 4 0.00 M M 5.6 15 180 M M 0 20 210
14 88 52 70 17 0 5 0.06 M M 2.1 15 190 M M 2 13 23 200
15 74 60 67 14 0 2 0.75 M M 2.3 9 310 M M 8 12 11 320
16 82 58 70 17 0 5 0.98 M M 2.4 21 170 M M 8 123 32 200
17 62 48 55 1 10 0 0.33 M M 8.3 17 220 M M 8 1 28 210
18 61 37 49 -5 16 0 0.00 M M 6.4 17 340 M M 1 23 360
19 54 33 44 -10 21 0 0.35 M M 1.8 16 170 M M 8 1 22 160
20 78 45 62 7 3 0 0.00 M M 7.0 21 170 M M 5 12 28 150
21 90 59 75 20 0 10 0.10 M M 5.7 18 230 M M 3 1238 28 220
22 85 54 70 15 0 5 0.38 M M 5.4 22 10 M M 7 123 28 360
23 62 40 51 -5 14 0 T M M 6.6 17 10 M M 3 23 10
24 67 35 51 -5 14 0 0.00 M M 3.0 14 20 M M 2 1 17 20
25 74 40 57 1 8 0 0.00 M M 0.9 9 40 M M 1 1 11 30
26 76 50 63 7 2 0 T M M 8.6 23 150 M M 4 31 160
27 79 65 72 15 0 7 0.04 M M 6.1 12 190 M M 6 1 22 190
28 74 49 62 5 3 0 0.29 M M 4.9 21 340 M M 6 1 30 340
29 78 48 63 6 2 0 0.00 M M 1.6 10 210 M M 3 15 220
30 82 47 65 7 0 0 0.00 M M 2.5 12 210 M M 1 1 17 220
31 78 57 68 10 0 3 0.00 M M 6.3 15 20 M M 7 24 290
================================================================================
SM 2247 1334 259 41 3.72 M 135.6 M 109
================================================================================
AV 72.5 43.0 4.4 FASTST M M 4 MAX(MPH)
MISC ----> 23 150 32 200
================================================================================
NOTES:
# LAST OF SEVERAL OCCURRENCES
COLUMN 17 PEAK WIND IN M.P.H.
PRELIMINARY LOCAL CLIMATOLOGICAL DATA (WS FORM: F-6) , PAGE 2
STATION: MORRISVILLE VT
MONTH: MAY
YEAR: 2022
LATITUDE: 44 31 N
LONGITUDE: 72 37 W
[TEMPERATURE DATA] [PRECIPITATION DATA] SYMBOLS USED IN COLUMN 16
AVERAGE MONTHLY: 57.8 TOTAL FOR MONTH: 3.72 1 = FOG OR MIST
DPTR FM NORMAL: 4.6 DPTR FM NORMAL: 0.23 2 = FOG REDUCING VISIBILITY
HIGHEST: 90 ON 21 GRTST 24HR 1.10 ON 16-17 TO 1/4 MILE OR LESS
LOWEST: 26 ON 1 3 = THUNDER
SNOW, ICE PELLETS, HAIL 4 = ICE PELLETS
TOTAL MONTH: M 5 = HAIL
GRTST 24HR M ON M 6 = FREEZING RAIN OR DRIZZLE
GRTST DEPTH: M ON M 7 = DUSTSTORM OR SANDSTORM:
VSBY 1/2 MILE OR LESS
8 = SMOKE OR HAZE
[NO. OF DAYS WITH] [WEATHER - DAYS WITH] 9 = BLOWING SNOW
X = TORNADO
MAX 32 OR BELOW: 0 0.01 INCH OR MORE: 12
MAX 90 OR ABOVE: 1 0.10 INCH OR MORE: 9
MIN 32 OR BELOW: 7 0.50 INCH OR MORE: 2
MIN 0 OR BELOW: 0 1.00 INCH OR MORE: 0
[HDD (BASE 65) ]
TOTAL THIS MO. 259 CLEAR (SCALE 0-3) 17
DPTR FM NORMAL -115 PTCLDY (SCALE 4-7) 10
TOTAL FM JUL 1 7619 CLOUDY (SCALE 8-10) 4
DPTR FM NORMAL -668
[CDD (BASE 65) ]
TOTAL THIS MO. 41
DPTR FM NORMAL 33 [PRESSURE DATA]
TOTAL FM JAN 1 41 HIGHEST SLP M ON M
DPTR FM NORMAL 32 LOWEST SLP 29.42 ON 16
[REMARKS]
#FINAL-05-22#