000
CXUS51 KBTV 010700
CF6MVL
PRELIMINARY LOCAL CLIMATOLOGICAL DATA (WS FORM: F-6)
STATION: MORRISVILLE VT
MONTH: APRIL
YEAR: 2022
LATITUDE: 44 31 N
LONGITUDE: 72 37 W
TEMPERATURE IN F: :PCPN: SNOW: WIND :SUNSHINE: SKY :PK WND
================================================================================
1 2 3 4 5 6A 6B 7 8 9 10 11 12 13 14 15 16 17 18
12Z AVG MX 2MIN
DY MAX MIN AVG DEP HDD CDD WTR SNW DPTH SPD SPD DIR MIN PSBL S-S WX SPD DR
================================================================================
1 50 31 41 7 24 0 0.14 M M 5.1 18 310 M M 10 1 35 300
2 43 27 35 1 30 0 0.01 M M 8.2 20 300 M M 3 37 330
3 47 24 36 1 29 0 0.01 M M 3.8 14 360 M M 4 1 17 10
4 49 31 40 5 25 0 T M M 7.0 17 330 M M 4 1 26 310
5 57 25 41 5 24 0 T M M 2.1 14 340 M M 3 23 350
6 65 25 45 9 20 0 0.00 M M 3.7 14 210 M M 1 22 200
7 51 36 44 7 21 0 0.47 M M 7.2 17 160 M M 10 18 26 160
8 51 32 42 5 23 0 0.84 M M 3.6 12 70 M M 9 12 15 210
9 45 30 38 0 27 0 0.22 M M 3.0 12 330 M M 9 12 17 340
10 45 31 38 0 27 0 0.08 M M 4.0 17 320 M M 9 1 24 310
11 59 27 43 4 22 0 0.01 M M 4.0 14 190 M M 2 17 190
12 62 37 50 11 15 0 0.25 M M 4.3 21 320 M M 5 1 33 320
13 55 30 43 3 22 0 0.18 M M 1.5 13 190 M M 7 13 16 200
14 61 39 50 10 15 0 0.21 M M 4.5 13 180 M M 8 1 17 150
15 60 30 45 5 20 0 0.06 M M 6.7 23 220 M M 6 12 40 220
16 46 35 41 0 24 0 0.15 M M 3.3 15 350 M M 9 1 20 360
17 44 30 37 -5 28 0 T M M 6.4 21 300 M M 8 33 310
18 58 24 41 -1 24 0 T M M 7.0 22 160 M M 1 30 140
19 43 33 38 -4 27 0 1.16 M M 7.3 13 180 M M 10 12 32 180
20 46 27 37 -6 28 0 0.16 M M 5.5 15 320 M M 6 1 23 290
21 56 24 40 -3 25 0 0.03 M M 11.5 28 170 M M 4 36 180
22 53 28 41 -3 24 0 0.16 M M 7.5 20 310 M M 7 1 30 320
23 53 25 39 -5 26 0 0.00 M M 4.0 17 10 M M 0 21 10
24 60 34 47 2 18 0 0.00 M M 2.4 8 210 M M 6 11 170
25 68 36 52 7 13 0 0.00 M M 11.1 22 170 M M 1 30 160
26 58 47 53 7 12 0 0.29 M M 3.0 16 140 M M 10 1 20 140
27 47 34 41 -5 24 0 0.02 M M 4.3 15 300 M M 10 1 25 310
28 48 32 40 -7 25 0 0.01 M M 12.2 24 340 M M 5 38 340
29 50 29 40 -7 25 0 0.00 M M 12.3 26 360 M M 4 35 10
30 55 26 41 -7 24 0 T M M 5.6 18 10 M M 4 24 20
================================================================================
SM 1585 919 691 0 4.46 M 172.1 M 175
================================================================================
AV 52.8 30.6 5.7 FASTST M M 6 MAX(MPH)
MISC ----> 28 170 40 220
================================================================================
NOTES:
# LAST OF SEVERAL OCCURRENCES
COLUMN 17 PEAK WIND IN M.P.H.
PRELIMINARY LOCAL CLIMATOLOGICAL DATA (WS FORM: F-6) , PAGE 2
STATION: MORRISVILLE VT
MONTH: APRIL
YEAR: 2022
LATITUDE: 44 31 N
LONGITUDE: 72 37 W
[TEMPERATURE DATA] [PRECIPITATION DATA] SYMBOLS USED IN COLUMN 16
AVERAGE MONTHLY: 41.7 TOTAL FOR MONTH: 4.46 1 = FOG OR MIST
DPTR FM NORMAL: 0.9 DPTR FM NORMAL: 1.66 2 = FOG REDUCING VISIBILITY
HIGHEST: 68 ON 25 GRTST 24HR 1.30 ON 7- 8 TO 1/4 MILE OR LESS
LOWEST: 24 ON 21,18 3 = THUNDER
SNOW, ICE PELLETS, HAIL 4 = ICE PELLETS
TOTAL MONTH: M 5 = HAIL
GRTST 24HR M ON M 6 = FREEZING RAIN OR DRIZZLE
GRTST DEPTH: M ON M 7 = DUSTSTORM OR SANDSTORM:
VSBY 1/2 MILE OR LESS
8 = SMOKE OR HAZE
[NO. OF DAYS WITH] [WEATHER - DAYS WITH] 9 = BLOWING SNOW
X = TORNADO
MAX 32 OR BELOW: 0 0.01 INCH OR MORE: 20
MAX 90 OR ABOVE: 0 0.10 INCH OR MORE: 12
MIN 32 OR BELOW: 21 0.50 INCH OR MORE: 2
MIN 0 OR BELOW: 0 1.00 INCH OR MORE: 1
[HDD (BASE 65) ]
TOTAL THIS MO. 691 CLEAR (SCALE 0-3) 6
DPTR FM NORMAL -37 PTCLDY (SCALE 4-7) 14
TOTAL FM JUL 1 7360 CLOUDY (SCALE 8-10) 10
DPTR FM NORMAL -554
[CDD (BASE 65) ]
TOTAL THIS MO. 0
DPTR FM NORMAL -1 [PRESSURE DATA]
TOTAL FM JAN 1 0 HIGHEST SLP M ON M
DPTR FM NORMAL -1 LOWEST SLP 29.43 ON 1
[REMARKS]
#FINAL-04-22#