138
CDUS41 KBUF 220705
CLIROC


CLIMATE REPORT
NATIONAL WEATHER SERVICE BUFFALO NY
305 AM EDT TUE MAY 22 2018


...................................

...THE ROCHESTER NY CLIMATE SUMMARY FOR MAY 21 2018...

CLIMATE NORMAL PERIOD 1981 TO 2010
CLIMATE RECORD PERIOD 1871 TO 2018


WEATHER ITEM   OBSERVED TIME   RECORD YEAR NORMAL DEPARTURE LAST
                VALUE   (LST)  VALUE       VALUE  FROM      YEAR
                                                  NORMAL
..................................................................
TEMPERATURE (F)
 YESTERDAY
  MAXIMUM         76    330 PM  92    1977  69      7       73
  MINIMUM         46    512 AM  31    1895  48     -2       54
  AVERAGE         61                        58      3       64

PRECIPITATION (IN)
  YESTERDAY        T             1.92 1883   0.10  -0.10     0.13
  MONTH TO DATE    1.14                      1.92  -0.78     3.50
  SINCE MAR 1      7.66                      7.15   0.51    13.11
  SINCE JAN 1     12.92                     11.51   1.41    18.19

SNOWFALL (IN)
  YESTERDAY       MM             T    2006   0.0   MM        0.0
  MONTH TO DATE    0.0                       0.4   -0.4      0.0
  SINCE MAR 1     34.6                      20.6   14.0     35.5
  SINCE JUL 1    120.5                      99.5   21.0    107.1
  SNOW DEPTH       0

DEGREE DAYS
 HEATING
  YESTERDAY        4                         7     -3        1
  MONTH TO DATE   89                       214   -125      243
  SINCE MAR 1   1818                      1731     87     1642
  SINCE JUL 1   6215                      6517   -302     5510

 COOLING
  YESTERDAY        0                         1     -1        0
  MONTH TO DATE   16                        12      4       16
  SINCE MAR 1     16                        16      0       30
  SINCE JAN 1     16                        16      0       30
..................................................................


WIND (MPH)
  HIGHEST WIND SPEED    12   HIGHEST WIND DIRECTION    NE (40)
  HIGHEST GUST SPEED    15   HIGHEST GUST DIRECTION    NE (40)
  AVERAGE WIND SPEED     4.2


SKY COVER
  AVERAGE SKY COVER 0.5


WEATHER CONDITIONS
 THE FOLLOWING WEATHER WAS RECORDED YESTERDAY.
  HAZE


RELATIVE HUMIDITY (PERCENT)
 HIGHEST   100           500 AM
 LOWEST     31           200 PM
 AVERAGE    66

..........................................................


THE ROCHESTER NY CLIMATE NORMALS FOR TODAY
                         NORMAL    RECORD    YEAR
 MAXIMUM TEMPERATURE (F)   70        92      1911
 MINIMUM TEMPERATURE (F)   48        34      1990
                                             1895


SUNRISE AND SUNSET
MAY 22 2018...........SUNRISE   541 AM EDT   SUNSET   835 PM EDT
MAY 23 2018...........SUNRISE   540 AM EDT   SUNSET   836 PM EDT


-  INDICATES NEGATIVE NUMBERS.
R  INDICATES RECORD WAS SET OR TIED.
MM INDICATES DATA IS MISSING.
T  INDICATES TRACE AMOUNT.




$$
